-- Dumping data for table `dvb_serviceListEntryPoints`
--

INSERT INTO `dvb_serviceListEntryPoints` (`id`, `name`, `provider`, `uri`, `maxAge`, `language`, `targetCountry`, `addressName`, `address1`, `address2`, `address3`, `telephone`, `email`, `contactURL`, `order`, `__groupID`, `__ownerID`) VALUES (7,'DTGT Service Discovery','181','https://dvbir6.dtgtesting.com/dvb-i/api-testMaterial/serviceListRegistry/dtgt_service_discovery','','eng',NULL,'','','','','','','',7,NULL,NULL),(8,'DTG Testing 2','180','','',NULL,NULL,'','','','','','','',8,NULL,NULL),(9,'DTGT test material ','282','https://dvbir6.dtgtesting.com/dvb-i/api-testMaterial/serviceListRegistry/dtgt_test_material','',NULL,NULL,'','','','','','','',9,NULL,NULL),(13,'DTG Delivery Parameters tests','285','','',NULL,NULL,'','','','','','','',10,NULL,NULL),(14,'DTGT cached test material','282','','',NULL,NULL,'','','','','','','',11,NULL,NULL);




--
-- Dumping data for table `dvb_serviceListNames`
--

INSERT INTO `dvb_serviceListNames` (`id`, `language`, `name`, `alternativeTextForServiceLogo`, `serviceListID`, `order`, `__groupID`, `__ownerID`) VALUES (1,'en','TV services from the world in English','',4,1,NULL,NULL),(2,'de','Fernsehen aus ter Welt in Englisch','',4,2,NULL,NULL),(3,'fr','Télévision du monde en anglais','',4,3,NULL,NULL),(4,'it','TV del mondo in inglese','',4,4,NULL,NULL),(5,'cy','Freeview Cymru','',296,1,NULL,NULL),(6,'fa','صدا و سيمای جمهوری اسلامی ايران','',331,1,NULL,NULL),(7,'cy','Freeview Cymru','',295,1,NULL,NULL),(8,'es','Freeview UK','',295,2,NULL,NULL),(9,'es','Freeview Australiano','',298,1,NULL,NULL),(10,'fr','Livraison des canals','',362,1,NULL,NULL),(11,'cy','Cyflwyno sianeli teledu','',362,2,NULL,NULL),(12,'zh','中国中央电视台','',367,1,NULL,NULL);




--
-- Dumping data for table `dvb_serviceListServices`
--

INSERT INTO `dvb_serviceListServices` (`id`, `version`, `serviceID`, `uniqueID`, `cgSID`, `serviceListID`, `serviceInstances`, `xmlCache`, `status`, `order`, `__groupID`, `__ownerID`) VALUES (2773,0,1735,'tag:dtgTesting.com,2021:DTGT_Service_1','',347,'[{\"id\":2655,\"instanceName\":\"DTGT Service 1 - DTT\",\"serviceID\":1735,\"sourceType\":\"DVB-T\",\"targetCountry\":\"GBR\",\"origNetID\":\"9018\",\"orbitalPosition\":\"\",\"transponderID\":0,\"priority\":2,\"polarization\":\"\",\"minimumBitRate\":0,\"displayName\":\"DTGT DTT S1 Ch1\",\"tsID\":\"1\",\"sID\":\"1\",\"logo\":3180,\"ftaContentManagement\":\"doNotApplyRevocation\",\"ftaContentManagementCRAoI\":1,\"order\":224},{\"id\":2656,\"instanceName\":\"DTGT Service 1 - DSat\",\"serviceID\":1735,\"sourceType\":\"DVB-S\",\"targetCountry\":\"GBR\",\"origNetID\":\"\",\"orbitalPosition\":\"28.2\",\"transponderID\":1083,\"priority\":2,\"polarization\":\"0\",\"minimumBitRate\":0,\"displayName\":\"DTGT DSat S1 Ch1\",\"tsID\":\"\",\"sID\":\"1\",\"logo\":3180,\"ftaContentManagement\":\"\",\"ftaContentManagementCRAoI\":0,\"order\":225},{\"id\":2657,\"instanceName\":\"DTGT Service 1 - DASH\",\"serviceID\":1735,\"sourceType\":\"DVB-DASH\",\"targetCountry\":\"GBR\",\"origNetID\":\"2\",\"orbitalPosition\":\"28.2\",\"transponderID\":0,\"priority\":2,\"polarization\":\"\",\"minimumBitRate\":0,\"displayName\":\"DTGT Service 1 DASH\",\"tsID\":\"1\",\"sID\":\"1\",\"logo\":3180,\"ftaContentManagement\":\"\",\"ftaContentManagementCRAoI\":0,\"order\":226},{\"id\":2658,\"instanceName\":\"DTGT Service 1 - HLS\",\"serviceID\":1735,\"sourceType\":\"Identifier based delivery parameters\",\"targetCountry\":\"0\",\"origNetID\":\"\",\"orbitalPosition\":\"0\",\"transponderID\":0,\"priority\":2,\"polarization\":\"\",\"minimumBitRate\":0,\"displayName\":\"DTGT Service 1 HLS\",\"tsID\":\"\",\"sID\":\"\",\"logo\":3180,\"ftaContentManagement\":\"\",\"ftaContentManagementCRAoI\":0,\"order\":448}]','','',1,NULL,NULL),(2774,0,1736,'tag:dtgTesting.com,2021:DTGT_Service_2','',347,'','','',2,NULL,NULL),(2775,0,1737,'tag:dtgTesting.com,2021:DTGT_Service_3','',347,'','','',3,NULL,NULL),(2776,0,1738,'tag:dtgTesting.com,2021:DTGT_Service_4','',347,'','','',4,NULL,NULL),(2777,0,1735,'tag:dtgTesting.com,2021:DTGT_Service_1','',362,'[{\"id\":2655,\"instanceName\":\"DTGT Service 1 - DTT\",\"serviceID\":1735,\"sourceType\":\"DVB-T\",\"targetCountry\":\"GBR\",\"origNetID\":\"9018\",\"orbitalPosition\":\"\",\"transponderID\":0,\"priority\":2,\"polarization\":\"\",\"minimumBitRate\":0,\"displayName\":\"DTGT DTT S1 Ch1\",\"tsID\":\"1\",\"sID\":\"1\",\"logo\":3180,\"ftaContentManagement\":\"doNotApplyRevocation\",\"ftaContentManagementCRAoI\":1,\"order\":224},{\"id\":2656,\"instanceName\":\"DTGT Service 1 - DSat\",\"serviceID\":1735,\"sourceType\":\"DVB-S\",\"targetCountry\":\"GBR\",\"origNetID\":\"\",\"orbitalPosition\":\"28.2\",\"transponderID\":1083,\"priority\":2,\"polarization\":\"0\",\"minimumBitRate\":0,\"displayName\":\"DTGT DSat S1 Ch1\",\"tsID\":\"\",\"sID\":\"1\",\"logo\":3180,\"ftaContentManagement\":\"\",\"ftaContentManagementCRAoI\":0,\"order\":225},{\"id\":2657,\"instanceName\":\"DTGT Service 1 - DASH\",\"serviceID\":1735,\"sourceType\":\"DVB-DASH\",\"targetCountry\":\"GBR\",\"origNetID\":\"2\",\"orbitalPosition\":\"28.2\",\"transponderID\":0,\"priority\":2,\"polarization\":\"\",\"minimumBitRate\":0,\"displayName\":\"DTGT Service 1 DASH\",\"tsID\":\"1\",\"sID\":\"1\",\"logo\":3180,\"ftaContentManagement\":\"\",\"ftaContentManagementCRAoI\":0,\"order\":226},{\"id\":2658,\"instanceName\":\"DTGT Service 1 - HLS\",\"serviceID\":1735,\"sourceType\":\"Identifier based delivery parameters\",\"targetCountry\":\"0\",\"origNetID\":\"\",\"orbitalPosition\":\"0\",\"transponderID\":0,\"priority\":2,\"polarization\":\"\",\"minimumBitRate\":0,\"displayName\":\"DTGT Service 1 HLS\",\"tsID\":\"\",\"sID\":\"\",\"logo\":3180,\"ftaContentManagement\":\"\",\"ftaContentManagementCRAoI\":0,\"order\":293}]','','',1,NULL,NULL),(2778,0,1736,'tag:dtgTesting.com,2021:DTGT_Service_2','',362,'[{\"id\":2652,\"instanceName\":\"DTGT Service 2 - DSat\",\"serviceID\":1736,\"sourceType\":\"DVB-S\",\"targetCountry\":\"GBR\",\"origNetID\":\"2\",\"orbitalPosition\":\"28.2\",\"priority\":2,\"polarization\":\"horizontal\",\"minimumBitRate\":0,\"displayName\":\"DTGT DSat S1 Ch2\",\"tsID\":\"1\",\"sID\":\"2\",\"logo\":2935,\"ftaContentManagement\":\"doNotScramble,doNotApplyRevocation\",\"ftaContentManagementCRAoI\":2,\"order\":1},{\"id\":2653,\"instanceName\":\"DTGT Service 2 - DASH\",\"serviceID\":1736,\"sourceType\":\"DVB-DASH\",\"targetCountry\":\"GBR\",\"origNetID\":\"2\",\"orbitalPosition\":\"28.2\",\"priority\":2,\"polarization\":\"\",\"minimumBitRate\":0,\"displayName\":\"DTGT DASH Ch2\",\"tsID\":\"1\",\"sID\":\"1\",\"logo\":2935,\"ftaContentManagement\":\"\",\"ftaContentManagementCRAoI\":0,\"order\":221},{\"id\":2654,\"instanceName\":\"DTGT Service 2 - HLS\",\"serviceID\":1736,\"sourceType\":\"Other delivery parameters\",\"targetCountry\":\"GBR\",\"origNetID\":\"\",\"orbitalPosition\":\"0\",\"priority\":2,\"polarization\":\"\",\"minimumBitRate\":0,\"displayName\":\"DTGT HLS Ch2\",\"tsID\":\"\",\"sID\":\"\",\"logo\":2935,\"ftaContentManagement\":\"\",\"ftaContentManagementCRAoI\":0,\"order\":222},{\"id\":2651,\"instanceName\":\"DTGT Service 2 - DTT\",\"serviceID\":1736,\"sourceType\":\"DVB-T\",\"targetCountry\":\"GBR\",\"origNetID\":\"9018\",\"orbitalPosition\":\"\",\"priority\":1,\"polarization\":\"\",\"minimumBitRate\":0,\"displayName\":\"DTGT DTT S1 Ch2\",\"tsID\":\"1\",\"sID\":\"2\",\"logo\":2935,\"ftaContentManagement\":\"\",\"ftaContentManagementCRAoI\":0,\"order\":223}]','','',2,NULL,NULL),(2779,0,1737,'tag:dtgTesting.com,2021:DTGT_Service_3','',362,'[{\"id\":2661,\"instanceName\":\"DTGT Service 3 - DASH\",\"serviceID\":1737,\"sourceType\":\"DVB-DASH\",\"targetCountry\":\"GBR\",\"origNetID\":\"2\",\"orbitalPosition\":\"28.2\",\"priority\":1,\"polarization\":\"\",\"minimumBitRate\":0,\"displayName\":\"DTGT DASH Ch3\",\"tsID\":\"1\",\"sID\":\"1\",\"logo\":2935,\"ftaContentManagement\":\"\",\"ftaContentManagementCRAoI\":0,\"order\":228},{\"id\":2662,\"instanceName\":\"DTGT Service 3 - HLS\",\"serviceID\":1737,\"sourceType\":\"Other delivery parameters\",\"targetCountry\":\"GBR\",\"origNetID\":\"\",\"orbitalPosition\":\"0\",\"priority\":2,\"polarization\":\"\",\"minimumBitRate\":0,\"displayName\":\"DTGT HLS Ch3\",\"tsID\":\"\",\"sID\":\"\",\"logo\":2935,\"ftaContentManagement\":\"\",\"ftaContentManagementCRAoI\":0,\"order\":229},{\"id\":2659,\"instanceName\":\"DTGT Service 3 - DTT\",\"serviceID\":1737,\"sourceType\":\"DVB-T\",\"targetCountry\":\"GBR\",\"origNetID\":\"9018\",\"orbitalPosition\":\"\",\"priority\":1,\"polarization\":\"\",\"minimumBitRate\":0,\"displayName\":\"DTGT DTT S1 Ch3\",\"tsID\":\"1\",\"sID\":\"3\",\"logo\":2935,\"ftaContentManagement\":\"\",\"ftaContentManagementCRAoI\":0,\"order\":230},{\"id\":2660,\"instanceName\":\"DTGT Service 3 - DSat\",\"serviceID\":1737,\"sourceType\":\"DVB-S\",\"targetCountry\":\"GBR\",\"origNetID\":\"2\",\"orbitalPosition\":\"28.2\",\"priority\":2,\"polarization\":\"horizontal\",\"minimumBitRate\":0,\"displayName\":\"DTGT DSat S1 Ch3\",\"tsID\":\"1\",\"sID\":\"3\",\"logo\":2935,\"ftaContentManagement\":\"\",\"ftaContentManagementCRAoI\":0,\"order\":231}]','','',3,NULL,NULL),(2780,0,1738,'tag:dtgTesting.com,2021:DTGT_Service_4','',362,'[{\"id\":2666,\"instanceName\":\"DTGT Service 4 - HLS\",\"serviceID\":1738,\"sourceType\":\"Other delivery parameters\",\"targetCountry\":\"GBR\",\"origNetID\":\"\",\"orbitalPosition\":\"0\",\"priority\":2,\"polarization\":\"\",\"minimumBitRate\":0,\"displayName\":\"DTGT HLS Ch4\",\"tsID\":\"\",\"sID\":\"\",\"logo\":3180,\"ftaContentManagement\":\"userDefined,doNotScramble\",\"ftaContentManagementCRAoI\":0,\"order\":232},{\"id\":2663,\"instanceName\":\"DTGT Service 4 - DTT\",\"serviceID\":1738,\"sourceType\":\"DVB-T\",\"targetCountry\":\"GBR\",\"origNetID\":\"9018\",\"orbitalPosition\":\"\",\"priority\":0,\"polarization\":\"\",\"minimumBitRate\":0,\"displayName\":\"DTGT DTT S1 Ch4\",\"tsID\":\"1\",\"sID\":\"4\",\"logo\":3180,\"ftaContentManagement\":\"\",\"ftaContentManagementCRAoI\":0,\"order\":233},{\"id\":2664,\"instanceName\":\"DTGT Service 4 - DSat\",\"serviceID\":1738,\"sourceType\":\"DVB-S\",\"targetCountry\":\"GBR\",\"origNetID\":\"2\",\"orbitalPosition\":\"28.2\",\"priority\":2,\"polarization\":\"horizontal\",\"minimumBitRate\":0,\"displayName\":\"DTGT DSat S1 Ch4\",\"tsID\":\"1\",\"sID\":\"4\",\"logo\":3180,\"ftaContentManagement\":\"\",\"ftaContentManagementCRAoI\":0,\"order\":234},{\"id\":2665,\"instanceName\":\"DTGT Service 4 - DASH\",\"serviceID\":1738,\"sourceType\":\"DVB-DASH\",\"targetCountry\":\"GBR\",\"origNetID\":\"2\",\"orbitalPosition\":\"28.2\",\"priority\":2,\"polarization\":\"\",\"minimumBitRate\":1000000,\"displayName\":\"DTGT DASH Ch4\",\"tsID\":\"1\",\"sID\":\"4\",\"logo\":3180,\"ftaContentManagement\":\"\",\"ftaContentManagementCRAoI\":0,\"order\":235}]','','',4,NULL,NULL),(2781,0,1740,'tag:dtgTesting.com,2021:DTGT_Service_5','',362,'[{\"id\":2673,\"instanceName\":\"DTGT Service 5 - DASH\",\"serviceID\":1740,\"sourceType\":\"DVB-DASH\",\"targetCountry\":\"GBR\",\"origNetID\":\"\",\"orbitalPosition\":\"0\",\"priority\":2,\"polarization\":\"\",\"minimumBitRate\":0,\"displayName\":\"DTGT DASH Ch5\",\"tsID\":\"\",\"sID\":\"\",\"logo\":2935,\"ftaContentManagement\":\"\",\"ftaContentManagementCRAoI\":0,\"order\":238}]','','',5,NULL,NULL),(2782,0,1741,'tag:dtgTesting.com,2021:DTGT_Service_6','',362,'','','',6,NULL,NULL),(2783,0,1742,'tag:dtgTesting.com,2021:DTGT_Service_7','',362,'','','',7,NULL,NULL),(2784,0,1743,'tag:dtgTesting.com,2021:DTGT_Service_8_1_1','',362,'','','',8,NULL,NULL),(2785,0,1739,'tag:dtgTesting.com,2021:DTGT_app_testing_1','',361,'','','',1,NULL,NULL),(2786,0,1744,'tag:dtgTesting.com,2021:DTGT_app_testing_2','',361,'','','',2,NULL,NULL),(2787,0,1745,'tag:dtgTesting.com,2021:DTGT_Service_8_1_2','',362,'','','',9,NULL,NULL),(2788,0,1746,'tag:dtgTesting.com,2021:DTGT_Service_8_1_3','',362,'','','',10,NULL,NULL),(2789,0,1747,'tag:dtgTesting.com,2021:DTGT_Service_9','',362,'[{\"id\":2764,\"instanceName\":\"DTGT Service 9 30 minute availability\",\"serviceID\":1747,\"sourceType\":\"DVB-DASH\",\"targetCountry\":\"\",\"origNetID\":\"\",\"orbitalPosition\":\"\",\"priority\":0,\"polarization\":\"\",\"minimumBitRate\":0,\"displayName\":\"DTGT Service 9 30 minute availability\",\"tsID\":\"\",\"sID\":\"\",\"logo\":0,\"ftaContentManagement\":\"\",\"ftaContentManagementCRAoI\":0,\"order\":1},{\"id\":2737,\"instanceName\":\"DTGT Service 9 night time\",\"serviceID\":1747,\"sourceType\":\"DVB-DASH\",\"targetCountry\":\"\",\"origNetID\":\"\",\"orbitalPosition\":\"\",\"priority\":0,\"polarization\":\"\",\"minimumBitRate\":0,\"displayName\":\"DTGT Service 9 night time\",\"tsID\":\"\",\"sID\":\"\",\"logo\":0,\"ftaContentManagement\":\"\",\"ftaContentManagementCRAoI\":0,\"order\":2},{\"id\":2738,\"instanceName\":\"DTGT Service 9 Mon, Wed, Fri\",\"serviceID\":1747,\"sourceType\":\"DVB-DASH\",\"targetCountry\":\"\",\"origNetID\":\"\",\"orbitalPosition\":\"\",\"priority\":0,\"polarization\":\"\",\"minimumBitRate\":0,\"displayName\":\"DTGT Service 9 Mon, Wed, Fri\",\"tsID\":\"\",\"sID\":\"\",\"logo\":0,\"ftaContentManagement\":\"\",\"ftaContentManagementCRAoI\":0,\"order\":3},{\"id\":2739,\"instanceName\":\"DTGT Service 9 Tue,Thu\",\"serviceID\":1747,\"sourceType\":\"DVB-DASH\",\"targetCountry\":\"\",\"origNetID\":\"\",\"orbitalPosition\":\"\",\"priority\":0,\"polarization\":\"\",\"minimumBitRate\":0,\"displayName\":\"DTGT Service 9 Tue,Thu\",\"tsID\":\"\",\"sID\":\"\",\"logo\":0,\"ftaContentManagement\":\"\",\"ftaContentManagementCRAoI\":0,\"order\":310}]','','',12,NULL,NULL),(2790,0,1750,'tag:dtgTesting.com,2021:DTGT_Service_1_mergeTest','',363,'','','',1,NULL,NULL),(2791,0,1751,'tag:dtgTesting.com,2021:DTGT_Service_2_mergeTest','',363,'','','',2,NULL,NULL),(2792,0,1752,'tag:dtgTesting.com,2021:DTGT_Service_3_mergeTest','',363,'','','',3,NULL,NULL),(2793,0,1753,'tag:dtgTesting.com,2021:DTGT_Service_4_mergeTest','',363,'','','',4,NULL,NULL),(2794,0,1754,'tag:dtgTesting.com,2021:DTGT_app_testing_3','',361,'','','',3,NULL,NULL),(2795,0,1755,'tag:dtgTesting.com,2021:DTGT_app_testing_4','',361,'','','',4,NULL,NULL),(2796,0,1756,'tag:dtgTesting.com,2021:DTGT_app_testing_5','',361,'','','',5,NULL,NULL),(2797,0,1757,'tag:dtgTesting.com,2021:DTGT_app_testing_6','',361,'','','',6,NULL,NULL),(2798,0,1758,'tag:dtgTesting.com,2021:DTGT_app_testing_7','',361,'','','',7,NULL,NULL),(2799,0,1759,'tag:dtgTesting.com,2021:DTGT_app_testing_8','',361,'','','',8,NULL,NULL),(2800,0,1760,'tag:dtgTesting.com,2021:DTGT_Service_10','',362,'','','',13,NULL,NULL),(2805,0,1738,'tag:dtgTesting.com,2021:DTGT_Service_4','',366,'','','',8,NULL,NULL),(2806,0,1737,'tag:dtgTesting.com,2021:DTGT_Service_3','',366,'','','',7,NULL,NULL),(2807,0,1736,'tag:dtgTesting.com,2021:DTGT_Service_2','',366,'','','',6,NULL,NULL),(2808,0,1735,'tag:dtgTesting.com,2021:DTGT_Service_1','',366,'','','',5,NULL,NULL),(2809,0,1761,'tag:dtgTesting.com,2021:DTGT_Service_51','',362,'','','',14,NULL,NULL),(2810,0,1762,'tag:dtgTesting.com,2021:DTGT_Service_52','',362,'','','',15,NULL,NULL),(2811,0,1763,'tag:dtgTesting.com,2021:DTGT_Service_53','',362,'','','',16,NULL,NULL),(2812,0,1764,'tag:dtgTesting.com,2021:DTGT_Service_54','',362,'','','',17,NULL,NULL),(2813,0,1765,'tag:dtgTesting.com,2021:DTGT_Service_61','',362,'','','',18,NULL,NULL),(2814,0,1766,'tag:dtgTesting.com,2021:DTGT_Service_62','',362,'','','',19,NULL,NULL),(2823,0,1777,'tag:dtgTesting.com,2021:DTGT_Service_8_1_4','',362,'','','',11,NULL,NULL),(2824,0,1768,'tag:dtgTesting.com,2021:DTGT_Service_63','',362,'','','',20,NULL,NULL),(2825,0,1780,'tag:dtgTesting.com,2021:DTGT_CG_S_http_test_301','',384,'','','',1,NULL,NULL),(2826,0,1781,'tag:dtgTesting.com,2021:DTGT_CG_S_http_test_302','',384,'','','',2,NULL,NULL),(2827,0,1782,'tag:dtgTesting.com,2021:DTGT_CG_S_http_test_400','',384,'','','',3,NULL,NULL),(2828,0,1783,'tag:dtgTesting.com,2021:DTGT_CG_S_http_test_401','',384,'','','',4,NULL,NULL),(2829,0,1784,'tag:dtgTesting.com,2021:DTGT_CG_S_http_test_403','',384,'','','',5,NULL,NULL),(2830,0,1785,'tag:dtgTesting.com,2021:DTGT_CG_S_http_test_404','',384,'','','',6,NULL,NULL),(2831,0,1786,'tag:dtgTesting.com,2021:DTGT_CG_S_http_test_406','',384,'','','',7,NULL,NULL),(2832,0,1787,'tag:dtgTesting.com,2021:DTGT_CG_S_http_test_500','',384,'','','',8,NULL,NULL),(2833,0,1788,'tag:dtgTesting.com,2021:DTGT_CG_S_http_test_502','',384,'','','',9,NULL,NULL),(2834,0,1789,'tag:dtgTesting.com,2021:DTGT_CG_S_http_test_504','',384,'','','',10,NULL,NULL),(2835,0,1790,'tag:dtgTesting.com,2021:DTGT_CG_other_http_test_30','',384,'','','',11,NULL,NULL),(2836,0,1791,'tag:dtgTesting.com,2021:DTGT_CG_other_http_test_30','',384,'','','',12,NULL,NULL),(2837,0,1792,'tag:dtgTesting.com,2021:DTGT_CG_other_http_test_40','',384,'','','',13,NULL,NULL),(2838,0,1793,'tag:dtgTesting.com,2021:DTGT_CG_other_http_test_40','',384,'','','',14,NULL,NULL),(2839,0,1794,'tag:dtgTesting.com,2021:DTGT_CG_other_http_test_40','',384,'','','',15,NULL,NULL),(2840,0,1795,'tag:dtgTesting.com,2021:DTGT_CG_other_http_test_40','',384,'','','',16,NULL,NULL),(2841,0,1796,'tag:dtgTesting.com,2021:DTGT_CG_other_http_test_40','',384,'','','',17,NULL,NULL),(2842,0,1797,'tag:dtgTesting.com,2021:DTGT_CG_other_http_test_50','',384,'','','',18,NULL,NULL),(2843,0,1798,'tag:dtgTesting.com,2021:DTGT_CG_other_http_test_50','',384,'','','',19,NULL,NULL),(2844,0,1799,'tag:dtgTesting.com,2021:DTGT_CG_other_http_test_50','',384,'','','',20,NULL,NULL),(2845,0,1800,'tag:dtgTesting.com,2021:DTGT_ait_http_test_301','',384,'','','',21,NULL,NULL),(2846,0,1801,'tag:dtgTesting.com,2021:DTGT_ait_http_test_302','',384,'','','',22,NULL,NULL),(2847,0,1802,'tag:dtgTesting.com,2021:DTGT_ait_http_test_400','',384,'','','',23,NULL,NULL),(2848,0,1803,'tag:dtgTesting.com,2021:DTGT_ait_http_test_401','',384,'','','',24,NULL,NULL),(2849,0,1804,'tag:dtgTesting.com,2021:DTGT_ait_http_test_403','',384,'','','',25,NULL,NULL),(2850,0,1805,'tag:dtgTesting.com,2021:DTGT_ait_http_test_404','',384,'','','',26,NULL,NULL),(2851,0,1806,'tag:dtgTesting.com,2021:DTGT_ait_http_test_406','',384,'','','',27,NULL,NULL),(2852,0,1807,'tag:dtgTesting.com,2021:DTGT_ait_http_test_500','',384,'','','',28,NULL,NULL),(2853,0,1808,'tag:dtgTesting.com,2021:DTGT_ait_http_test_502','',384,'','','',29,NULL,NULL),(2854,0,1809,'tag:dtgTesting.com,2021:DTGT_ait_http_test_504','',384,'','','',30,NULL,NULL),(2855,0,1810,'tag:dtgTesting.com,2021:DTGT_image_http_test_301','',384,'','','',31,NULL,NULL),(2856,0,1811,'tag:dtgTesting.com,2021:DTGT_image_http_test_302','',384,'','','',32,NULL,NULL),(2857,0,1812,'tag:dtgTesting.com,2021:DTGT_image_http_test_400','',384,'','','',33,NULL,NULL),(2858,0,1813,'tag:dtgTesting.com,2021:DTGT_image_http_test_401','',384,'','','',34,NULL,NULL),(2859,0,1814,'tag:dtgTesting.com,2021:DTGT_image_http_test_403','',384,'','','',35,NULL,NULL),(2860,0,1815,'tag:dtgTesting.com,2021:DTGT_image_http_test_404','',384,'','','',36,NULL,NULL),(2861,0,1816,'tag:dtgTesting.com,2021:DTGT_image_http_test_406','',384,'','','',37,NULL,NULL),(2862,0,1817,'tag:dtgTesting.com,2021:DTGT_image_http_test_500','',384,'','','',38,NULL,NULL),(2863,0,1818,'tag:dtgTesting.com,2021:DTGT_image_http_test_502','',384,'','','',39,NULL,NULL),(2864,0,1819,'tag:dtgTesting.com,2021:DTGT_image_http_test_504','',384,'','','',40,NULL,NULL),(2865,0,1820,'tag:dtgTesting.com,2021:DTGT_Service_AC-4','',362,'','','',21,NULL,NULL),(3807,0,2225,'','',362,'','','',22,NULL,NULL),(3808,0,2229,'','',362,'','','',23,NULL,NULL),(3809,0,2226,'','',362,'','','',24,NULL,NULL),(3811,0,2227,'','',362,'','','',25,NULL,NULL),(3812,0,2228,'','',362,'','','',26,NULL,NULL),(3813,0,2230,'','',363,'','','',5,NULL,NULL),(3814,0,2231,'','',363,'','','',6,NULL,NULL),(3815,0,2232,'','',363,'','','',7,NULL,NULL),(3816,0,2233,'','',363,'','','',8,NULL,NULL),(3817,0,2234,'','',363,'','','',9,NULL,NULL),(3818,0,2235,'','',363,'[{\"id\":4007,\"instanceName\":\"DTGT Merge 12 - DTT\",\"serviceID\":2235,\"sourceType\":\"DVB-T\",\"targetCountry\":\"GBR\",\"origNetID\":\"9018\",\"orbitalPosition\":\"\",\"priority\":0,\"polarization\":\"\",\"minimumBitRate\":0,\"displayName\":\"DTGT Merge 12 - DTT\",\"tsID\":\"1\",\"sID\":\"12\",\"logo\":2935,\"ftaContentManagement\":\"\",\"ftaContentManagementCRAoI\":0,\"order\":384},{\"id\":4008,\"instanceName\":\"DTGT Merge 12 - DSat\",\"serviceID\":2235,\"sourceType\":\"DVB-S\",\"targetCountry\":\"GBR\",\"origNetID\":\"2\",\"orbitalPosition\":\"28.2\",\"priority\":2,\"polarization\":\"0\",\"minimumBitRate\":0,\"displayName\":\"DTGT Merge 12 - DSat\",\"tsID\":\"1\",\"sID\":\"12\",\"logo\":2935,\"ftaContentManagement\":\"\",\"ftaContentManagementCRAoI\":0,\"order\":385}]','','',10,NULL,NULL),(3819,0,2236,'','',363,'[{\"id\":4009,\"instanceName\":\"DTGT Service 13 - DTT\",\"serviceID\":2236,\"sourceType\":\"DVB-T\",\"targetCountry\":\"GBR\",\"origNetID\":\"9018\",\"orbitalPosition\":\"\",\"priority\":0,\"polarization\":\"\",\"minimumBitRate\":0,\"displayName\":\"DTGT Service 13 - DTT\",\"tsID\":\"1\",\"sID\":\"13\",\"logo\":2935,\"ftaContentManagement\":\"\",\"ftaContentManagementCRAoI\":0,\"order\":386},{\"id\":4010,\"instanceName\":\"DTGT Merge 13 - DSat\",\"serviceID\":2236,\"sourceType\":\"DVB-S\",\"targetCountry\":\"GBR\",\"origNetID\":\"2\",\"orbitalPosition\":\"28.2\",\"priority\":2,\"polarization\":\"0\",\"minimumBitRate\":0,\"displayName\":\"DTGT Merge 13 - DSat\",\"tsID\":\"1\",\"sID\":\"13\",\"logo\":2935,\"ftaContentManagement\":\"\",\"ftaContentManagementCRAoI\":0,\"order\":387}]','','',11,NULL,NULL),(3820,0,2237,'','',363,'','','',12,NULL,NULL),(3821,0,2238,'','',363,'','','',13,NULL,NULL),(3822,0,2239,'','',363,'','','',14,NULL,NULL),(3823,0,2240,'','',363,'','','',15,NULL,NULL),(3824,0,1736,'','',412,'','','',1,NULL,NULL),(3825,0,1738,'','',412,'','','',2,NULL,NULL),(3826,0,1735,'','',412,'','','',3,NULL,NULL),(3827,0,1737,'','',412,'','','',4,NULL,NULL),(3828,0,1739,'','',362,'','','',27,NULL,NULL),(3829,0,1744,'','',362,'','','',28,NULL,NULL),(3830,0,1754,'','',362,'','','',29,NULL,NULL),(3831,0,1755,'','',362,'','','',30,NULL,NULL),(3832,0,1756,'','',362,'','','',31,NULL,NULL),(3833,0,1757,'','',362,'','','',32,NULL,NULL),(3834,0,1758,'','',362,'','','',33,NULL,NULL),(3835,0,1759,'','',362,'','','',34,NULL,NULL),(3836,0,2241,'','',413,'','','',1,NULL,NULL),(3837,0,2242,'','',413,'','','',1,NULL,NULL),(3838,0,2243,'','',413,'','','',1,NULL,NULL),(3839,0,2244,'','',413,'','','',1,NULL,NULL),(3840,0,2245,'','',414,'','','',1,NULL,NULL),(3841,0,2246,'','',414,'','','',1,NULL,NULL),(3843,0,2247,'','',414,'','','',1,NULL,NULL),(3845,0,2248,'','',414,'','','',1,NULL,NULL),(3846,0,2249,'','',414,'','','',1,NULL,NULL),(3847,0,2250,'','',414,'','','',1,NULL,NULL),(3848,0,2251,'','',414,'','','',1,NULL,NULL),(3849,0,2252,'','',414,'','','',1,NULL,NULL),(3850,0,1735,'','',418,'','','',1,NULL,NULL),(3851,0,1736,'','',418,'','','',2,NULL,NULL),(3852,0,1737,'','',418,'','','',3,NULL,NULL),(3853,0,1738,'','',418,'','','',4,NULL,NULL),(3854,0,1748,'','',362,'','','',35,NULL,NULL),(3855,0,1749,'','',362,'','','',36,NULL,NULL),(3856,0,1735,'','',419,'','','',1,NULL,NULL),(3857,0,1736,'','',419,'','','',2,NULL,NULL),(3858,0,1737,'','',419,'','','',3,NULL,NULL),(3859,0,1738,'','',419,'','','',4,NULL,NULL),(3860,0,2253,'','',421,'','','',1,NULL,NULL),(3861,0,2254,'','',421,'','','',2,NULL,NULL),(3862,0,2255,'','',421,'','','',3,NULL,NULL),(3863,0,2256,'','',421,'','','',4,NULL,NULL),(3864,0,2257,'','',362,'','','',37,NULL,NULL),(3865,0,2258,'','',362,'','','',38,NULL,NULL),(3866,0,2259,'','',362,'','','',39,NULL,NULL),(3867,0,2261,'','',422,'','','',1,NULL,NULL),(3868,0,2260,'','',422,'','','',2,NULL,NULL),(3869,0,2263,'','',422,'','','',3,NULL,NULL),(3870,0,2262,'','',422,'','','',4,NULL,NULL),(3871,0,2264,'','',415,'','','',1,NULL,NULL),(3872,0,2265,'','',415,'','','',2,NULL,NULL),(3873,0,2266,'','',415,'','','',3,NULL,NULL),(3874,0,2268,'','',415,'','','',5,NULL,NULL),(3875,0,2269,'','',415,'','','',6,NULL,NULL),(3876,0,2270,'','',415,'','','',7,NULL,NULL),(3877,0,2271,'','',415,'','','',8,NULL,NULL),(3878,0,2272,'','',415,'','','',9,NULL,NULL),(3879,0,2273,'','',415,'','','',10,NULL,NULL),(3880,0,2274,'','',415,'','','',11,NULL,NULL),(3881,0,2275,'','',415,'','','',12,NULL,NULL),(3882,0,2276,'','',415,'','','',13,NULL,NULL),(3883,0,2277,'','',415,'','','',14,NULL,NULL),(3884,0,2278,'','',415,'','','',15,NULL,NULL),(3885,0,2279,'','',415,'','','',16,NULL,NULL),(3886,0,2280,'','',415,'','','',17,NULL,NULL),(3887,0,2281,'','',415,'','','',18,NULL,NULL),(3888,0,2282,'','',415,'','','',19,NULL,NULL),(3889,0,2283,'','',415,'','','',20,NULL,NULL),(3890,0,2284,'','',415,'','','',21,NULL,NULL),(3891,0,2285,'','',415,'','','',22,NULL,NULL),(3892,0,2286,'','',415,'','','',23,NULL,NULL),(3893,0,2287,'','',415,'','','',24,NULL,NULL),(3894,0,2267,'','',415,'','','',4,NULL,NULL),(3895,0,2288,'','',362,'','','',1,NULL,NULL),(3897,0,2289,'','',362,'','','',1,NULL,NULL),(3898,0,2290,'','',362,'','','',1,NULL,NULL),(3899,0,2291,'','',362,'','','',1,NULL,NULL),(3900,0,2292,'','',362,'','','',1,NULL,NULL),(3901,0,2293,'','',362,'','','',1,NULL,NULL),(3902,0,2294,'','',362,'','','',1,NULL,NULL),(3903,0,2295,'','',0,'','','',1,NULL,NULL),(3904,0,2296,'','',362,'','','',1,NULL,NULL),(3905,0,2297,'','',362,'','','',1,NULL,NULL),(3906,0,2298,'','',361,'','','',1,NULL,NULL),(3907,0,2299,'','',362,'','','',1,NULL,NULL),(3908,0,2299,'','',412,'','','',5,NULL,NULL),(3909,0,2300,'','',362,'','','',1,NULL,NULL),(3910,0,2301,'','',0,'','','',1,NULL,NULL),(3911,0,2301,'','',425,'','','',1,NULL,NULL),(3912,0,2302,'','',425,'','','',2,NULL,NULL),(3913,0,2303,'','',425,'','','',3,NULL,NULL),(3914,0,2304,'','',425,'','','',4,NULL,NULL);




--
-- Dumping data for table `dvb_serviceLists`
--

INSERT INTO `dvb_serviceLists` (`id`, `name`, `nameLanguage`, `alias`, `languageOptions`, `logo`, `version`, `provider`, `serviceListID`, `uri`, `uri2`, `uri3`, `maxAge`, `delivery`, `deliveryRequired`, `orbitalPositions`, `originalNetworkID`, `minimumBitrate`, `applicationTypes`, `languages`, `genres`, `subscriptionPackages`, `contendGuideSource`, `targetCountry`, `targetRegion`, `addressName`, `address1`, `address2`, `address3`, `telephone`, `email`, `contactURL`, `flags`, `order`, `__groupID`, `__ownerID`) VALUES (347,'DTG Testing 1Aα','en','','',3180,0,'180','tag:dtgtesting.com,2024:SL_DTG_Testing_1Aα','https://dvbir6.dtgtesting.com/dvb-i/api-testMaterial/serviceList/DTG_Testing_1Aα.php','','','','DASHDelivery,DVBTDelivery,DVBSDelivery,OtherDeliveryParameters','','28.2','2','','','cy,en,ga','1,2.1','','','GBR,IRL,DEU,AUS,ITA,NZL,FRA,ESP','','','','','','','','','',25,NULL,NULL),(348,'DTG Testing 1Aß',NULL,'','',3180,0,'180','tag:dtgtesting.com,2024:SL_DTG_Testing_1Aß','https://dvbir6.dtgtesting.com/dvb-i/api-testMaterial/serviceList/DTG_Testing_1Aß.php','','','','DASHDelivery,DVBTDelivery,DVBSDelivery','','28.2','2','','',NULL,'1.0','','','GBR,IRL,DEU,AUS,ITA,NZL,FRA,ESP','','','','','','','','','',26,NULL,NULL),(349,'DTG Testing 1Bα',NULL,'','',3180,0,'180','tag:dtgtesting.com,2024:SL_DTG_Testing_1Bα','https://dvbir6.dtgtesting.com/dvb-i/api-testMaterial/serviceList/DTG_Testing_1Bα.php','','','','DASHDelivery,DVBTDelivery,DVBSDelivery','','28.2','2','','',NULL,'2.0,2.1','','','GBR,IRL,DEU,AUS,ITA,NZL,FRA,ESP','','','','','','','','','',27,NULL,NULL),(350,'DTG Testing 1Bß',NULL,'','',3180,0,'180','tag:dtgtesting.com,2024:SL_DTG_Testing_1Bß','https://dvbir6.dtgtesting.com/dvb-i/api-testMaterial/serviceList/DTG_Testing_1Bß.php','','','','DASHDelivery,DVBTDelivery,DVBSDelivery','','28.2','2','','',NULL,'','','','GBR,IRL,DEU,AUS,ITA,NZL,FRA,ESP','','','','','','','','','',28,NULL,NULL),(351,'DTG Testing 2Aα',NULL,'','',3180,0,'180','tag:dtgtesting.com,2024:SL_DTG_Testing_2Aα','https://dvbir6.dtgtesting.com/dvb-i/api-testMaterial/serviceList/DTG_Testing_2Aα.php','','','','DASHDelivery,DVBTDelivery,DVBSDelivery','','28.2','2','','',NULL,'','','','GBR,IRL,DEU,AUS,ITA,NZL,FRA,ESP','','','','','','','','','',29,NULL,NULL),(352,'DTG Testing 2Aß',NULL,'','',3180,0,'180','tag:dtgtesting.com,2024:SL_DTG_Testing_2Aß','https://dvbir6.dtgtesting.com/dvb-i/api-testMaterial/serviceList/DTG_Testing_2Aß.php','','','','DASHDelivery,DVBTDelivery,DVBSDelivery','','28.2','2','','',NULL,'','','','GBR,IRL,DEU,AUS,ITA,NZL,FRA,ESP','','','','','','','','','',30,NULL,NULL),(353,'DTG Testing 2Bα',NULL,'','',3180,0,'180','tag:dtgtesting.com,2024:SL_DTG_Testing_2Bα','https://dvbir6.dtgtesting.com/dvb-i/api-testMaterial/serviceList/DTG_Testing_2Bα.php','','','','DASHDelivery,DVBTDelivery,DVBSDelivery','','28.2','2','','',NULL,'','','','GBR,IRL,DEU,AUS,ITA,NZL,FRA,ESP','','','','','','','','','',31,NULL,NULL),(354,'DTG Testing 2Bß',NULL,'','',3180,0,'180','tag:dtgtesting.com,2024:SL_DTG_Testing_2Bß','https://dvbir6.dtgtesting.com/dvb-i/api-testMaterial/serviceList/DTG_Testing_2Bß.php','','','','DASHDelivery,DVBTDelivery,DVBSDelivery','','28.2','2','','',NULL,'','','','GBR,IRL,DEU,AUS,ITA,NZL,FRA,ESP','','','','','','','','','',32,NULL,NULL),(357,'DTG Testing 1Aγ',NULL,'','',3180,0,'180','tag:dtgtesting.com,2024:SL_DTG_Testing_1Aγ','https://dvbir6.dtgtesting.com/dvb-i/api-testMaterial/serviceList/DTG_Testing_1Aγ.php','','','','DASHDelivery,DVBTDelivery,DVBSDelivery','','28.2','2','','',NULL,'','','','GBR,IRL,DEU,AUS,ITA,NZL,FRA,ESP','','','','','','','','','',35,NULL,NULL),(358,'DTG Testing 1A∂',NULL,'','',3180,0,'180','tag:dtgtesting.com,2024:SL_DTG_Testing_1A∂','https://dvbir6.dtgtesting.com/dvb-i/api-testMaterial/serviceList/DTG_Testing_1A∂.php','','','','DASHDelivery,DVBTDelivery,DVBSDelivery','','28.2','2','','',NULL,'','','','GBR,IRL,DEU,AUS,ITA,NZL,FRA,ESP','','','','','','','','','',36,NULL,NULL),(361,'DTGT app launching','en','','',3180,0,'180','tag:dtgtesting.com,2024:SL_DTGT_app_launching','https://dvbir6.dtgtesting.com/dvb-i/api-testMaterial/serviceList/DTGT_app_launching.php','','','','DASHDelivery,DVBTDelivery,DVBSDelivery,ApplicationDelivery','','28.2','2','','','en','','','','GBR,IRL,DEU,AUS,ITA,NZL,FRA,ESP','','','','','','','','','',41,NULL,NULL),(362,'DTGT Service Delivery 1','en','DTGT_Service_Delivery_1','',3181,0,'181','tag:dtgtesting.com,2024:SL_DTGT_Service_Delivery_1','','','','','DASHDelivery,DVBTDelivery,DVBCDelivery,DVBSDelivery,OtherDeliveryParameters','','','','','','en,cy','1.4,1','','7','GBR,IRL,DEU,AUS,ITA,NZL,FRA,ESP','','','','','','','','','allowNoPackage',40,NULL,NULL),(363,'DTGT merge testing 1','en','','',3180,0,'180','tag:dtgtesting.com,2024:SL_DTGT_merge_testing_1','https://dvbir6.dtgtesting.com/dvb-i/api-testMaterial/serviceList/DTGT_merge_testing_1.php','','','','DASHDelivery,DVBTDelivery,DVBSDelivery','','28.2','2','','','en','','','','GBR,IRL,DEU,AUS,ITA,NZL,FRA,ESP','','','','','','','','','',42,NULL,NULL),(364,'DTGT merge testing 2','en','','',3180,0,'180','tag:dtgtesting.com,2024:SL_DTGT_merge_testing_2','https://dvbir6.dtgtesting.com/dvb-i/api-testMaterial/serviceList/DTGT_merge_testing_2.php','','','','DASHDelivery,DVBTDelivery,DVBSDelivery','','28.2','2','','','en','','','','GBR,IRL,DEU,AUS,ITA,NZL,FRA,ESP','','','','','','','','','',43,NULL,NULL),(366,'DTGT Service Delivery 2',NULL,'DTGT_Service_Delivery_2','',3180,0,'180','tag:dtgtesting.com,2024:SL_DTGT_Service_Delivery_2','','','','','DASHDelivery_required,RTSPDelivery_required,MulticastTSDelivery_required,ApplicationDelivery_required,OtherDeliveryParameters_required,DVBSDelivery_required','','28.2','2','','','en','','','','GBR,IRL,DEU,AUS,ITA,NZL,FRA,ESP','','','','','','','','','',44,NULL,NULL),(368,'DTGT Service Delivery 1 with wrong MIME type','en','DTGT_Service_Delivery_1_wrong_MIME_type.xml','',3180,1,'180','tag:dtgtesting.com,2024:SL_DTGT_Service_Delivery_1_with_wrong_MIME_type','','','','','DASHDelivery,DVBTDelivery,DVBSDelivery','','28.2','2','','','en','','','','GBR,IRL,DEU,AUS,ITA,NZL,FRA,ESP','','','','','','','','','',50,NULL,NULL),(373,'OSP test ServiceList','en','','',0,0,'','','https://aws.onscreenpublisher.co.uk/dvb-i/api/serviceList/serviceList.php?id=373','','','','DASHDelivery,DVBTDelivery,DVBSDelivery','','28.2','2','','','en','','','','GBR,IRL,DEU,AUS,ITA,NZL,FRA,ESP','','','','','','','','','',62,NULL,NULL),(374,'DTGT http test 400','en','','',3180,1,'180','tag:dtgtesting.com,2024:SL_DTGT_http_test_400','https://dvbir6.dtgtesting.com/dvb-i/api-testMaterial/serviceList/DTGT_http_test_400.php','','','','DASHDelivery,DVBTDelivery,DVBSDelivery','','28.2','2','','','en','','','','GBR,IRL,DEU,AUS,ITA,NZL,FRA,ESP','','','','','','','','','',51,NULL,NULL),(375,'DTGT http test 401','en','','',3180,1,'180','tag:dtgtesting.com,2024:SL_DTGT_http_test_401','https://dvbir6.dtgtesting.com/dvb-i/api-testMaterial/serviceList/DTGT_http_test_401.php','','','','DASHDelivery,DVBTDelivery,DVBSDelivery','','28.2','2','','','en','','','','GBR,IRL,DEU,AUS,ITA,NZL,FRA,ESP','','','','','','','','','',52,NULL,NULL),(376,'DTGT http test 403','en','','',3180,1,'180','tag:dtgtesting.com,2024:SL_DTGT_http_test_403','https://dvbir6.dtgtesting.com/dvb-i/api-testMaterial/serviceList/DTGT_http_test_403.php','','','','DASHDelivery,DVBTDelivery,DVBSDelivery','','28.2','2','','','en','','','','GBR,IRL,DEU,AUS,ITA,NZL,FRA,ESP','','','','','','','','','',53,NULL,NULL),(377,'DTGT http test 404','en','','',3180,1,'180','tag:dtgtesting.com,2024:SL_DTGT_http_test_404','https://dvbir6.dtgtesting.com/dvb-i/api-testMaterial/serviceList/DTGT_http_test_404.php','','','','DASHDelivery,DVBTDelivery,DVBSDelivery,OtherDeliveryParameters','','28.2','2','','','en','','','','GBR,IRL,DEU,AUS,ITA,NZL,FRA,ESP','','','','','','','','','',54,NULL,NULL),(378,'DTGT http test 406','en','','',3180,1,'180','tag:dtgtesting.com,2024:SL_DTGT_http_test_406','https://dvbir6.dtgtesting.com/dvb-i/api-testMaterial/serviceList/DTGT_http_test_406.php','','','','DASHDelivery,DVBTDelivery,DVBSDelivery','','28.2','2','','','en','','','','GBR,IRL,DEU,AUS,ITA,NZL,FRA,ESP','','','','','','','','','',55,NULL,NULL),(379,'DTGT http test 500','en','','',3180,1,'180','tag:dtgtesting.com,2024:SL_DTGT_http_test_500','https://dvbir6.dtgtesting.com/dvb-i/api-testMaterial/serviceList/DTGT_http_test_500.php','','','','DASHDelivery,DVBTDelivery,DVBSDelivery','','28.2','2','','','en','','','','GBR,IRL,DEU,AUS,ITA,NZL,FRA,ESP','','','','','','','','','',56,NULL,NULL),(380,'DTGT http test 502 Bad Gateway','en','','',3180,1,'180','tag:dtgtesting.com,2024:SL_DTGT_http_test_502_Bad_Gateway','https://dvbir6.dtgtesting.com/dvb-i/api-testMaterial/serviceList/DTGT_http_test_502.php','','','','DASHDelivery,DVBTDelivery,DVBSDelivery','','28.2','2','','','en','','','','GBR,IRL,DEU,AUS,ITA,NZL,FRA,ESP','','','','','','','','','',57,NULL,NULL),(381,'DTGT http test 504 Gateway Timeout','en','','',3180,1,'180','tag:dtgtesting.com,2024:SL_DTGT_http_test_504_Gateway_Timeout','https://dvbir6.dtgtesting.com/dvb-i/api-testMaterial/serviceList/DTGT_http_test_504.php','','','','DASHDelivery,DVBTDelivery,DVBSDelivery','','28.2','2','','','en','','','','GBR,IRL,DEU,AUS,ITA,NZL,FRA,ESP','','','','','','','','','',58,NULL,NULL),(382,'DTGT http test 301','en','','',3180,1,'180','tag:dtgtesting.com,2024:SL_DTGT_http_test_301','https://dvbir6.dtgtesting.com/dvb-i/api-testMaterial/serviceList/DTGT_http_test_301.php','','','','DASHDelivery,DVBTDelivery,DVBSDelivery','','28.2','2','','','en','','','','GBR,IRL,DEU,AUS,ITA,NZL,FRA,ESP','','','','','','','','','',59,NULL,NULL),(383,'DTGT http test 302','en','','',3180,1,'180','tag:dtgtesting.com,2024:SL_DTGT_http_test_302','https://dvbir6.dtgtesting.com/dvb-i/api-testMaterial/serviceList/DTGT_http_test_302.php','','','','DASHDelivery,DVBSDelivery','','28.2','2','','','en','','','','GBR,IRL,DEU,AUS,ITA,NZL,FRA,ESP','','','','','','','','','',60,NULL,NULL),(384,'DTGT Content Guide http tests','en','DTGT_Content_Guide_http_tests','',3180,0,'198','tag:dtgtesting.com,2024:SL_DTGT_Content_Guide_http_tests','https://dvbir6.dtgtesting.com/dvb-i/api/serviceList/?id=384','','','','DASHDelivery,DVBTDelivery,DVBSDelivery','','28.2','2','','','en','','','','GBR,IRL,DEU,AUS,ITA,NZL,FRA,ESP','','','','','','','','','',61,NULL,NULL),(385,'DVB IBC 2024 ServiceList','en','DVB_IBC24','',0,0,'','tag:onscreenpublishing.com,2024:DVB_IBC_2024','https://aws.onscreenpublisher.co.uk/dvb-i/api/serviceList/DVB_IBC24','','','','DASHDelivery,DVBTDelivery,DVBSDelivery','','28.2','2','','','en','','','','GBR,IRL,DEU,AUS,ITA,NZL,FRA,ESP','','','','','','','','','',39,NULL,NULL),(386,'ZDF','de','','',0,0,'199','','https://wwwdyn.zdf.de/dvbi/zdf.xml','','','','DASHDelivery,DVBTDelivery','','','','','',NULL,'','','','GBR,IRL,DEU,AUS,ITA,NZL,FRA,ESP','','','','','','','','','',63,NULL,NULL),(387,'rbb','de','','',0,0,'201','','http://research.rbb-online.de/dvbi/isims/Senderliste_TV/services.php','','','','DASHDelivery','','','','','',NULL,'','','','GBR,IRL,DEU,AUS,ITA,NZL,FRA,ESP','','','','','','','','','',64,NULL,NULL),(399,'DTGT Delivery Parameters T/DASH/App','en','DTGT_Delivery_Parameters_T-DASH-App','',3180,0,'','tag:dtgtesting.com,2024:SL_DTGT_Delivery_Parameters_T/DASH/App','','','','','DASHDelivery,DVBTDelivery,ApplicationDelivery','','','','','','en','','','','GBR,IRL,DEU,AUS,ITA,NZL,FRA,ESP','','','','','','','','','',65,NULL,NULL),(400,'DTGT Delivery Parameters S/DASH/App','en','DTGT_Delivery_Parameters_S-DASH-App','',3180,0,'','tag:dtgtesting.com,2024:SL_DTGT_Delivery_Parameters_S/DASH/App','','','','','DASHDelivery,DVBSDelivery,ApplicationDelivery','','28.2','2','','','en','','','','GBR,IRL,DEU,AUS,ITA,NZL,FRA,ESP','','','','','','','','','',66,NULL,NULL),(401,'DTGT Delivery Parameters T/S/DASH/App','en','','',3180,0,'','tag:dtgtesting.com,2024:SL_DTGT_Delivery_Parameters_T/S/DASH/App','https://dvbir6.dtgtesting.com/dvb-i/api-testMaterial/serviceList/DTGT_Delivery_Parameters_T-S-DASH-App.php','','','','DASHDelivery,DVBTDelivery,DVBSDelivery,ApplicationDelivery','','28.2','2','','','en','','','','GBR,IRL,DEU,AUS,ITA,NZL,FRA,ESP','','','','','','','','','',67,NULL,NULL),(402,'DTGT Delivery Parameters DASH/App','en','','[]',3180,0,'','tag:dtgtesting.com,2024:SL_DTGT_Delivery_Parameters_DASH/App','https://dvbir6.dtgtesting.com/dvb-i/api-testMaterial/serviceList/DTGT_Delivery_Parameters_DASH-App.php','','','','DASHDelivery,ApplicationDelivery','','','','','','en','','','','GBR,IRL,DEU,AUS,ITA,NZL,FRA,ESP','','','','','','','','','',68,NULL,NULL),(403,'DTGT Delivery Parameters S/T','en','','',3180,0,'','tag:dtgtesting.com,2024:SL_DTGT_Delivery_Parameters_S/T','https://dvbir6.dtgtesting.com/dvb-i/api-testMaterial/serviceList/DTGT_Delivery_Parameters_T-S.php','','','','DVBTDelivery,DVBSDelivery','','28.2','2','','','en','','','','GBR,IRL,DEU,AUS,ITA,NZL,FRA,ESP','','','','','','','','','',69,NULL,NULL),(404,'DTGT Delivery Parameters S/T Required','en','','',3180,0,'','tag:dtgtesting.com,2024:SL_DTGT_Delivery_Parameters_S/T_Required','https://dvbir6.dtgtesting.com/dvb-i/api-testMaterial/serviceList/DTGT_Delivery_Parameters_T-S-required.php','','','','DVBSDelivery_required,DVBTDelivery_required','','28.2','2','','','en','','','','GBR,IRL,DEU,AUS,ITA,NZL,FRA,ESP','','','','','','','','','',70,NULL,NULL),(405,'DTG Testing - SRS postcode','en','','',3180,0,'','tag:dtgtesting.com,2024:SL_DTG_Testing_-_SRS_postcode','https://dvbir6.dtgtesting.com/dvb-i/api-testMaterial/serviceList/DTGT_SRS_postcode.php','','','','DVBTDelivery_required','','','','','',NULL,'','','','GBR,IRL,DEU,AUS,ITA,NZL,FRA,ESP','','','','','','','','','srsPostcode',71,NULL,NULL),(406,'DTG Testing - SRS regionID','en','','',3180,0,'','tag:dtgtesting.com,2024:SL_DTG_Testing_-_SRS_regionID','https://dvbir6.dtgtesting.com/dvb-i/api-testMaterial/serviceList/DTGT_SRS_regionID.php','','','','DASHDelivery,DVBTDelivery,DVBSDelivery,ApplicationDelivery,OtherDeliveryParameters','','28.2','2','','',NULL,'','','','GBR,IRL,DEU,AUS,ITA,NZL,FRA,ESP','','','','','','','','','srsRegionID',72,NULL,NULL),(407,'DTGT SRSResponse ERROR_INVALID_REQUEST','en','','',3180,1,'180','tag:dtgtesting.com,2024:SL_DTGT_SRSResponse_ERROR_INVALID_REQUEST','https://dvbir6.dtgtesting.com/dvb-i/api-testMaterial/serviceList/DTGT_SRSResponse_ERROR_INVALID_REQUEST.xml','','','','DASHDelivery,DVBTDelivery,DVBSDelivery,ApplicationDelivery,OtherDeliveryParameters','','28.2','2','','','en','','','','GBR,IRL,DEU,AUS,ITA,NZL,FRA,ESP','','','','','','','','','',73,NULL,NULL),(408,'DTGT SRSResponse ERROR_BUSY','en','','',3180,1,'180','tag:dtgtesting.com,2024:SL_DTGT_SRSResponse_ERROR_BUSY','https://dvbir6.dtgtesting.com/dvb-i/api-testMaterial/serviceList/DTGT_SRSResponse_ERROR_BUSY.xml','','','','DASHDelivery,DVBTDelivery,DVBSDelivery,ApplicationDelivery,OtherDeliveryParameters','','28.2','2','','','en','','','','GBR,IRL,DEU,AUS,ITA,NZL,FRA,ESP','','','','','','','','','',74,NULL,NULL),(409,'DTGT SRSResponse ERROR_GENERIC_FAILURE','en','','',3180,1,'180','tag:dtgtesting.com,2024:SL_DTGT_SRSResponse_ERROR_GENERIC_FAILURE','https://dvbir6.dtgtesting.com/dvb-i/api-testMaterial/serviceList/DTGT_SRSResponse_ERROR_GENERIC_FAILURE.xml','','','','DASHDelivery,DVBTDelivery,DVBSDelivery,ApplicationDelivery,OtherDeliveryParameters','','28.2','2','','','en','','','','GBR,IRL,DEU,AUS,ITA,NZL,FRA,ESP','','','','','','','','','',75,NULL,NULL),(410,'DTGT SRSResponse ERROR_INVALID_POSTCODE','en','','',3180,1,'180','tag:dtgtesting.com,2024:SL_DTGT_SRSResponse_ERROR_INVALID_POSTCODE','https://dvbir6.dtgtesting.com/dvb-i/api-testMaterial/serviceList/DTGT_SRSResponse_ERROR_INVALID_POSTCODE.xml','','','','DASHDelivery,DVBTDelivery,DVBSDelivery,ApplicationDelivery,OtherDeliveryParameters','','28.2','2','','','en','','','','GBR,IRL,DEU,AUS,ITA,NZL,FRA,ESP','','','','','','','','','srsPostcode',76,NULL,NULL),(411,'DTGT SRSResponse ERROR_INVALID_REGION_ID','en','','',3180,1,'180','tag:dtgtesting.com,2024:SL_DTGT_SRSResponse_ERROR_INVALID_REGION_ID','https://dvbir6.dtgtesting.com/dvb-i/api-testMaterial/serviceList/DTGT_SRSResponse_ERROR_INVALID_REGION_ID.xml','','','','DASHDelivery,DVBTDelivery,DVBSDelivery,ApplicationDelivery,OtherDeliveryParameters','','28.2','2','','','en','','','','GBR,IRL,DEU,AUS,ITA,NZL,FRA,ESP','','','','','','','','','srsRegionID',77,NULL,NULL),(412,'DTGT Test list','en','','',3181,0,'180','','','','','','DASHDelivery,DVBTDelivery,DVBCDelivery,DVBSDelivery,OtherDeliveryParameters','','28.2','','','','cy,en,fr','','DTG Testing 1,DTG Testing 2','','GBR,IRL,DEU,AUS,ITA,NZL,FRA,ESP','','','','','','','','','allowNoPackage',78,NULL,NULL),(413,'DTGT carousel delivery 1',NULL,'','',3180,0,'180','tag:dtgtesting.com,2024:SL_DTGT_carousel_delivery_1','','','','','','','','','','',NULL,'','','','GBR,IRL,DEU,AUS,ITA,NZL,FRA,ESP','','','','','','','','','',79,NULL,NULL),(414,'DTGT Service Prominence',NULL,'','',3181,0,'180','tag:dtgtesting.com,2024:SL_DTGT_Service_Prominence','','','','','DASHDelivery,DVBTDelivery,DVBSDelivery,OtherDeliveryParameters','','28.2','','','','en','','','','GBR,IRL,DEU,AUS,ITA,NZL,FRA,ESP','','','','','','','','','',80,NULL,NULL),(415,'DTGT LCNRange ServiceList 1',NULL,'DTGT_lcnRange_testing_1','',3181,0,'180','tag:dtgtesting.com,2024:SL_LCNRange_ServiceList_1','','','','','DASHDelivery,DVBTDelivery,DVBSDelivery,OtherDeliveryParameters','','','','','','en','','','','GBR,IRL,DEU,AUS,ITA,NZL,FRA,ESP','','','','','','','','','',81,NULL,NULL),(416,'LCNRange ServiceList 2',NULL,'DTGT_lcnRange_testing_2','',3180,0,'180','tag:dtgtesting.com,2024:SL_LCNRange_ServiceList_2','','','','','','','','','','','en','','','','GBR,IRL,DEU,AUS,ITA,NZL,FRA,ESP','','','','','','','','','',82,NULL,NULL),(417,'LCNRange ServiceList 3',NULL,'DTGT_lcnRange_testing_2','',3180,0,'180','tag:dtgtesting.com,2024:SL_LCNRange_ServiceList_3','','','','','','','','','','','en','','','','GBR,IRL,DEU,AUS,ITA,NZL,FRA,ESP','','','','','','','','','',83,NULL,NULL),(418,'DTGT Service Delivery scanned','en','','',3181,0,'180','tag:dtgtesting.com,2024:SL_DTGT_Service_Delivery_scanned','https://dvbir6.dtgtesting.com/dvb-i/api-testMaterial/serviceList/DTGT_Service_Delivery_scanned.php','','','','','DVBSDelivery','','','','',NULL,'','','','GBR,IRL,DEU,AUS,ITA,NZL,FRA,ESP','','','','','','','','','',84,NULL,NULL),(419,'DTGT Accessibility tests',NULL,'DTGT_Accessibility_tests','',3181,0,'180','tag:dtgtesting.com,2024:SL_DTGT_Accessibility_tests','','','','','DASHDelivery,DVBTDelivery,DVBSDelivery,OtherDeliveryParameters','','28.2','','','',NULL,'','','','GBR,IRL,DEU,AUS,ITA,NZL,FRA,ESP','','','','','','','','','',85,NULL,NULL),(421,'DTGT Service Delivery no CG','en','DTGT_Service_Delivery_no_CG','',3181,0,'180','tag:dtgtesting.com,2024:SL_DTGT_Service_Delivery_no_CG','','','','','DASHDelivery,DVBTDelivery,DVBSDelivery,ApplicationDelivery,OtherDeliveryParameters','','','','','','en','','','','GBR,IRL,DEU,AUS,ITA,NZL,FRA,ESP','','','','','','','','','',87,NULL,NULL),(422,'DTGT Region test - Europe','en','DTGT_SL_test_Europe','',3181,0,'180','tag:dtgtesting.com,2024:SL_test_Europe','','','','','DASHDelivery','','','','','',NULL,'','','','GBR,IRL,DEU,AUS,ITA,NZL,FRA,ESP','','','','','','','','','',102,NULL,NULL),(424,'DTGT Codec Library',NULL,'','',3180,0,'282','tag:dtgtesting.com,2024:SL_DTGT_codec_library','https://dvbir7.dtgtesting.com/dvb-i/api/serviceList/serviceList.php?id=424','','','','','','','','','','','','','','GBR,IRL,DEU,AUS,ITA,NZL,FRA,ESP','','','','','','','','','',103,NULL,NULL),(425,'DTGT Service Delivery (cached)',NULL,'DTGT_Service_Delivery_cached','',3181,0,'282','tag:dtgtesting.com,2024:SL_DTGT_Service_Delivery_cached','','','','','DASHDelivery,DVBTDelivery,DVBSDelivery,OtherDeliveryParameters','','','','','',NULL,'','','','GBR,IRL,DEU,AUS,ITA,NZL,FRA,ESP','','','','','','','','','',104,NULL,NULL);




--
-- Dumping data for table `dvb_serviceListsInProviderOfferings`
--

INSERT INTO `dvb_serviceListsInProviderOfferings` (`id`, `serviceListID`, `providerOfferingID`, `order`, `__groupID`, `__ownerID`) VALUES (1,6,1,0,NULL,NULL),(2,294,1,0,NULL,NULL),(12,295,8,0,NULL,NULL),(14,297,1,0,NULL,NULL),(15,298,9,0,NULL,NULL),(16,297,10,0,NULL,NULL),(17,299,10,0,NULL,NULL),(18,300,10,0,NULL,NULL),(19,301,10,0,NULL,NULL),(20,302,10,0,NULL,NULL),(21,303,10,0,NULL,NULL),(22,304,10,0,NULL,NULL),(23,306,10,0,NULL,NULL),(24,305,10,0,NULL,NULL),(25,307,10,0,NULL,NULL),(26,308,10,0,NULL,NULL),(27,309,10,0,NULL,NULL),(28,310,10,0,NULL,NULL),(29,311,10,0,NULL,NULL),(30,312,10,0,NULL,NULL),(31,313,10,0,NULL,NULL),(32,314,10,0,NULL,NULL),(33,315,10,0,NULL,NULL),(34,316,10,0,NULL,NULL),(35,317,10,0,NULL,NULL),(36,318,10,0,NULL,NULL),(37,319,10,0,NULL,NULL),(38,320,10,0,NULL,NULL),(39,321,10,0,NULL,NULL),(40,322,10,0,NULL,NULL),(41,323,10,0,NULL,NULL),(42,324,10,0,NULL,NULL),(43,325,10,0,NULL,NULL),(44,326,10,0,NULL,NULL),(45,327,10,0,NULL,NULL),(46,328,11,0,NULL,NULL),(47,298,12,0,NULL,NULL),(48,296,8,0,NULL,NULL),(49,329,14,0,NULL,NULL),(50,329,13,0,NULL,NULL),(51,330,13,0,NULL,NULL),(53,331,16,0,NULL,NULL),(58,336,18,0,NULL,NULL),(63,339,17,0,NULL,NULL),(65,341,17,0,NULL,NULL),(67,343,19,0,NULL,NULL),(68,342,19,0,NULL,NULL),(69,329,17,0,NULL,NULL),(70,330,17,0,NULL,NULL),(71,344,18,0,NULL,NULL),(72,345,18,0,NULL,NULL),(73,346,14,0,NULL,NULL),(74,347,26,0,NULL,NULL),(75,348,26,0,NULL,NULL),(76,349,27,0,NULL,NULL),(77,350,27,0,NULL,NULL),(78,351,28,0,NULL,NULL),(79,352,28,0,NULL,NULL),(80,353,29,0,NULL,NULL),(81,354,29,0,NULL,NULL),(82,355,30,0,NULL,NULL),(83,356,30,0,NULL,NULL),(86,357,26,0,NULL,NULL),(87,358,26,0,NULL,NULL),(88,355,22,0,NULL,NULL),(89,356,22,0,NULL,NULL),(90,360,18,0,NULL,NULL),(95,365,30,0,NULL,NULL),(96,364,30,0,NULL,NULL),(97,363,30,0,NULL,NULL),(99,361,30,0,NULL,NULL),(100,367,30,0,NULL,NULL),(102,369,31,0,NULL,NULL),(103,371,31,0,NULL,NULL),(104,372,18,0,NULL,NULL),(105,372,32,0,NULL,NULL),(107,374,33,0,NULL,NULL),(108,375,33,0,NULL,NULL),(109,376,33,0,NULL,NULL),(110,377,33,0,NULL,NULL),(111,378,33,0,NULL,NULL),(112,379,33,0,NULL,NULL),(113,380,33,0,NULL,NULL),(114,381,33,0,NULL,NULL),(115,382,33,0,NULL,NULL),(116,343,18,0,NULL,NULL),(117,383,33,0,NULL,NULL),(118,384,33,0,NULL,NULL),(123,368,30,0,NULL,NULL),(124,362,30,0,NULL,NULL),(140,399,37,0,NULL,NULL),(141,400,37,0,NULL,NULL),(142,401,37,0,NULL,NULL),(143,402,37,0,NULL,NULL),(144,403,37,0,NULL,NULL),(145,404,37,0,NULL,NULL),(146,405,38,0,NULL,NULL),(147,406,38,0,NULL,NULL),(148,407,39,0,NULL,NULL),(149,408,39,0,NULL,NULL),(150,409,39,0,NULL,NULL),(151,410,39,0,NULL,NULL),(152,411,39,0,NULL,NULL),(153,405,39,0,NULL,NULL),(154,406,39,0,NULL,NULL),(155,414,30,0,NULL,NULL),(156,421,30,0,NULL,NULL),(157,415,30,0,NULL,NULL),(167,423,40,0,NULL,NULL),(168,424,40,0,NULL,NULL),(169,425,41,0,NULL,NULL);




--
-- Dumping data for table `dvb_providerOfferingInServiceListEntryPoint`
--

INSERT INTO `dvb_providerOfferingInServiceListEntryPoint` (`id`, `serviceListEntryPointID`, `providerOfferingID`, `order`, `__groupID`, `__ownerID`) VALUES (2,2,6,0,NULL,NULL),(3,2,7,0,NULL,NULL),(4,2,8,0,NULL,NULL),(8,1,9,0,NULL,NULL),(10,3,9,0,NULL,NULL),(12,3,12,0,NULL,NULL),(13,2,10,0,NULL,NULL),(15,4,16,0,NULL,NULL),(16,5,17,0,NULL,NULL),(17,6,18,0,NULL,NULL),(21,6,11,0,NULL,NULL),(22,1,19,0,NULL,NULL),(23,6,14,0,NULL,NULL),(24,7,26,0,NULL,NULL),(25,7,27,0,NULL,NULL),(26,8,28,0,NULL,NULL),(27,8,29,0,NULL,NULL),(30,8,25,0,NULL,NULL),(31,7,22,0,NULL,NULL),(34,10,31,0,NULL,NULL),(35,11,32,0,NULL,NULL),(36,9,33,0,NULL,NULL),(38,13,37,0,NULL,NULL),(39,7,38,0,NULL,NULL),(40,9,39,0,NULL,NULL),(42,9,30,0,NULL,NULL),(43,9,40,0,NULL,NULL),(44,14,41,0,NULL,NULL);




--
-- Dumping data for table `dvb_services`
--

INSERT INTO `dvb_services` (`id`, `version`, `uniqueIdentifierID`, `alternateID`, `title`, `nameLanguage`, `languageOptions`, `providerID`, `countryOfOrigin`, `targetRegion`, `serviceGenreCS`, `serviceGenre`, `recordingInfo`, `application`, `applicationType`, `serviceApplication`, `mediaInParallelApplication`, `mediaControllingApplication`, `outOfServiceApplication`, `outOfServiceBanner`, `serviceBanner`, `contentFinishedImage`, `logo`, `alternativeTextForServiceLogo`, `image_16x9_white`, `image_default`, `image_16x9_colour_light`, `image_16x9_colour`, `image_16x9_colour_dark`, `image_4x3_colour`, `image_square_white`, `image_square_colour_dark`, `image_square_colour_light`, `image_square_colour`, `player_url`, `descriptionShort`, `descriptionMedium`, `descriptionLong`, `serviceType`, `cgSID`, `contentGuideSource`, `contentGuideSourceRef`, `contentGuideServiceRef`, `flags`, `serviceListID`, `serviceInstances`, `serviceNames`, `targetRegions`, `boxedSetCategories`, `nvodReference`, `nvodMode`, `nvodOffset`, `additionalOrigNetID`, `additionalTSID`, `additionalSID`, `__groupID`, `__ownerID`) VALUES (1735,1,'tag:dtgTesting.com,2021:DTGT_Service_1','','DTGT Service 1','en','[{\"id\":28,\"language\":\"cy\",\"name\":\"Sianel DTGT 1\",\"descriptionShort\":\"\",\"descriptionMedium\":\"\",\"descriptionLong\":\"\",\"serviceID\":\"tag:dtgTesting.com,2021:DTGT_Service_1\",\"order\":1},{\"id\":36,\"language\":\"fr\",\"name\":\"Canal DTGT 1\",\"descriptionShort\":\"\",\"descriptionMedium\":\"\",\"descriptionLong\":\"\",\"serviceID\":\"tag:dtgTesting.com,2021:DTGT_Service_1\",\"order\":4}]',180,'GBR','','','urn:dvb:metadata:cs:ContentSubject:2019:8','1',0,'0',25,0,0,0,2935,3180,0,3180,'','','','','','','','','','','','','A short description of DTGT Service 1','A medium length description of DTGT Service 1 which gives more information','A long length description of DTGT Service 1 which gives more information and goes into greater detail about its content,','linear','cgs-dtgt-01','','','tag:dtgTesting.com,2021:DTGT_Service_1_cgs01','dynamic,replayAvailable',0,'[{\"id\":2655,\"instanceName\":\"DTGT Service 1 - DTT\",\"serviceID\":1735,\"sourceType\":\"DVB-T\",\"targetCountry\":\"GBR\",\"origNetID\":\"9018\",\"orbitalPosition\":\"\",\"transponderID\":0,\"priority\":2,\"polarization\":\"\",\"minimumBitRate\":0,\"displayName\":\"DTGT DTT S1 Ch1\",\"tsID\":\"1\",\"sID\":\"1\",\"logo\":3180,\"ftaContentManagement\":\"doNotApplyRevocation\",\"ftaContentManagementCRAoI\":1,\"order\":224},{\"id\":2656,\"instanceName\":\"DTGT Service 1 - DSat\",\"serviceID\":1735,\"sourceType\":\"DVB-S\",\"targetCountry\":\"GBR\",\"origNetID\":\"\",\"orbitalPosition\":\"28.2\",\"transponderID\":1083,\"priority\":2,\"polarization\":\"0\",\"minimumBitRate\":0,\"displayName\":\"DTGT DSat S1 Ch1\",\"tsID\":\"\",\"sID\":\"1\",\"logo\":3180,\"ftaContentManagement\":\"\",\"ftaContentManagementCRAoI\":0,\"order\":225},{\"id\":2657,\"instanceName\":\"DTGT Service 1 - DASH\",\"serviceID\":1735,\"sourceType\":\"DVB-DASH\",\"targetCountry\":\"GBR\",\"origNetID\":\"2\",\"orbitalPosition\":\"28.2\",\"transponderID\":0,\"priority\":2,\"polarization\":\"\",\"minimumBitRate\":0,\"displayName\":\"DTGT Service 1 DASH\",\"tsID\":\"1\",\"sID\":\"1\",\"logo\":3180,\"ftaContentManagement\":\"\",\"ftaContentManagementCRAoI\":0,\"order\":226},{\"id\":2658,\"instanceName\":\"DTGT Service 1 - HLS\",\"serviceID\":1735,\"sourceType\":\"Identifier based delivery parameters\",\"targetCountry\":\"0\",\"origNetID\":\"\",\"orbitalPosition\":\"0\",\"transponderID\":0,\"priority\":2,\"polarization\":\"\",\"minimumBitRate\":0,\"displayName\":\"DTGT Service 1 HLS\",\"tsID\":\"\",\"sID\":\"\",\"logo\":3180,\"ftaContentManagement\":\"\",\"ftaContentManagementCRAoI\":0,\"order\":293},{\"id\":4077,\"instanceName\":\"DTGT Service 1 - DSat - scanned\",\"serviceID\":1735,\"sourceType\":\"DVB-S\",\"targetCountry\":\"GBR\",\"origNetID\":\"2\",\"orbitalPosition\":\"28.2\",\"transponderID\":0,\"priority\":2,\"polarization\":\"horizontal\",\"minimumBitRate\":0,\"displayName\":\"DTGT DSat S1 Ch1\",\"tsID\":\"1\",\"sID\":\"1\",\"logo\":3180,\"ftaContentManagement\":\"\",\"ftaContentManagementCRAoI\":0,\"order\":448}]','','','','0','reference','',0,0,0,NULL,NULL),(1736,1,'tag:dtgTesting.com,2021:DTGT_Service_2','','DTGT Service 2','en','',180,'GBR','','','urn:dvb:metadata:cs:ContentSubject:2019:1','',0,'',0,0,0,0,0,3181,0,3181,'','','','','','','','','','','','','','','','linear','cgs-dtgt-02','','','tag:dtgTesting.com,2021:DTGT_Service_2','',0,'[{\"id\":2652,\"instanceName\":\"DTGT Service 2 - DSat\",\"serviceID\":1736,\"sourceType\":\"DVB-S\",\"targetCountry\":\"GBR\",\"origNetID\":\"2\",\"orbitalPosition\":\"28.2\",\"priority\":2,\"polarization\":\"horizontal\",\"minimumBitRate\":0,\"displayName\":\"DTGT DSat S1 Ch2\",\"tsID\":\"1\",\"sID\":\"2\",\"logo\":2935,\"ftaContentManagement\":\"doNotScramble,doNotApplyRevocation\",\"ftaContentManagementCRAoI\":2,\"order\":1},{\"id\":2653,\"instanceName\":\"DTGT Service 2 - DASH\",\"serviceID\":1736,\"sourceType\":\"DVB-DASH\",\"targetCountry\":\"GBR\",\"origNetID\":\"2\",\"orbitalPosition\":\"28.2\",\"priority\":2,\"polarization\":\"\",\"minimumBitRate\":0,\"displayName\":\"DTGT DASH Ch2\",\"tsID\":\"1\",\"sID\":\"1\",\"logo\":2935,\"ftaContentManagement\":\"\",\"ftaContentManagementCRAoI\":0,\"order\":221},{\"id\":2654,\"instanceName\":\"DTGT Service 2 - HLS\",\"serviceID\":1736,\"sourceType\":\"Other delivery parameters\",\"targetCountry\":\"GBR\",\"origNetID\":\"\",\"orbitalPosition\":\"0\",\"priority\":2,\"polarization\":\"\",\"minimumBitRate\":0,\"displayName\":\"DTGT HLS Ch2\",\"tsID\":\"\",\"sID\":\"\",\"logo\":2935,\"ftaContentManagement\":\"\",\"ftaContentManagementCRAoI\":0,\"order\":222},{\"id\":2651,\"instanceName\":\"DTGT Service 2 - DTT\",\"serviceID\":1736,\"sourceType\":\"DVB-T\",\"targetCountry\":\"GBR\",\"origNetID\":\"9018\",\"orbitalPosition\":\"\",\"priority\":1,\"polarization\":\"\",\"minimumBitRate\":0,\"displayName\":\"DTGT DTT S1 Ch2\",\"tsID\":\"1\",\"sID\":\"2\",\"logo\":2935,\"ftaContentManagement\":\"\",\"ftaContentManagementCRAoI\":0,\"order\":223}]','','','','','','',0,0,0,NULL,NULL),(1737,1,'tag:dtgTesting.com,2021:DTGT_Service_3','','DTGT Service 3','en','',180,'GBR','','','','',0,'',0,0,0,0,0,3180,0,3182,'','','','','','','','','','','','','','','','linear','cgs-dtgt-03','','','','',0,'[{\"id\":2661,\"instanceName\":\"DTGT Service 3 - DASH\",\"serviceID\":1737,\"sourceType\":\"DVB-DASH\",\"targetCountry\":\"GBR\",\"origNetID\":\"\",\"orbitalPosition\":\"\",\"transponderID\":0,\"priority\":1,\"polarization\":\"\",\"minimumBitRate\":400000,\"displayName\":\"DTGT Service 3 DASH\",\"tsID\":\"\",\"sID\":\"\",\"logo\":2935,\"ftaContentManagement\":\"userDefined,doNotApplyRevocation\",\"ftaContentManagementCRAoI\":3,\"order\":228},{\"id\":4191,\"instanceName\":\"DTGT Service 3 - DASH Live\",\"serviceID\":1737,\"sourceType\":\"DVB-DASH\",\"targetCountry\":\"GBR\",\"origNetID\":\"2\",\"orbitalPosition\":\"28.2\",\"transponderID\":0,\"priority\":2,\"polarization\":\"\",\"minimumBitRate\":400000,\"displayName\":\"DTGT Service 3 DASH Live\",\"tsID\":\"1\",\"sID\":\"1\",\"logo\":3180,\"ftaContentManagement\":\"userDefined,doNotApplyRevocation\",\"ftaContentManagementCRAoI\":3,\"order\":229},{\"id\":2662,\"instanceName\":\"DTGT Service 3 - HLS\",\"serviceID\":1737,\"sourceType\":\"Other delivery parameters\",\"targetCountry\":\"GBR\",\"origNetID\":\"\",\"orbitalPosition\":\"0\",\"transponderID\":0,\"priority\":2,\"polarization\":\"\",\"minimumBitRate\":0,\"displayName\":\"DTGT Service 3 HLS\",\"tsID\":\"\",\"sID\":\"\",\"logo\":2935,\"ftaContentManagement\":\"\",\"ftaContentManagementCRAoI\":0,\"order\":230},{\"id\":2659,\"instanceName\":\"DTGT Service 3 - DTT\",\"serviceID\":1737,\"sourceType\":\"DVB-T\",\"targetCountry\":\"GBR\",\"origNetID\":\"9018\",\"orbitalPosition\":\"\",\"transponderID\":0,\"priority\":1,\"polarization\":\"\",\"minimumBitRate\":0,\"displayName\":\"DTGT DTT S1 Ch3\",\"tsID\":\"1\",\"sID\":\"3\",\"logo\":2935,\"ftaContentManagement\":\"\",\"ftaContentManagementCRAoI\":0,\"order\":231},{\"id\":2660,\"instanceName\":\"DTGT Service 3 - DSat\",\"serviceID\":1737,\"sourceType\":\"DVB-S\",\"targetCountry\":\"GBR\",\"origNetID\":\"\",\"orbitalPosition\":\"28.2\",\"transponderID\":1083,\"priority\":2,\"polarization\":\"0\",\"minimumBitRate\":0,\"displayName\":\"DTGT DSat S1 Ch3\",\"tsID\":\"\",\"sID\":\"3\",\"logo\":2935,\"ftaContentManagement\":\"\",\"ftaContentManagementCRAoI\":0,\"order\":450},{\"id\":4079,\"instanceName\":\"DTGT Service 3 - DSat - scanned\",\"serviceID\":1737,\"sourceType\":\"DVB-S\",\"targetCountry\":\"GBR\",\"origNetID\":\"2\",\"orbitalPosition\":\"28.2\",\"transponderID\":0,\"priority\":2,\"polarization\":\"horizontal\",\"minimumBitRate\":0,\"displayName\":\"DTGT DSat S1 Ch3\",\"tsID\":\"1\",\"sID\":\"3\",\"logo\":2935,\"ftaContentManagement\":\"\",\"ftaContentManagementCRAoI\":0,\"order\":561}]','','','','','','',0,0,0,NULL,NULL),(1738,1,'tag:dtgTesting.com,2021:DTGT_Service_4','','DTGT Service 4','fr','',180,'GBR','','','','',0,'',0,0,0,0,0,3180,0,2935,'','','','','','','','','','','','','','','','linear','cgs-dtgt-04','','','','',0,'','','','','','','',0,0,0,NULL,NULL),(1739,0,'tag:dtgTesting.com,2021:DTGT_app_testing_1','','DTGT app testing 1','en','',180,'GBR','','','','',3,'urn:dvb:metadata:cs:LinkedApplicationCS:2019:1.1',0,0,0,0,0,0,0,3180,'','','','','','','','','','','','','','This Service has a media in parallel app defined at Service level only','','linear','','','','','',0,'[{\"id\":2668,\"instanceName\":\"DTGT app testing 1 - DTT\",\"serviceID\":1739,\"sourceType\":\"DVB-T\",\"targetCountry\":\"GBR\",\"origNetID\":\"9018\",\"orbitalPosition\":\"\",\"priority\":1,\"polarization\":\"\",\"minimumBitRate\":0,\"displayName\":\"DTGT app testing 1 - DTT\",\"tsID\":\"1\",\"sID\":\"1\",\"logo\":2935,\"ftaContentManagement\":\"\",\"ftaContentManagementCRAoI\":0,\"order\":1},{\"id\":2669,\"instanceName\":\"DTGT app testing 1 - DSat\",\"serviceID\":1739,\"sourceType\":\"DVB-S\",\"targetCountry\":\"GBR\",\"origNetID\":\"2\",\"orbitalPosition\":\"\",\"priority\":2,\"polarization\":\"\",\"minimumBitRate\":0,\"displayName\":\"DTGT app testing 1 - DSat\",\"tsID\":\"1\",\"sID\":\"1\",\"logo\":2935,\"ftaContentManagement\":\"\",\"ftaContentManagementCRAoI\":0,\"order\":237},{\"id\":2686,\"instanceName\":\"DTGT app testing 1 - DASH\",\"serviceID\":1739,\"sourceType\":\"DVB-DASH\",\"targetCountry\":\"GBR\",\"origNetID\":\"\",\"orbitalPosition\":\"\",\"priority\":2,\"polarization\":\"\",\"minimumBitRate\":0,\"displayName\":\"DTGT app testing 1 - DASH\",\"tsID\":\"\",\"sID\":\"\",\"logo\":2935,\"ftaContentManagement\":\"\",\"ftaContentManagementCRAoI\":0,\"order\":254},{\"id\":2687,\"instanceName\":\"DTGT app testing 1 - HLS\",\"serviceID\":1739,\"sourceType\":\"Other delivery parameters\",\"targetCountry\":\"GBR\",\"origNetID\":\"\",\"orbitalPosition\":\"\",\"priority\":2,\"polarization\":\"\",\"minimumBitRate\":0,\"displayName\":\"DTGT app testing 1 - HLS\",\"tsID\":\"\",\"sID\":\"\",\"logo\":2935,\"ftaContentManagement\":\"\",\"ftaContentManagementCRAoI\":0,\"order\":255}]','','','','','','',1,2,3,NULL,NULL),(1740,1,'tag:dtgTesting.com,2021:DTGT_Service_5','','DTGT Service 5','en','',180,'GBR','','','','',0,'',0,0,0,0,0,0,0,3180,'','','','','','','','','','','','','','','','linear','','','','','',0,'','','','','','','',0,0,0,NULL,NULL),(1741,1,'tag:dtgTesting.com,2021:DTGT_Service_6','','DTGT Service 6','en','',180,'GBR','','','','',0,'',0,0,0,0,0,0,0,3180,'','','','','','','','','','','','','','','','linear','','','','','',0,'','','','','','','',0,0,0,NULL,NULL),(1742,1,'tag:dtgTesting.com,2021:DTGT_Service_7','','DTGT Service 7','en','',180,'GBR','','','','',0,'',0,0,0,0,0,0,0,3180,'','','','','','','','','','','','','','','','linear','','','','','',0,'','','','','','','',0,0,0,NULL,NULL),(1743,1,'tag:dtgTesting.com,2021:DTGT_Service_8_1_1','','DTGT Service 8 Nation 1 Region 1','en','',180,'GBR','','','','',0,'',0,0,0,0,0,0,0,3180,'','','','','','','','','','','','','','','','linear','','','','tag:dtgTesting.com,2021:DTGT_Service_8','',0,'','','','','','','',0,0,0,NULL,NULL),(1744,0,'tag:dtgTesting.com,2021:DTGT_app_testing_2','','DTGT app testing 2','en','',180,'GBR','','','','',24,'urn:dvb:metadata:cs:LinkedApplicationCS:2019:1.2',0,0,0,0,0,0,0,3180,'','','','','','','','','','','','','','','This Service has a media controlling application defined at Service level only','linear','','','','','',0,'[{\"id\":2688,\"instanceName\":\"DTGT app testing 2 - DTT\",\"serviceID\":1744,\"sourceType\":\"DVB-T\",\"targetCountry\":\"GBR\",\"origNetID\":\"9018\",\"orbitalPosition\":\"\",\"priority\":1,\"polarization\":\"\",\"minimumBitRate\":0,\"displayName\":\"DTGT app testing 2 - DTT\",\"tsID\":\"1\",\"sID\":\"2\",\"logo\":2935,\"ftaContentManagement\":\"\",\"ftaContentManagementCRAoI\":0,\"order\":256},{\"id\":2689,\"instanceName\":\"DTGT app testing 2 - DSat\",\"serviceID\":1744,\"sourceType\":\"DVB-S\",\"targetCountry\":\"GBR\",\"origNetID\":\"2\",\"orbitalPosition\":\"28.2\",\"priority\":2,\"polarization\":\"horizontal\",\"minimumBitRate\":0,\"displayName\":\"DTGT app testing 2 - DSat\",\"tsID\":\"1\",\"sID\":\"2\",\"logo\":2935,\"ftaContentManagement\":\"\",\"ftaContentManagementCRAoI\":0,\"order\":257},{\"id\":2690,\"instanceName\":\"DTGT app testing 2 - DASH\",\"serviceID\":1744,\"sourceType\":\"DVB-DASH\",\"targetCountry\":\"GBR\",\"origNetID\":\"\",\"orbitalPosition\":\"\",\"priority\":2,\"polarization\":\"\",\"minimumBitRate\":0,\"displayName\":\"DTGT app testing 2 - DASH\",\"tsID\":\"\",\"sID\":\"\",\"logo\":2935,\"ftaContentManagement\":\"\",\"ftaContentManagementCRAoI\":0,\"order\":258},{\"id\":2691,\"instanceName\":\"DTGT app testing 2 - HLS\",\"serviceID\":1744,\"sourceType\":\"Other delivery parameters\",\"targetCountry\":\"GBR\",\"origNetID\":\"\",\"orbitalPosition\":\"\",\"priority\":2,\"polarization\":\"\",\"minimumBitRate\":0,\"displayName\":\"DTGT app testing 2 - HLS\",\"tsID\":\"\",\"sID\":\"\",\"logo\":2935,\"ftaContentManagement\":\"\",\"ftaContentManagementCRAoI\":0,\"order\":259}]','','','','','','',0,0,0,NULL,NULL),(1745,1,'tag:dtgTesting.com,2021:DTGT_Service_8_1_2','','DTGT Service 8 Nation 1 Region 2','en','',180,'GBR','','','','',0,'',0,0,0,0,0,0,0,3180,'','','','','','','','','','','','','','','','linear','','','','tag:dtgTesting.com,2021:DTGT_Service_8','',0,'','','','','','','',0,0,0,NULL,NULL),(1746,1,'tag:dtgTesting.com,2021:DTGT_Service_8_1_3','','DTGT Service 8 Nation 1 Region 3','en','',180,'GBR','','','','',0,'',0,0,0,0,0,0,0,3180,'','','','','','','','','','','','','','','','linear','','','','tag:dtgTesting.com,2021:DTGT_Service_8','',0,'','','','','','','',0,0,0,NULL,NULL),(1747,1,'tag:dtgTesting.com,2021:DTGT_Service_9','','DTGT Service 9 - availability test','en','',180,'GBR','','','','',0,'',0,0,0,0,0,0,0,3180,'','','','','','','','','','','','','','','','linear','','','','tag:dtgTesting.com,2021:DTGT_Service_8','',0,'[{\"id\":2764,\"instanceName\":\"DTGT Service 9 30 minute availability\",\"serviceID\":1747,\"sourceType\":\"DVB-DASH\",\"targetCountry\":\"\",\"origNetID\":\"\",\"orbitalPosition\":\"\",\"priority\":0,\"polarization\":\"\",\"minimumBitRate\":0,\"displayName\":\"DTGT Service 9 30 minute availability\",\"tsID\":\"\",\"sID\":\"\",\"logo\":0,\"ftaContentManagement\":\"\",\"ftaContentManagementCRAoI\":0,\"order\":1},{\"id\":2737,\"instanceName\":\"DTGT Service 9 night time\",\"serviceID\":1747,\"sourceType\":\"DVB-DASH\",\"targetCountry\":\"\",\"origNetID\":\"\",\"orbitalPosition\":\"\",\"priority\":0,\"polarization\":\"\",\"minimumBitRate\":0,\"displayName\":\"DTGT Service 9 night time\",\"tsID\":\"\",\"sID\":\"\",\"logo\":0,\"ftaContentManagement\":\"\",\"ftaContentManagementCRAoI\":0,\"order\":2},{\"id\":2738,\"instanceName\":\"DTGT Service 9 Mon, Wed, Fri\",\"serviceID\":1747,\"sourceType\":\"DVB-DASH\",\"targetCountry\":\"\",\"origNetID\":\"\",\"orbitalPosition\":\"\",\"priority\":0,\"polarization\":\"\",\"minimumBitRate\":0,\"displayName\":\"DTGT Service 9 Mon, Wed, Fri\",\"tsID\":\"\",\"sID\":\"\",\"logo\":0,\"ftaContentManagement\":\"\",\"ftaContentManagementCRAoI\":0,\"order\":3},{\"id\":2739,\"instanceName\":\"DTGT Service 9 Tue,Thu\",\"serviceID\":1747,\"sourceType\":\"DVB-DASH\",\"targetCountry\":\"\",\"origNetID\":\"\",\"orbitalPosition\":\"\",\"priority\":0,\"polarization\":\"\",\"minimumBitRate\":0,\"displayName\":\"DTGT Service 9 Tue,Thu\",\"tsID\":\"\",\"sID\":\"\",\"logo\":0,\"ftaContentManagement\":\"\",\"ftaContentManagementCRAoI\":0,\"order\":310},{\"id\":4024,\"instanceName\":\"DTGT Service 9 night time\",\"serviceID\":1747,\"sourceType\":\"Other delivery parameters\",\"targetCountry\":\"\",\"origNetID\":\"\",\"orbitalPosition\":\"\",\"priority\":0,\"polarization\":\"\",\"minimumBitRate\":0,\"displayName\":\"DTGT Service 9 night time\",\"tsID\":\"\",\"sID\":\"\",\"logo\":0,\"ftaContentManagement\":\"\",\"ftaContentManagementCRAoI\":0,\"order\":401},{\"id\":4025,\"instanceName\":\"DTGT Service 9 Mon, Wed, Fri\",\"serviceID\":1747,\"sourceType\":\"Other delivery parameters\",\"targetCountry\":\"\",\"origNetID\":\"\",\"orbitalPosition\":\"\",\"priority\":0,\"polarization\":\"\",\"minimumBitRate\":0,\"displayName\":\"DTGT Service 9 Mon, Wed, Fri\",\"tsID\":\"\",\"sID\":\"\",\"logo\":0,\"ftaContentManagement\":\"\",\"ftaContentManagementCRAoI\":0,\"order\":402},{\"id\":4026,\"instanceName\":\"DTGT Service 9 Tue,Thu\",\"serviceID\":1747,\"sourceType\":\"Other delivery parameters\",\"targetCountry\":\"\",\"origNetID\":\"\",\"orbitalPosition\":\"\",\"priority\":0,\"polarization\":\"\",\"minimumBitRate\":0,\"displayName\":\"DTGT Service 9 Tue,Thu\",\"tsID\":\"\",\"sID\":\"\",\"logo\":0,\"ftaContentManagement\":\"\",\"ftaContentManagementCRAoI\":0,\"order\":403},{\"id\":4027,\"instanceName\":\"DTGT Service 9 30 minute availability\",\"serviceID\":1747,\"sourceType\":\"Other delivery parameters\",\"targetCountry\":\"\",\"origNetID\":\"\",\"orbitalPosition\":\"\",\"priority\":0,\"polarization\":\"\",\"minimumBitRate\":0,\"displayName\":\"DTGT Service 9 30 minute availability\",\"tsID\":\"\",\"sID\":\"\",\"logo\":0,\"ftaContentManagement\":\"\",\"ftaContentManagementCRAoI\":0,\"order\":404}]','','','','','','',0,0,0,NULL,NULL),(1748,1,'tag:dtgTesting.com,2021:DTGT_Service_11','','DTGT Service 11','en','',180,'GBR','','','','',0,'',0,0,0,0,0,0,0,3180,'','','','','','','','','','','','','','','','linear','','','','','',0,'','','','','','','',0,0,0,NULL,NULL),(1749,1,'tag:dtgTesting.com,2021:DTGT_Service_12','','DTGT Service 12','en','',180,'GBR','','','','',0,'',0,0,0,0,0,0,0,3180,'','','','','','','','','','','','','','','','linear','','','','','',0,'','','','','','','',0,0,0,NULL,NULL),(1750,1,'tag:dtgTesting.com,2023:DTGT_Merge_1','','DTGT Merge 1','en','',180,'GBR','','','','',0,'',0,0,0,0,0,0,0,3180,'','','','','','','','','','','','','','','','linear','','','','','',0,'','','','','','','',0,0,0,NULL,NULL),(1751,1,'tag:dtgTesting.com,2023:DTGT_Merge_2','','DTGT Merge 2','en','',180,'GBR','','','','',0,'',0,0,0,0,0,0,0,3180,'','','','','','','','','','','','','','','','linear','','','','','',0,'','','','','','','',0,0,0,NULL,NULL),(1752,1,'tag:dtgTesting.com,2023:DTGT_Merge_3','','DTGT Merge 3','en','',180,'GBR','','','','',0,'',0,0,0,0,0,0,0,3180,'','','','','','','','','','','','','','','','linear','','','','','',0,'','','','','','','',0,0,0,NULL,NULL),(1753,1,'tag:dtgTesting.com,2023:DTGT_Merge_4','','DTGT Merge 4','en','',180,'GBR','','','','',0,'',0,0,0,0,0,0,0,3180,'','','','','','','','','','','','','','','','linear','','','','','',0,'','','','','','','',0,0,0,NULL,NULL),(1754,0,'tag:dtgTesting.com,2021:DTGT_app_testing_3','','DTGT app testing 3','en','',180,'GBR','','','','',3,'urn:dvb:metadata:cs:LinkedApplicationCS:2019:1.1',0,0,0,0,0,0,0,3180,'','','','','','','','','','','','','','This Service has media in parallel apps defined at both Service and ServiceInstance level','','linear','','','','','',0,'[{\"id\":2720,\"instanceName\":\"DTGT app testing 3 - DSat\",\"serviceID\":1754,\"sourceType\":\"DVB-S\",\"targetCountry\":\"GBR\",\"origNetID\":\"2\",\"orbitalPosition\":\"\",\"priority\":2,\"polarization\":\"\",\"minimumBitRate\":0,\"displayName\":\"DTGT app testing 3 - DSat\",\"tsID\":\"1\",\"sID\":\"3\",\"logo\":2935,\"ftaContentManagement\":\"\",\"ftaContentManagementCRAoI\":0,\"order\":275},{\"id\":2719,\"instanceName\":\"DTGT app testing 3 - DTT\",\"serviceID\":1754,\"sourceType\":\"DVB-T\",\"targetCountry\":\"GBR\",\"origNetID\":\"9018\",\"orbitalPosition\":\"\",\"priority\":1,\"polarization\":\"\",\"minimumBitRate\":0,\"displayName\":\"DTGT app testing 3 - DTT\",\"tsID\":\"1\",\"sID\":\"3\",\"logo\":2935,\"ftaContentManagement\":\"\",\"ftaContentManagementCRAoI\":0,\"order\":276},{\"id\":2717,\"instanceName\":\"DTGT app testing 3 - DASH\",\"serviceID\":1754,\"sourceType\":\"DVB-DASH\",\"targetCountry\":\"GBR\",\"origNetID\":\"\",\"orbitalPosition\":\"\",\"priority\":2,\"polarization\":\"\",\"minimumBitRate\":0,\"displayName\":\"DTGT app testing 3 - DASH\",\"tsID\":\"\",\"sID\":\"\",\"logo\":2935,\"ftaContentManagement\":\"\",\"ftaContentManagementCRAoI\":0,\"order\":277},{\"id\":2718,\"instanceName\":\"DTGT app testing 3 - HLS\",\"serviceID\":1754,\"sourceType\":\"Other delivery parameters\",\"targetCountry\":\"GBR\",\"origNetID\":\"\",\"orbitalPosition\":\"\",\"priority\":2,\"polarization\":\"\",\"minimumBitRate\":0,\"displayName\":\"DTGT app testing 3 - HLS\",\"tsID\":\"\",\"sID\":\"\",\"logo\":2935,\"ftaContentManagement\":\"\",\"ftaContentManagementCRAoI\":0,\"order\":278}]','','','','','','',0,0,0,NULL,NULL),(1755,0,'tag:dtgTesting.com,2021:DTGT_app_testing_4','','DTGT app testing 4','en','',180,'GBR','','','','',24,'urn:dvb:metadata:cs:LinkedApplicationCS:2019:1.2',0,0,0,0,0,0,0,3180,'','','','','','','','','','','','','','','','linear','','','','','',0,'[{\"id\":2724,\"instanceName\":\"DTGT app testing 4 - DSat\",\"serviceID\":1755,\"sourceType\":\"DVB-S\",\"targetCountry\":\"GBR\",\"origNetID\":\"2\",\"orbitalPosition\":\"\",\"priority\":2,\"polarization\":\"\",\"minimumBitRate\":0,\"displayName\":\"DTGT app testing 4 - DSat\",\"tsID\":\"1\",\"sID\":\"4\",\"logo\":2935,\"ftaContentManagement\":\"\",\"ftaContentManagementCRAoI\":0,\"order\":279},{\"id\":2723,\"instanceName\":\"DTGT app testing 4 - DTT\",\"serviceID\":1755,\"sourceType\":\"DVB-T\",\"targetCountry\":\"GBR\",\"origNetID\":\"9018\",\"orbitalPosition\":\"\",\"priority\":1,\"polarization\":\"\",\"minimumBitRate\":0,\"displayName\":\"DTGT app testing 4 - DTT\",\"tsID\":\"1\",\"sID\":\"4\",\"logo\":2935,\"ftaContentManagement\":\"\",\"ftaContentManagementCRAoI\":0,\"order\":280},{\"id\":2721,\"instanceName\":\"DTGT app testing 4 - DASH\",\"serviceID\":1755,\"sourceType\":\"DVB-DASH\",\"targetCountry\":\"GBR\",\"origNetID\":\"\",\"orbitalPosition\":\"\",\"priority\":2,\"polarization\":\"\",\"minimumBitRate\":0,\"displayName\":\"DTGT app testing 4 - DASH\",\"tsID\":\"\",\"sID\":\"\",\"logo\":2935,\"ftaContentManagement\":\"\",\"ftaContentManagementCRAoI\":0,\"order\":281},{\"id\":2722,\"instanceName\":\"DTGT app testing 4 - HLS\",\"serviceID\":1755,\"sourceType\":\"Other delivery parameters\",\"targetCountry\":\"GBR\",\"origNetID\":\"\",\"orbitalPosition\":\"\",\"priority\":2,\"polarization\":\"\",\"minimumBitRate\":0,\"displayName\":\"DTGT app testing 4 - HLS\",\"tsID\":\"\",\"sID\":\"\",\"logo\":2935,\"ftaContentManagement\":\"\",\"ftaContentManagementCRAoI\":0,\"order\":282}]','','','','','','',0,0,0,NULL,NULL),(1756,0,'tag:dtgTesting.com,2021:DTGT_app_testing_5','','DTGT app testing 5','en','',180,'GBR','','','','',3,'urn:dvb:metadata:cs:LinkedApplicationCS:2019:1.1',0,0,0,0,0,0,0,3180,'','','','','','','','','','','','','','','','linear','','','','','',0,'','','','','','','',0,0,0,NULL,NULL),(1757,0,'tag:dtgTesting.com,2021:DTGT_app_testing_6','','DTGT app testing 6','en','',180,'GBR','','','','',24,'urn:dvb:metadata:cs:LinkedApplicationCS:2019:1.2',0,0,0,0,0,0,0,3180,'','','','','','','','','','','','','','','','linear','','','','','',0,'','','','','','','',0,0,0,NULL,NULL),(1758,0,'tag:dtgTesting.com,2021:DTGT_app_testing_7','','DTGT app testing 7','en','',180,'GBR','','','','',0,'0',0,0,0,0,0,0,0,3180,'','','','','','','','','','','','','','','','linear','','','','','',0,'','','','','','','',0,0,0,NULL,NULL),(1759,0,'tag:dtgTesting.com,2021:DTGT_app_testing_8','','DTGT app testing 8 Nation 1 Region 4','en','',180,'GBR','','','','',0,'0',0,0,0,0,0,0,0,3180,'','','','','','','','','','','','','','','','linear','','','','','',0,'','','','','','','',0,0,0,NULL,NULL),(1760,1,'tag:dtgTesting.com,2021:DTGT_Service_10','','DTGT Service 10','en','',180,'GBR','','','','',0,'',0,0,0,0,0,0,0,3180,'','','','','','','','','','','','','','','','linear','','','','tag:dtgTesting.com,2021:DTGT_Service_8','',0,'','','','','','','',0,0,0,NULL,NULL),(1761,1,'tag:dtgTesting.com,2021:DTGT_Service_51','','DTGT Service 51 - DASH test 1','en','',180,'GBR','','','','',0,'',0,0,0,0,0,0,0,3180,'','','','','','','','','','','','','','','','linear','','','','tag:dtgTesting.com,2021:DTGT_Service_8','',0,'','','','','','','',0,0,0,NULL,NULL),(1762,1,'tag:dtgTesting.com,2021:DTGT_Service_52','','DTGT Service 52 - DASH test 2','en','',180,'GBR','','','','',0,'',0,0,0,0,0,0,0,3180,'','','','','','','','','','','','','','','','linear','','','','tag:dtgTesting.com,2021:DTGT_Service_8','',0,'','','','','','','',0,0,0,NULL,NULL),(1763,1,'tag:dtgTesting.com,2021:DTGT_Service_53','','DTGT Service 53 - DASH test 3','en','',180,'GBR','','','','',0,'',0,0,0,0,0,0,0,3180,'','','','','','','','','','','','','','','','linear','','','','tag:dtgTesting.com,2021:DTGT_Service_8','',0,'','','','','','','',0,0,0,NULL,NULL),(1764,1,'tag:dtgTesting.com,2021:DTGT_Service_54','','DTGT Service 54 - DASH test 4','en','',180,'GBR','','','','',0,'',0,0,0,0,0,0,3183,3180,'','','','','','','','','','','','','','','','linear','','','','tag:dtgTesting.com,2021:DTGT_Service_8','',0,'','','','','','','',0,0,0,NULL,NULL),(1765,1,'tag:dtgTesting.com,2021:DTGT_Service_61','','DTGT Service 61 - LCN test','en','',180,'GBR','','','','',0,'',0,0,0,0,0,0,0,3180,'','','','','','','','','','','','','','','','linear','','','','','',0,'','','','','','','',0,0,0,NULL,NULL),(1766,1,'tag:dtgTesting.com,2021:DTGT_Service_62','','DTGT Service 62 - LCN test','en','',180,'GBR','','','','',0,'',0,0,0,0,0,0,0,3180,'','','','','','','','','','','','','','','','linear','','','','','',0,'','','','','','','',0,0,0,NULL,NULL),(1768,1,'tag:dtgTesting.com,2021:DTGT_Service_63','','DTGT Service 63 - ServiceInstance Subscription','en','',180,'GBR','','','','',0,'',0,0,0,0,0,0,0,3180,'','','','','','','','','','','','','','','','linear','','','','','',0,'','','','','','','',0,0,0,NULL,NULL),(1777,1,'tag:dtgTesting.com,2021:DTGT_Service_8_1_4','','DTGT Service 8 Nation 1 Region 4','en','',180,'GBR','','','','',0,'',0,0,0,0,0,0,0,3180,'','','','','','','','','','','','','','','','linear','','','','tag:dtgTesting.com,2021:DTGT_Service_8','',0,'','','','','','','',0,0,0,NULL,NULL),(1778,0,'tag:dtgTesting.com,2021:DTGT_Service_1_cgs01','','DTGT Service 1 (cgs01)','en','',180,'','','','','',0,'',0,0,0,0,0,0,0,3180,'','','','','','','','','','','','','','','','','','','','','',0,'','','','','','','',0,0,0,NULL,NULL),(1779,0,'tag:dtgTesting.com,2021:DTGT_Service_4_cgs01','','DTGT Service 4 (cgs01)','en','',180,'','','','','',0,'',0,0,0,0,0,0,0,3180,'','','','','','','','','','','','','','','','','','','','','',0,'','','','','','','',0,0,0,NULL,NULL),(1780,0,'tag:dtgTesting.com,2021:DTGT_CG_S_http_test_301','','DTGT CG ScheduleInfo http test 301','en','',180,'GBR','','','','',0,'',0,0,0,0,0,0,0,3180,'','','','','','','','','','','','','','','','linear','cgs-dtgt-scheduleInfo-http-error-301','','','tag:dtgTesting.com,2021:DTGT_Service_1_cgs01','',0,'','','','','','','',0,0,0,NULL,NULL),(1781,0,'tag:dtgTesting.com,2021:DTGT_CG_S_http_test_302','','DTGT CG ScheduleInfo http test 302','en','',180,'GBR','','','','',0,'',0,0,0,0,0,0,0,3180,'','','','','','','','','','','','','','','','linear','cgs-dtgt-scheduleInfo-http-error-302','','','tag:dtgTesting.com,2021:DTGT_Service_1_cgs01','',0,'','','','','','','',0,0,0,NULL,NULL),(1782,0,'tag:dtgTesting.com,2021:DTGT_CG_S_http_test_400','','DTGT CG ScheduleInfo http test 400','en','',180,'GBR','','','','',0,'',0,0,0,0,0,0,0,3180,'','','','','','','','','','','','','','','','linear','cgs-dtgt-scheduleInfo-http-error-400','','','tag:dtgTesting.com,2021:DTGT_Service_1_cgs01','',0,'','','','','','','',0,0,0,NULL,NULL),(1783,0,'tag:dtgTesting.com,2021:DTGT_CG_S_http_test_401','','DTGT CG ScheduleInfo http test 401','en','',180,'GBR','','','','',0,'',0,0,0,0,0,0,0,3180,'','','','','','','','','','','','','','','','linear','cgs-dtgt-scheduleInfo-http-error-401','','','tag:dtgTesting.com,2021:DTGT_Service_1_cgs01','',0,'','','','','','','',0,0,0,NULL,NULL),(1784,0,'tag:dtgTesting.com,2021:DTGT_CG_S_http_test_403','','DTGT CG ScheduleInfo http test 403','en','',180,'GBR','','','','',0,'',0,0,0,0,0,0,0,3180,'','','','','','','','','','','','','','','','linear','cgs-dtgt-scheduleInfo-http-error-403','','','tag:dtgTesting.com,2021:DTGT_Service_1_cgs01','',0,'','','','','','','',0,0,0,NULL,NULL),(1785,0,'tag:dtgTesting.com,2021:DTGT_CG_S_http_test_404','','DTGT CG ScheduleInfo http test 404','en','',180,'GBR','','','','',0,'',0,0,0,0,0,0,0,3180,'','','','','','','','','','','','','','','','linear','cgs-dtgt-scheduleInfo-http-error-404','','','tag:dtgTesting.com,2021:DTGT_Service_1_cgs01','',0,'','','','','','','',0,0,0,NULL,NULL),(1786,0,'tag:dtgTesting.com,2021:DTGT_CG_S_http_test_406','','DTGT CG ScheduleInfo http test 406','en','',180,'GBR','','','','',0,'',0,0,0,0,0,0,0,3180,'','','','','','','','','','','','','','','','linear','cgs-dtgt-scheduleInfo-http-error-406','','','tag:dtgTesting.com,2021:DTGT_Service_1_cgs01','',0,'','','','','','','',0,0,0,NULL,NULL),(1787,0,'tag:dtgTesting.com,2021:DTGT_CG_S_http_test_500','','DTGT CG ScheduleInfo http test 500','en','',180,'GBR','','','','',0,'',0,0,0,0,0,0,0,3180,'','','','','','','','','','','','','','','','linear','cgs-dtgt-scheduleInfo-http-error-500','','','tag:dtgTesting.com,2021:DTGT_Service_1_cgs01','',0,'','','','','','','',0,0,0,NULL,NULL),(1788,0,'tag:dtgTesting.com,2021:DTGT_CG_S_http_test_502','','DTGT CG ScheduleInfo http test 502','en','',180,'GBR','','','','',0,'',0,0,0,0,0,0,0,3180,'','','','','','','','','','','','','','','','linear','cgs-dtgt-scheduleInfo-http-error-502','','','tag:dtgTesting.com,2021:DTGT_Service_1_cgs01','',0,'','','','','','','',0,0,0,NULL,NULL),(1789,0,'tag:dtgTesting.com,2021:DTGT_CG_S_http_test_504','','DTGT CG ScheduleInfo http test 504','en','',180,'GBR','','','','',0,'',0,0,0,0,0,0,0,3180,'','','','','','','','','','','','','','','','linear','cgs-dtgt-scheduleInfo-http-error-504','','','tag:dtgTesting.com,2021:DTGT_Service_1_cgs01','',0,'','','','','','','',0,0,0,NULL,NULL),(1790,0,'tag:dtgTesting.com,2021:DTGT_CG_other_http_test_301','','DTGT CG other http test 301','en','',180,'GBR','','','','',0,'',0,0,0,0,0,0,0,3180,'','','','','','','','','','','','','','','','linear','cgs-dtgt-other-http-error-301','','','tag:dtgTesting.com,2021:DTGT_Service_1_cgs01','',0,'','','','','','','',0,0,0,NULL,NULL),(1791,0,'tag:dtgTesting.com,2021:DTGT_CG_other_http_test_302','','DTGT CG other http test 302','en','',180,'GBR','','','','',0,'',0,0,0,0,0,0,0,3180,'','','','','','','','','','','','','','','','linear','cgs-dtgt-other-http-error-302','','','tag:dtgTesting.com,2021:DTGT_Service_1_cgs01','',0,'','','','','','','',0,0,0,NULL,NULL),(1792,0,'tag:dtgTesting.com,2021:DTGT_CG_other_http_test_400','','DTGT CG other http test 400','en','',180,'GBR','','','','',0,'',0,0,0,0,0,0,0,3180,'','','','','','','','','','','','','','','','linear','cgs-dtgt-other-http-error-400','','','tag:dtgTesting.com,2021:DTGT_Service_1_cgs01','',0,'','','','','','','',0,0,0,NULL,NULL),(1793,0,'tag:dtgTesting.com,2021:DTGT_CG_other_http_test_401','','DTGT CG other http test 401','en','',180,'GBR','','','','',0,'',0,0,0,0,0,0,0,3180,'','','','','','','','','','','','','','','','linear','cgs-dtgt-other-http-error-401','','','tag:dtgTesting.com,2021:DTGT_Service_1_cgs01','',0,'','','','','','','',0,0,0,NULL,NULL),(1794,0,'tag:dtgTesting.com,2021:DTGT_CG_other_http_test_403','','DTGT CG other http test 403','en','',180,'GBR','','','','',0,'',0,0,0,0,0,0,0,3180,'','','','','','','','','','','','','','','','linear','cgs-dtgt-other-http-error-403','','','tag:dtgTesting.com,2021:DTGT_Service_1_cgs01','',0,'','','','','','','',0,0,0,NULL,NULL),(1795,0,'tag:dtgTesting.com,2021:DTGT_CG_other_http_test_404','','DTGT CG other http test 404','en','',180,'GBR','','','','',0,'',0,0,0,0,0,0,0,3180,'','','','','','','','','','','','','','','','linear','cgs-dtgt-other-http-error-404','','','tag:dtgTesting.com,2021:DTGT_Service_1_cgs01','',0,'','','','','','','',0,0,0,NULL,NULL),(1796,0,'tag:dtgTesting.com,2021:DTGT_CG_other_http_test_406','','DTGT CG other http test 406','en','',180,'GBR','','','','',0,'',0,0,0,0,0,0,0,3180,'','','','','','','','','','','','','','','','linear','cgs-dtgt-other-http-error-406','','','tag:dtgTesting.com,2021:DTGT_Service_1_cgs01','',0,'','','','','','','',0,0,0,NULL,NULL),(1797,0,'tag:dtgTesting.com,2021:DTGT_CG_other_http_test_500','','DTGT CG other http test 500','en','',180,'GBR','','','','',0,'',0,0,0,0,0,0,0,3180,'','','','','','','','','','','','','','','','linear','cgs-dtgt-other-http-error-500','','','tag:dtgTesting.com,2021:DTGT_Service_1_cgs01','',0,'','','','','','','',0,0,0,NULL,NULL),(1798,0,'tag:dtgTesting.com,2021:DTGT_CG_other_http_test_502','','DTGT CG other http test 502','en','',180,'GBR','','','','',0,'',0,0,0,0,0,0,0,3180,'','','','','','','','','','','','','','','','linear','cgs-dtgt-other-http-error-502','','','tag:dtgTesting.com,2021:DTGT_Service_1_cgs01','',0,'','','','','','','',0,0,0,NULL,NULL),(1799,0,'tag:dtgTesting.com,2021:DTGT_CG_other_http_test_504','','DTGT CG other http test 504','en','',180,'GBR','','','','',0,'',0,0,0,0,0,0,0,3180,'','','','','','','','','','','','','','','','linear','cgs-dtgt-other-http-error-504','','','tag:dtgTesting.com,2021:DTGT_Service_1_cgs01','',0,'','','','','','','',0,0,0,NULL,NULL),(1800,0,'tag:dtgTesting.com,2021:DTGT_ait_http_test_301','','DTGT AIT http test 301','en','',180,'GBR','','','','',11,'urn:dvb:metadata:cs:LinkedApplicationCS:2019:1.1',0,0,0,0,0,0,0,3180,'','','','','','','','','','','','','','','','linear','cgs-dtgt-other-http-error-301','','','tag:dtgTesting.com,2021:DTGT_Service_1_cgs01','',0,'','','','','','','',0,0,0,NULL,NULL),(1801,0,'tag:dtgTesting.com,2021:DTGT_ait_http_test_302','','DTGT AIT http test 302','en','',180,'GBR','','','','',15,'urn:dvb:metadata:cs:LinkedApplicationCS:2019:1.1',0,0,0,0,0,0,0,3180,'','','','','','','','','','','','','','','','linear','cgs-dtgt-other-http-error-301','','','tag:dtgTesting.com,2021:DTGT_Service_1_cgs01','',0,'','','','','','','',0,0,0,NULL,NULL),(1802,0,'tag:dtgTesting.com,2021:DTGT_ait_http_test_400','','DTGT AIT http test 400','en','',180,'GBR','','','','',16,'urn:dvb:metadata:cs:LinkedApplicationCS:2019:1.1',0,0,0,0,0,0,0,3180,'','','','','','','','','','','','','','','','linear','cgs-dtgt-other-http-error-301','','','tag:dtgTesting.com,2021:DTGT_Service_1_cgs01','',0,'','','','','','','',0,0,0,NULL,NULL),(1803,0,'tag:dtgTesting.com,2021:DTGT_ait_http_test_401','','DTGT AIT http test 401','en','',180,'GBR','','','','',17,'urn:dvb:metadata:cs:LinkedApplicationCS:2019:1.1',0,0,0,0,0,0,0,3180,'','','','','','','','','','','','','','','','linear','cgs-dtgt-other-http-error-301','','','tag:dtgTesting.com,2021:DTGT_Service_1_cgs01','',0,'','','','','','','',0,0,0,NULL,NULL),(1804,0,'tag:dtgTesting.com,2021:DTGT_ait_http_test_403','','DTGT AIT http test 403','en','',180,'GBR','','','','',18,'urn:dvb:metadata:cs:LinkedApplicationCS:2019:1.1',0,0,0,0,0,0,0,3180,'','','','','','','','','','','','','','','','linear','cgs-dtgt-other-http-error-301','','','tag:dtgTesting.com,2021:DTGT_Service_1_cgs01','',0,'','','','','','','',0,0,0,NULL,NULL),(1805,0,'tag:dtgTesting.com,2021:DTGT_ait_http_test_404','','DTGT AIT http test 404','en','',180,'GBR','','','','',23,'urn:dvb:metadata:cs:LinkedApplicationCS:2019:1.1',0,0,0,0,0,0,0,3180,'','','','','','','','','','','','','','','','linear','cgs-dtgt-other-http-error-301','','','tag:dtgTesting.com,2021:DTGT_Service_1_cgs01','',0,'','','','','','','',0,0,0,NULL,NULL),(1806,0,'tag:dtgTesting.com,2021:DTGT_ait_http_test_406','','DTGT AIT http test 406','en','',180,'GBR','','','','',19,'urn:dvb:metadata:cs:LinkedApplicationCS:2019:1.1',0,0,0,0,0,0,0,3180,'','','','','','','','','','','','','','','','linear','cgs-dtgt-other-http-error-301','','','tag:dtgTesting.com,2021:DTGT_Service_1_cgs01','',0,'','','','','','','',0,0,0,NULL,NULL),(1807,0,'tag:dtgTesting.com,2021:DTGT_ait_http_test_500','','DTGT AIT http test 500','en','',180,'GBR','','','','',20,'urn:dvb:metadata:cs:LinkedApplicationCS:2019:1.1',0,0,0,0,0,0,0,3180,'','','','','','','','','','','','','','','','linear','cgs-dtgt-other-http-error-301','','','tag:dtgTesting.com,2021:DTGT_Service_1_cgs01','',0,'','','','','','','',0,0,0,NULL,NULL),(1808,0,'tag:dtgTesting.com,2021:DTGT_ait_http_test_502','','DTGT AIT http test 502','en','',180,'GBR','','','','',21,'urn:dvb:metadata:cs:LinkedApplicationCS:2019:1.1',0,0,0,0,0,0,0,3180,'','','','','','','','','','','','','','','','linear','cgs-dtgt-other-http-error-301','','','tag:dtgTesting.com,2021:DTGT_Service_1_cgs01','',0,'','','','','','','',0,0,0,NULL,NULL),(1809,0,'tag:dtgTesting.com,2021:DTGT_ait_http_test_504','','DTGT AIT http test 504','en','',180,'GBR','','','','',22,'urn:dvb:metadata:cs:LinkedApplicationCS:2019:1.1',0,0,0,0,0,0,0,3180,'','','','','','','','','','','','','','','','linear','cgs-dtgt-other-http-error-301','','','tag:dtgTesting.com,2021:DTGT_Service_1_cgs01','',0,'','','','','','','',0,0,0,NULL,NULL),(1810,0,'tag:dtgTesting.com,2021:DTGT_image_http_test_301','','DTGT image http test 301','en','',180,'GBR','','','','',0,'',0,0,0,0,0,0,0,0,'','','https://dvbir6.dtgtesting.com/dvb-i/api-testMaterial/images/error_301.php','','','','','','','','','','','','','linear','cgs-dtgt-other-http-error-301','','','tag:dtgTesting.com,2021:DTGT_Service_1_cgs01','',0,'','','','','','','',0,0,0,NULL,NULL),(1811,0,'tag:dtgTesting.com,2021:DTGT_image_http_test_302','','DTGT image http test 302','en','',180,'GBR','','','','',0,'',0,0,0,0,0,0,0,0,'','','https://dvbir6.dtgtesting.com/dvb-i/api-testMaterial/images/error_302.php','','','','','','','','','','','','','linear','cgs-dtgt-other-http-error-301','','','tag:dtgTesting.com,2021:DTGT_Service_1_cgs01','',0,'','','','','','','',0,0,0,NULL,NULL),(1812,0,'tag:dtgTesting.com,2021:DTGT_image_http_test_400','','DTGT image http test 400','en','',180,'GBR','','','','',0,'',0,0,0,0,0,0,0,0,'','','https://dvbir6.dtgtesting.com/dvb-i/api-testMaterial/images/error_400.php','','','','','','','','','','','','','linear','cgs-dtgt-other-http-error-301','','','tag:dtgTesting.com,2021:DTGT_Service_1_cgs01','',0,'','','','','','','',0,0,0,NULL,NULL),(1813,0,'tag:dtgTesting.com,2021:DTGT_image_http_test_401','','DTGT image http test 401','en','',180,'GBR','','','','',0,'',0,0,0,0,0,0,0,0,'','','https://dvbir6.dtgtesting.com/dvb-i/api-testMaterial/images/error_401.php','','','','','','','','','','','','','linear','cgs-dtgt-other-http-error-301','','','tag:dtgTesting.com,2021:DTGT_Service_1_cgs01','',0,'','','','','','','',0,0,0,NULL,NULL),(1814,0,'tag:dtgTesting.com,2021:DTGT_image_http_test_403','','DTGT image http test 403','en','',180,'GBR','','','','',0,'',0,0,0,0,0,0,0,0,'','','https://dvbir6.dtgtesting.com/dvb-i/api-testMaterial/images/error_403.php','','','','','','','','','','','','','linear','cgs-dtgt-other-http-error-301','','','tag:dtgTesting.com,2021:DTGT_Service_1_cgs01','',0,'','','','','','','',0,0,0,NULL,NULL),(1815,0,'tag:dtgTesting.com,2021:DTGT_image_http_test_404','','DTGT image http test 404','en','',180,'GBR','','','','',0,'',0,0,0,0,0,0,0,0,'','','https://dvbir6.dtgtesting.com/dvb-i/api-testMaterial/images/error_404.php','','','','','','','','','','','','','linear','cgs-dtgt-other-http-error-301','','','tag:dtgTesting.com,2021:DTGT_Service_1_cgs01','',0,'','','','','','','',0,0,0,NULL,NULL),(1816,0,'tag:dtgTesting.com,2021:DTGT_image_http_test_406','','DTGT image http test 406','en','',180,'GBR','','','','',0,'',0,0,0,0,0,0,0,0,'','','https://dvbir6.dtgtesting.com/dvb-i/api-testMaterial/images/error_406.php','','','','','','','','','','','','','linear','cgs-dtgt-other-http-error-301','','','tag:dtgTesting.com,2021:DTGT_Service_1_cgs01','',0,'','','','','','','',0,0,0,NULL,NULL),(1817,0,'tag:dtgTesting.com,2021:DTGT_image_http_test_500','','DTGT image http test 500','en','',180,'GBR','','','','',0,'',0,0,0,0,0,0,0,0,'','','https://dvbir6.dtgtesting.com/dvb-i/api-testMaterial/images/error_500.php','','','','','','','','','','','','','linear','cgs-dtgt-other-http-error-301','','','tag:dtgTesting.com,2021:DTGT_Service_1_cgs01','',0,'','','','','','','',0,0,0,NULL,NULL),(1818,0,'tag:dtgTesting.com,2021:DTGT_image_http_test_502','','DTGT image http test 502','en','',180,'GBR','','','','',0,'',0,0,0,0,0,0,0,0,'','','https://dvbir6.dtgtesting.com/dvb-i/api-testMaterial/images/error_502.php','','','','','','','','','','','','','linear','cgs-dtgt-other-http-error-301','','','tag:dtgTesting.com,2021:DTGT_Service_1_cgs01','',0,'','','','','','','',0,0,0,NULL,NULL),(1819,0,'tag:dtgTesting.com,2021:DTGT_image_http_test_504','','DTGT image http test 504','en','',180,'GBR','','','','',0,'',0,0,0,0,0,0,0,0,'','','https://dvbir6.dtgtesting.com/dvb-i/api-testMaterial/images/error_504.php','','','','','','','','','','','','','linear','cgs-dtgt-other-http-error-301','','','tag:dtgTesting.com,2021:DTGT_Service_1_cgs01','',0,'','','','','','','',0,0,0,NULL,NULL),(1820,0,'tag:dtgTesting.com,2021:DTGT_Service_AC-4','','DTGT Service - AC-4 test','en','',180,'GBR','','','','',0,'',0,0,0,0,0,0,0,3180,'','','','','','','','','','','','','','','','linear','','','','','',0,'','','','','','','',0,0,0,NULL,NULL),(2225,1,'tag:dtgTesting.com,2021:DTGT_Service_15','','DTGT Service 15 - no availability','en','',180,'GBR','','','','',0,'',0,0,0,0,3183,0,0,3180,'','','','','','','','','','','','','','','','linear','','','','','',0,'','','','','','','',0,0,0,NULL,NULL),(2226,1,'tag:dtgTesting.com,2021:DTGT_Service_16','','DTGT Service 16 - no availability','en','',180,'GBR','','','','',0,'',0,0,0,0,0,0,0,3180,'','','','','','','','','','','','','','','','linear','','','','','',0,'','','','','','','',0,0,0,NULL,NULL),(2227,1,'tag:dtgTesting.com,2021:DTGT_Service_1+1','','DTGT Service 1 + 1','en','',180,'GBR','','','','',0,'',0,0,0,0,3180,0,0,3180,'','','','','','','','','','','','','','','','linear','','','','','',0,'','','','','tag:dtgTesting.com,2021:DTGT_Service_1','timeshifted','PT60M',0,0,0,NULL,NULL),(2228,1,'tag:dtgTesting.com,2021:DTGT_Service_1+2','','DTGT Service 1 + 2','en','',180,'GBR','','','','',0,'',0,0,0,0,3180,0,0,3180,'','','','','','','','','','','','','','','','linear','','','','','',0,'','','','','tag:dtgTesting.com,2021:DTGT_Service_1','timeshifted','PT2H',0,0,0,NULL,NULL),(2229,1,'tag:dtgTesting.com,2021:DTGT_Service_55','','DTGT Service 55 - DASH test 5','en','',180,'GBR','','','','',0,'',0,0,0,0,0,0,0,3180,'','','','','','','','','','','','','','','','linear','','','','tag:dtgTesting.com,2021:DTGT_Service_8','',0,'','','','','','','',0,0,0,NULL,NULL),(2230,1,'tag:dtgTesting.com,2023:DTGT_Merge_5','','DTGT Merge 5','en','',180,'GBR','','','','',0,'',0,0,0,0,0,0,0,3180,'','','','','','','','','','','','','','','','linear','','','','','',0,'','','','','','','',0,0,0,NULL,NULL),(2231,1,'tag:dtgTesting.com,2023:DTGT_Merge_6','','DTGT Merge 6','en','',180,'GBR','','','','',0,'',0,0,0,0,0,0,0,3180,'','','','','','','','','','','','','','','','linear','','','','','',0,'','','','','','','',0,0,0,NULL,NULL),(2232,1,'tag:dtgTesting.com,2023:DTGT_Merge_7','','DTGT Merge 7','en','',180,'GBR','','','','',0,'',0,0,0,0,0,0,0,3180,'','','','','','','','','','','','','','','','linear','','','','','',0,'','','','','','','',0,0,0,NULL,NULL),(2233,1,'tag:dtgTesting.com,2023:DTGT_Merge_8','','DTGT Merge 8','en','',180,'GBR','','','','',0,'',0,0,0,0,0,0,0,3180,'','','','','','','','','','','','','','','','linear','','','','','',0,'','','','','','','',0,0,0,NULL,NULL),(2234,1,'tag:dtgTesting.com,2023:DTGT_Merge_11','','DTGT Merge 11 - test','en','',180,'GBR','','','','',0,'',0,0,0,0,0,0,0,3180,'','','','','','','','','','','','','','','','linear','','','','','',0,'','','','','','','',0,0,0,NULL,NULL),(2235,1,'tag:dtgTesting.com,2023:DTGT_Merge_12','','DTGT Merge 12 - test','en','',180,'GBR','','','','',0,'',0,0,0,0,0,0,0,3180,'','','','','','','','','','','','','','','','linear','','','','','',0,'[{\"id\":4007,\"instanceName\":\"DTGT Merge 12 - DTT\",\"serviceID\":2235,\"sourceType\":\"DVB-T\",\"targetCountry\":\"GBR\",\"origNetID\":\"9018\",\"orbitalPosition\":\"\",\"priority\":0,\"polarization\":\"\",\"minimumBitRate\":0,\"displayName\":\"DTGT Merge 12 - DTT\",\"tsID\":\"1\",\"sID\":\"12\",\"logo\":2935,\"ftaContentManagement\":\"\",\"ftaContentManagementCRAoI\":0,\"order\":384},{\"id\":4008,\"instanceName\":\"DTGT Merge 12 - DSat\",\"serviceID\":2235,\"sourceType\":\"DVB-S\",\"targetCountry\":\"GBR\",\"origNetID\":\"2\",\"orbitalPosition\":\"28.2\",\"priority\":2,\"polarization\":\"0\",\"minimumBitRate\":0,\"displayName\":\"DTGT Merge 12 - DSat\",\"tsID\":\"1\",\"sID\":\"12\",\"logo\":2935,\"ftaContentManagement\":\"\",\"ftaContentManagementCRAoI\":0,\"order\":385}]','','','','','','',0,0,0,NULL,NULL),(2236,1,'tag:dtgTesting.com,2023:DTGT_Merge_13','','DTGT Merge 13 - test','en','',180,'GBR','','','','',0,'',0,0,0,0,0,0,0,3180,'','','','','','','','','','','','','','','','linear','','','','','',0,'[{\"id\":4009,\"instanceName\":\"DTGT Service 13 - DTT\",\"serviceID\":2236,\"sourceType\":\"DVB-T\",\"targetCountry\":\"GBR\",\"origNetID\":\"9018\",\"orbitalPosition\":\"\",\"priority\":0,\"polarization\":\"\",\"minimumBitRate\":0,\"displayName\":\"DTGT Service 13 - DTT\",\"tsID\":\"1\",\"sID\":\"13\",\"logo\":2935,\"ftaContentManagement\":\"\",\"ftaContentManagementCRAoI\":0,\"order\":386},{\"id\":4010,\"instanceName\":\"DTGT Merge 13 - DSat\",\"serviceID\":2236,\"sourceType\":\"DVB-S\",\"targetCountry\":\"GBR\",\"origNetID\":\"2\",\"orbitalPosition\":\"28.2\",\"priority\":2,\"polarization\":\"0\",\"minimumBitRate\":0,\"displayName\":\"DTGT Merge 13 - DSat\",\"tsID\":\"1\",\"sID\":\"13\",\"logo\":2935,\"ftaContentManagement\":\"\",\"ftaContentManagementCRAoI\":0,\"order\":387}]','','','','','','',0,0,0,NULL,NULL),(2237,1,'tag:dtgTesting.com,2023:DTGT_Merge_16','','DTGT Merge 16','en','',180,'GBR','','','','',0,'',0,0,0,0,0,0,0,3180,'','','','','','','','','','','','','','','','linear','','','','','',0,'[{\"id\":4011,\"instanceName\":\"DTGT Service 16 - DTT\",\"serviceID\":2237,\"sourceType\":\"DVB-T\",\"targetCountry\":\"GBR\",\"origNetID\":\"9019\",\"orbitalPosition\":\"\",\"priority\":0,\"polarization\":\"\",\"minimumBitRate\":0,\"displayName\":\"DTGT Service 16 - DTT\",\"tsID\":\"1\",\"sID\":\"16\",\"logo\":2935,\"ftaContentManagement\":\"\",\"ftaContentManagementCRAoI\":0,\"order\":388},{\"id\":4012,\"instanceName\":\"DTGT Merge 16 - DSat\",\"serviceID\":2237,\"sourceType\":\"DVB-S\",\"targetCountry\":\"GBR\",\"origNetID\":\"3\",\"orbitalPosition\":\"28.2\",\"priority\":2,\"polarization\":\"horizontal\",\"minimumBitRate\":0,\"displayName\":\"DTGT Merge 16 - DSat\",\"tsID\":\"1\",\"sID\":\"16\",\"logo\":2935,\"ftaContentManagement\":\"\",\"ftaContentManagementCRAoI\":0,\"order\":389}]','','','','','','',0,0,0,NULL,NULL),(2238,1,'tag:dtgTesting.com,2023:DTGT_Merge_17','','DTGT Merge 17','en','',180,'GBR','','','','',0,'',0,0,0,0,0,0,0,3180,'','','','','','','','','','','','','','','','linear','','','','','',0,'[{\"id\":4013,\"instanceName\":\"DTGT Service 17 - DTT\",\"serviceID\":2238,\"sourceType\":\"DVB-T\",\"targetCountry\":\"GBR\",\"origNetID\":\"9018\",\"orbitalPosition\":\"\",\"priority\":0,\"polarization\":\"\",\"minimumBitRate\":0,\"displayName\":\"DTGT Service 17 - DTT\",\"tsID\":\"2\",\"sID\":\"17\",\"logo\":2935,\"ftaContentManagement\":\"\",\"ftaContentManagementCRAoI\":0,\"order\":390},{\"id\":4014,\"instanceName\":\"DTGT Merge 17 - DSat\",\"serviceID\":2238,\"sourceType\":\"DVB-S\",\"targetCountry\":\"GBR\",\"origNetID\":\"2\",\"orbitalPosition\":\"28.2\",\"priority\":2,\"polarization\":\"horizontal\",\"minimumBitRate\":0,\"displayName\":\"DTGT Merge 17 - DSat\",\"tsID\":\"2\",\"sID\":\"17\",\"logo\":2935,\"ftaContentManagement\":\"\",\"ftaContentManagementCRAoI\":0,\"order\":391}]','','','','','','',0,0,0,NULL,NULL),(2239,1,'tag:dtgTesting.com,2023:DTGT_Merge_18','','DTGT Merge 18','en','',180,'GBR','','','','',0,'',0,0,0,0,0,0,0,3180,'','','','','','','','','','','','','','','','linear','','','','','',0,'','','','','','','',0,0,0,NULL,NULL),(2240,1,'tag:dtgTesting.com,2023:DTGT_Merge_19','','DTGT Merge 19','en','',180,'GBR','','','','',0,'',0,0,0,0,0,0,0,3180,'','','','','','','','','','','','','','','','linear','','','','','',0,'','','','','','','',0,0,0,NULL,NULL),(2241,0,'tag:dtgTesting.com,2023:DTGT_Carousel_1','','DTGT Carousel Service 1','en','',180,'GBR','','','','',0,'',0,0,0,0,0,0,0,0,'','','images/DTGTlogo_16x9_colour.jpg','','images/DTGTlogo_16x9_colour.jpg','','','','','','','','','','','linear','','','','','',0,'','','','','','','',0,0,0,NULL,NULL),(2242,0,'tag:dtgTesting.com,2023:DTGT_Carousel_2','','DTGT Carousel Service 2','en','',180,'GBR','','','','',0,'',0,0,0,0,0,0,0,0,'','','images/DTGTlogo_16x9_colour.jpg','','images/DTGTlogo_16x9_colour.jpg','','','','','','','','','','','linear','','','','','',0,'','','','','','','',0,0,0,NULL,NULL),(2243,0,'tag:dtgTesting.com,2023:DTGT_Carousel_3','','DTGT Carousel Service 3','en','',180,'GBR','','','','',0,'',0,0,0,0,0,0,0,0,'','','images/DTGTlogo_16x9_colour.jpg','','images/DTGTlogo_16x9_colour.jpg','','','','','','','','','','','linear','','','','','',0,'','','','','','','',0,0,0,NULL,NULL),(2244,0,'tag:dtgTesting.com,2023:DTGT_Carousel_4','','DTGT Carousel Service 4','en','',180,'GBR','','','','',0,'',0,0,0,0,0,0,0,0,'','','images/DTGTlogo_16x9_colour.jpg','','images/DTGTlogo_16x9_colour.jpg','','','','','','','','','','','linear','','','','','',0,'','','','','','','',0,0,0,NULL,NULL),(2245,0,'tag:dtgTesting.com,2024:DTGT_Prominence_1','','DTGT Prominence 1','en','',180,'','','','','',0,'',0,0,0,0,0,0,0,3181,'','','','','','','','','','','','','','','','linear','cgs-dtgt-01','','','tag:dtgTesting.com,2021:DTGT_Service_1_cgs01','',0,'','','','','','','',0,0,0,NULL,NULL),(2246,0,'tag:dtgTesting.com,2024:DTGT_Prominence_2','','DTGT Prominence 2','en','',180,'','','','','',0,'',0,0,0,0,0,0,0,3181,'','','','','','','','','','','','','','','','linear','cgs-dtgt-01','','','tag:dtgTesting.com,2021:DTGT_Service_2_cgs01','',0,'','','','','','','',0,0,0,NULL,NULL),(2247,0,'tag:dtgTesting.com,2024:DTGT_Prominence_3','','DTGT Prominence 3','en','',180,'','','','','',0,'',0,0,0,0,0,0,0,3181,'','','','','','','','','','','','','','','','linear','cgs-dtgt-01','','','tag:dtgTesting.com,2021:DTGT_Service_3_cgs01','',0,'','','','','','','',0,0,0,NULL,NULL),(2248,0,'tag:dtgTesting.com,2024:DTGT_Prominence_4','','DTGT Prominence 4','en','',180,'','','','','',0,'',0,0,0,0,0,0,0,3181,'','','','','','','','','','','','','','','','linear','cgs-dtgt-01','','','tag:dtgTesting.com,2021:DTGT_Service_4_cgs01','',0,'','','','','','','',0,0,0,NULL,NULL),(2249,0,'tag:dtgTesting.com,2024:DTGT_Prominence_5','','DTGT Prominence 5','en','',180,'','','','','',0,'',0,0,0,0,0,0,0,3181,'','','','','','','','','','','','','','','','linear','0','','','','',0,'','','','','','','',0,0,0,NULL,NULL),(2250,0,'tag:dtgTesting.com,2024:DTGT_Prominence_6','','DTGT Prominence 6','en','',180,'','','','','',0,'',0,0,0,0,0,0,0,3181,'','','','','','','','','','','','','','','','linear','0','','','','',0,'','','','','','','',0,0,0,NULL,NULL),(2251,0,'tag:dtgTesting.com,2024:DTGT_Prominence_7','','DTGT Prominence 7','en','',180,'','','','','',0,'',0,0,0,0,0,0,0,3181,'','','','','','','','','','','','','','','','linear','0','','','','',0,'','','','','','','',0,0,0,NULL,NULL),(2252,0,'tag:dtgTesting.com,2024:DTGT_Prominence_8','','DTGT Prominence 8','en','',180,'','','','','',0,'',0,0,0,0,0,0,0,3181,'','','','','','','','','','','','','','','','linear','0','','','','',0,'','','','','','','',0,0,0,NULL,NULL),(2253,1,'tag:dtgTesting.com,2021:DTGT_Service_1_no_cg','','DTGT Service 1 - no CG','en','[{\"id\":28,\"language\":\"cy\",\"name\":\"Sianel DTGT 1\",\"descriptionShort\":\"\",\"descriptionMedium\":\"\",\"descriptionLong\":\"\",\"serviceID\":\"tag:dtgTesting.com,2021:DTGT_Service_1\",\"order\":1},{\"id\":36,\"language\":\"fr\",\"name\":\"Canal DTGT 1\",\"descriptionShort\":\"\",\"descriptionMedium\":\"\",\"descriptionLong\":\"\",\"serviceID\":\"tag:dtgTesting.com,2021:DTGT_Service_1\",\"order\":4}]',180,'GBR','','','urn:dvb:metadata:cs:ContentSubject:2019:8','1',0,'0',25,0,0,0,2935,3180,0,3180,'','','','','','','','','','','','','A short description of DTGT Service 1','A medium length description of DTGT Service 1 which gives more information','A long length description of DTGT Service 1 which gives more information and goes into greater detail about its content,','linear','0','','','','dynamic,replayAvailable',0,'[{\"id\":2655,\"instanceName\":\"DTGT Service 1 - DTT\",\"serviceID\":1735,\"sourceType\":\"DVB-T\",\"targetCountry\":\"GBR\",\"origNetID\":\"9018\",\"orbitalPosition\":\"\",\"priority\":2,\"polarization\":\"\",\"minimumBitRate\":0,\"displayName\":\"DTGT DTT S1 Ch1\",\"tsID\":\"1\",\"sID\":\"1\",\"logo\":2935,\"ftaContentManagement\":\"doNotApplyRevocation\",\"ftaContentManagementCRAoI\":1,\"order\":224},{\"id\":2656,\"instanceName\":\"DTGT Service 1 - DSat\",\"serviceID\":1735,\"sourceType\":\"DVB-S\",\"targetCountry\":\"GBR\",\"origNetID\":\"2\",\"orbitalPosition\":\"28.2\",\"priority\":2,\"polarization\":\"horizontal\",\"minimumBitRate\":0,\"displayName\":\"DTGT DSat S1 Ch1\",\"tsID\":\"1\",\"sID\":\"1\",\"logo\":2935,\"ftaContentManagement\":\"\",\"ftaContentManagementCRAoI\":0,\"order\":225},{\"id\":2657,\"instanceName\":\"DTGT Service 1 - DASH\",\"serviceID\":1735,\"sourceType\":\"DVB-DASH\",\"targetCountry\":\"GBR\",\"origNetID\":\"2\",\"orbitalPosition\":\"28.2\",\"priority\":2,\"polarization\":\"\",\"minimumBitRate\":0,\"displayName\":\"DTGT DASH Ch1\",\"tsID\":\"1\",\"sID\":\"1\",\"logo\":2935,\"ftaContentManagement\":\"\",\"ftaContentManagementCRAoI\":0,\"order\":226},{\"id\":2658,\"instanceName\":\"DTGT Service 1 - HLS\",\"serviceID\":1735,\"sourceType\":\"Other delivery parameters\",\"targetCountry\":\"GBR\",\"origNetID\":\"\",\"orbitalPosition\":\"0\",\"priority\":2,\"polarization\":\"\",\"minimumBitRate\":0,\"displayName\":\"DTGT HLS Ch1\",\"tsID\":\"\",\"sID\":\"\",\"logo\":2935,\"ftaContentManagement\":\"\",\"ftaContentManagementCRAoI\":0,\"order\":293}]','','','','0','reference','',0,0,0,NULL,NULL),(2254,1,'urn:dvb:metadata:service:DTGT_Service_2_no_cg','','DTGT Service 2 - no cg','en','',180,'GBR','','','urn:dvb:metadata:cs:ContentSubject:2019:1','',0,'',0,0,0,0,0,3181,0,3181,'','','','','','','','','','','','','','','','linear','0','','','','',0,'[{\"id\":2652,\"instanceName\":\"DTGT Service 2 - DSat\",\"serviceID\":1736,\"sourceType\":\"DVB-S\",\"targetCountry\":\"GBR\",\"origNetID\":\"2\",\"orbitalPosition\":\"28.2\",\"priority\":2,\"polarization\":\"horizontal\",\"minimumBitRate\":0,\"displayName\":\"DTGT DSat S1 Ch2\",\"tsID\":\"1\",\"sID\":\"2\",\"logo\":2935,\"ftaContentManagement\":\"doNotScramble,doNotApplyRevocation\",\"ftaContentManagementCRAoI\":2,\"order\":1},{\"id\":2653,\"instanceName\":\"DTGT Service 2 - DASH\",\"serviceID\":1736,\"sourceType\":\"DVB-DASH\",\"targetCountry\":\"GBR\",\"origNetID\":\"2\",\"orbitalPosition\":\"28.2\",\"priority\":2,\"polarization\":\"\",\"minimumBitRate\":0,\"displayName\":\"DTGT DASH Ch2\",\"tsID\":\"1\",\"sID\":\"1\",\"logo\":2935,\"ftaContentManagement\":\"\",\"ftaContentManagementCRAoI\":0,\"order\":221},{\"id\":2654,\"instanceName\":\"DTGT Service 2 - HLS\",\"serviceID\":1736,\"sourceType\":\"Other delivery parameters\",\"targetCountry\":\"GBR\",\"origNetID\":\"\",\"orbitalPosition\":\"0\",\"priority\":2,\"polarization\":\"\",\"minimumBitRate\":0,\"displayName\":\"DTGT HLS Ch2\",\"tsID\":\"\",\"sID\":\"\",\"logo\":2935,\"ftaContentManagement\":\"\",\"ftaContentManagementCRAoI\":0,\"order\":222},{\"id\":2651,\"instanceName\":\"DTGT Service 2 - DTT\",\"serviceID\":1736,\"sourceType\":\"DVB-T\",\"targetCountry\":\"GBR\",\"origNetID\":\"9018\",\"orbitalPosition\":\"\",\"priority\":1,\"polarization\":\"\",\"minimumBitRate\":0,\"displayName\":\"DTGT DTT S1 Ch2\",\"tsID\":\"1\",\"sID\":\"2\",\"logo\":2935,\"ftaContentManagement\":\"\",\"ftaContentManagementCRAoI\":0,\"order\":223}]','','','','','','',0,0,0,NULL,NULL),(2255,1,'tag:dtgTesting.com,2021:DTGT_Service_3_no_cg','','DTGT Service 3 no CG','en','',180,'GBR','','','','',0,'',0,0,0,0,0,3180,0,3180,'','','','','','','','','','','','','','','','linear','0','','','','',0,'[{\"id\":2661,\"instanceName\":\"DTGT Service 3 - DASH\",\"serviceID\":1737,\"sourceType\":\"DVB-DASH\",\"targetCountry\":\"GBR\",\"origNetID\":\"2\",\"orbitalPosition\":\"28.2\",\"priority\":1,\"polarization\":\"\",\"minimumBitRate\":0,\"displayName\":\"DTGT DASH Ch3\",\"tsID\":\"1\",\"sID\":\"1\",\"logo\":2935,\"ftaContentManagement\":\"\",\"ftaContentManagementCRAoI\":0,\"order\":228},{\"id\":2662,\"instanceName\":\"DTGT Service 3 - HLS\",\"serviceID\":1737,\"sourceType\":\"Other delivery parameters\",\"targetCountry\":\"GBR\",\"origNetID\":\"\",\"orbitalPosition\":\"0\",\"priority\":2,\"polarization\":\"\",\"minimumBitRate\":0,\"displayName\":\"DTGT HLS Ch3\",\"tsID\":\"\",\"sID\":\"\",\"logo\":2935,\"ftaContentManagement\":\"\",\"ftaContentManagementCRAoI\":0,\"order\":229},{\"id\":2659,\"instanceName\":\"DTGT Service 3 - DTT\",\"serviceID\":1737,\"sourceType\":\"DVB-T\",\"targetCountry\":\"GBR\",\"origNetID\":\"9018\",\"orbitalPosition\":\"\",\"priority\":1,\"polarization\":\"\",\"minimumBitRate\":0,\"displayName\":\"DTGT DTT S1 Ch3\",\"tsID\":\"1\",\"sID\":\"3\",\"logo\":2935,\"ftaContentManagement\":\"\",\"ftaContentManagementCRAoI\":0,\"order\":230},{\"id\":2660,\"instanceName\":\"DTGT Service 3 - DSat\",\"serviceID\":1737,\"sourceType\":\"DVB-S\",\"targetCountry\":\"GBR\",\"origNetID\":\"2\",\"orbitalPosition\":\"28.2\",\"priority\":2,\"polarization\":\"horizontal\",\"minimumBitRate\":0,\"displayName\":\"DTGT DSat S1 Ch3\",\"tsID\":\"1\",\"sID\":\"3\",\"logo\":2935,\"ftaContentManagement\":\"\",\"ftaContentManagementCRAoI\":0,\"order\":231}]','','','','','','',0,0,0,NULL,NULL),(2256,1,'tag:dtgTesting.com,2021:DTGT_Service_4_no_CG','','DTGT Service 4 no CG','fr','',180,'GBR','','','','',0,'',0,0,0,0,0,3180,0,2935,'','','','','','','','','','','','','','','','linear','0','','','','',0,'','','','','','','',0,0,0,NULL,NULL),(2257,1,'tag:dtgTesting.com,2021:DTGT_Service_8_2','','DTGT Service 8 Nation 2','en','',180,'GBR','','','','',0,'',0,0,0,0,0,0,0,3180,'','','','','','','','','','','','','','','','linear','','','','tag:dtgTesting.com,2021:DTGT_Service_8','',0,'','','','','','','',0,0,0,NULL,NULL),(2258,1,'tag:dtgTesting.com,2021:DTGT_Service_8_2_1','','DTGT Service 8 Nation 2 Region 1','en','',180,'GBR','','','','',0,'',0,0,0,0,0,0,0,3180,'','','','','','','','','','','','','','','','linear','','','','tag:dtgTesting.com,2021:DTGT_Service_8','',0,'','','','','','','',0,0,0,NULL,NULL),(2259,1,'tag:dtgTesting.com,2021:DTGT_Service_8_2_2','','DTGT Service 8 Nation 2 Region 2','en','',180,'GBR','','','','',0,'',0,0,0,0,0,0,0,3180,'','','','','','','','','','','','','','','','linear','','','','tag:dtgTesting.com,2021:DTGT_Service_8','',0,'','','','','','','',0,0,0,NULL,NULL),(2260,1,'tag:dtgTesting.com,2024:DTGT_Service_GBR','','DTGT Service Nat GBR','en','',180,'GBR','','','','',0,'',0,0,0,0,0,0,0,3180,'','','','','','','','','','','','','','','','linear','','','','','',0,'','','','','','','',0,0,0,NULL,NULL),(2261,1,'tag:dtgTesting.com,2024:DTGT_Service_DEU','','DTGT Service Nat DEU','en','',180,'GBR','','','','',0,'',0,0,0,0,0,0,0,3180,'','','','','','','','','','','','','','','','linear','','','','','',0,'','','','','','','',0,0,0,NULL,NULL),(2262,1,'tag:dtgTesting.com,2024:DTGT_Service_ITA','','DTGT Service Nat ITA','en','',180,'GBR','','','','',0,'',0,0,0,0,0,0,0,3180,'','','','','','','','','','','','','','','','linear','','','','','',0,'','','','','','','',0,0,0,NULL,NULL),(2263,1,'tag:dtgTesting.com,2024:DTGT_Service_IRL','','DTGT Service Nat IRL','en','',180,'GBR','','','','',0,'',0,0,0,0,0,0,0,3180,'','','','','','','','','','','','','','','','linear','','','','','',0,'','','','','','','',0,0,0,NULL,NULL),(2264,1,'tag:dtgTesting.com,2024:DTGT_LCNRangeTest_A','','DTGT LCNRange Test A','en','',180,'GBR','','','','',0,'',0,0,0,0,0,0,0,3180,'','','','','','','','','','','','','','','','linear','','','','','',0,'','','','','','','',0,0,0,NULL,NULL),(2265,1,'tag:dtgTesting.com,2024:DTGT_LCNRangeTest_B','','DTGT LCNRange Test B','en','',180,'GBR','','','','',0,'',0,0,0,0,0,0,0,3180,'','','','','','','','','','','','','','','','linear','','','','','',0,'','','','','','','',0,0,0,NULL,NULL),(2266,1,'tag:dtgTesting.com,2024:DTGT_LCNRangeTest_C','','DTGT LCNRange Test C','en','',180,'GBR','','','','',0,'',0,0,0,0,0,0,0,3180,'','','','','','','','','','','','','','','','linear','','','','','',0,'','','','','','','',0,0,0,NULL,NULL),(2267,1,'tag:dtgTesting.com,2024:DTGT_LCNRangeTest_D','','DTGT LCNRange Test D','en','',180,'GBR','','','','',0,'',0,0,0,0,0,0,0,3180,'','','','','','','','','','','','','','','','linear','','','','','',0,'[{\"id\":4121,\"instanceName\":\"DTGT LCNRange Test D - DASH\",\"serviceID\":2267,\"sourceType\":\"DVB-DASH\",\"targetCountry\":\"GBR\",\"origNetID\":\"\",\"orbitalPosition\":\"0\",\"transponderID\":0,\"priority\":2,\"polarization\":\"\",\"minimumBitRate\":0,\"displayName\":\"DTGT LCNRange Test D DASH\",\"tsID\":\"\",\"sID\":\"\",\"logo\":2935,\"ftaContentManagement\":\"\",\"ftaContentManagementCRAoI\":0,\"order\":492},{\"id\":4122,\"instanceName\":\"DTGT LCNRange Test 4 - HLS\",\"serviceID\":2267,\"sourceType\":\"Other delivery parameters\",\"targetCountry\":\"0\",\"origNetID\":\"\",\"orbitalPosition\":\"0\",\"transponderID\":0,\"priority\":2,\"polarization\":\"\",\"minimumBitRate\":0,\"displayName\":\"DTGT Service 4 HLS\",\"tsID\":\"\",\"sID\":\"\",\"logo\":2935,\"ftaContentManagement\":\"\",\"ftaContentManagementCRAoI\":0,\"order\":493},{\"id\":4164,\"instanceName\":\"DTGT LCNRange Test 4 - DTT\",\"serviceID\":2267,\"sourceType\":\"DVB-T\",\"targetCountry\":\"0\",\"origNetID\":\"9018\",\"orbitalPosition\":\"0\",\"transponderID\":0,\"priority\":2,\"polarization\":\"\",\"minimumBitRate\":0,\"displayName\":\"DTGT LCNRange Test 4 DTT\",\"tsID\":\"1\",\"sID\":\"4\",\"logo\":2935,\"ftaContentManagement\":\"\",\"ftaContentManagementCRAoI\":0,\"order\":534},{\"id\":4165,\"instanceName\":\"DTGT LCNRange Test 4 - DSat\",\"serviceID\":2267,\"sourceType\":\"DVB-S\",\"targetCountry\":\"0\",\"origNetID\":\"\",\"orbitalPosition\":\"0\",\"transponderID\":0,\"priority\":2,\"polarization\":\"\",\"minimumBitRate\":0,\"displayName\":\"DTGT LCNRange Test 4 DSat\",\"tsID\":\"\",\"sID\":\"\",\"logo\":2935,\"ftaContentManagement\":\"\",\"ftaContentManagementCRAoI\":0,\"order\":535}]','','','','','','',0,0,0,NULL,NULL),(2268,1,'tag:dtgTesting.com,2024:DTGT_LCNRangeTest_E','','DTGT LCNRange Test E','en','',180,'GBR','','','','',0,'',0,0,0,0,0,0,0,3180,'','','','','','','','','','','','','','','','linear','','','','','',0,'','','','','','','',0,0,0,NULL,NULL),(2269,1,'tag:dtgTesting.com,2024:DTGT_LCNRangeTest_F','','DTGT LCNRange Test F','en','',180,'GBR','','','','',0,'',0,0,0,0,0,0,0,3180,'','','','','','','','','','','','','','','','linear','','','','','',0,'','','','','','','',0,0,0,NULL,NULL),(2270,1,'tag:dtgTesting.com,2024:DTGT_LCNRangeTest_G','','DTGT LCNRange Test G','en','',180,'GBR','','','','',0,'',0,0,0,0,0,0,0,3180,'','','','','','','','','','','','','','','','linear','','','','','',0,'','','','','','','',0,0,0,NULL,NULL),(2271,1,'tag:dtgTesting.com,2024:DTGT_LCNRangeTest_H','','DTGT LCNRange Test H','en','',180,'GBR','','','','',0,'',0,0,0,0,0,0,0,3180,'','','','','','','','','','','','','','','','linear','','','','','',0,'','','','','','','',0,0,0,NULL,NULL),(2272,1,'tag:dtgTesting.com,2024:DTGT_LCNRangeTest_I','','DTGT LCNRange Test I','en','',180,'GBR','','','','',0,'',0,0,0,0,0,0,0,3180,'','','','','','','','','','','','','','','','linear','','','','','',0,'','','','','','','',0,0,0,NULL,NULL),(2273,1,'tag:dtgTesting.com,2024:DTGT_LCNRangeTest_J','','DTGT LCNRange Test J','en','',180,'GBR','','','','',0,'',0,0,0,0,0,0,0,3180,'','','','','','','','','','','','','','','','linear','','','','','',0,'','','','','','','',0,0,0,NULL,NULL),(2274,1,'tag:dtgTesting.com,2024:DTGT_LCNRangeTest_K','','DTGT LCNRange Test K','en','',180,'GBR','','','','',0,'',0,0,0,0,0,0,0,3180,'','','','','','','','','','','','','','','','linear','','','','','',0,'','','','','','','',0,0,0,NULL,NULL),(2275,1,'tag:dtgTesting.com,2024:DTGT_LCNRangeTest_L','','DTGT LCNRange Test L','en','',180,'GBR','','','','',0,'',0,0,0,0,0,0,0,3180,'','','','','','','','','','','','','','','','linear','','','','','',0,'','','','','','','',0,0,0,NULL,NULL),(2276,1,'tag:dtgTesting.com,2024:DTGT_LCNRangeTest_M','','DTGT LCNRange Test M','en','',180,'GBR','','','','',0,'',0,0,0,0,0,0,0,3180,'','','','','','','','','','','','','','','','linear','','','','','',0,'','','','','','','',0,0,0,NULL,NULL),(2277,1,'tag:dtgTesting.com,2024:DTGT_LCNRangeTest_N','','DTGT LCNRange Test N','en','',180,'GBR','','','','',0,'',0,0,0,0,0,0,0,3180,'','','','','','','','','','','','','','','','linear','','','','','',0,'','','','','','','',0,0,0,NULL,NULL),(2278,1,'tag:dtgTesting.com,2024:DTGT_LCNRangeTest_O','','DTGT LCNRange Test O','en','',180,'GBR','','urn:dvb:metadata:cs:ContentSubject:2019','2.0','',0,'',0,0,0,0,0,0,0,3180,'','','','','','','','','','','','','','','','linear','','','','','',0,'','','','','','','',0,0,0,NULL,NULL),(2279,1,'tag:dtgTesting.com,2024:DTGT_LCNRangeTest_P','','DTGT LCNRange Test P','en','',180,'GBR','','urn:dvb:metadata:cs:ContentSubject:2019','2.0','',0,'',0,0,0,0,0,0,0,3180,'','','','','','','','','','','','','','','','linear','','','','','',0,'','','','','','','',0,0,0,NULL,NULL),(2280,1,'tag:dtgTesting.com,2024:DTGT_LCNRangeTest_Q','','DTGT LCNRange Test Q','en','',180,'GBR','','urn:dvb:metadata:cs:ContentSubject:2019','2.0','',0,'',0,0,0,0,0,0,0,3180,'','','','','','','','','','','','','','','','linear','','','','','',0,'','','','','','','',0,0,0,NULL,NULL),(2281,1,'tag:dtgTesting.com,2024:DTGT_LCNRangeTest_R','','DTGT LCNRange Test R','en','',180,'GBR','','','','',0,'',0,0,0,0,0,0,0,3180,'','','','','','','','','','','','','','','','linear','','','','','',0,'','','','','','','',0,0,0,NULL,NULL),(2282,1,'tag:dtgTesting.com,2024:DTGT_LCNRangeTest_S','','DTGT LCNRange Test S','en','',180,'GBR','','','','',0,'',0,0,0,0,0,0,0,3180,'','','','','','','','','','','','','','','','linear','','','','','',0,'','','','','','','',0,0,0,NULL,NULL),(2283,1,'tag:dtgTesting.com,2024:DTGT_LCNRangeTest_T','','DTGT LCNRange Test T','en','',180,'GBR','','','','',0,'',0,0,0,0,0,0,0,3180,'','','','','','','','','','','','','','','','linear','','','','','',0,'','','','','','','',0,0,0,NULL,NULL),(2284,1,'tag:dtgTesting.com,2024:DTGT_LCNRangeTest_U','','DTGT LCNRange Test radio U','en','',180,'GBR','','','','',0,'',0,0,0,0,0,0,0,3180,'','','','','','','','','','','','','','','','linear-radio','','','','','',0,'','','','','','0','',0,0,0,NULL,NULL),(2285,1,'tag:dtgTesting.com,2024:DTGT_LCNRangeTest_V','','DTGT LCNRange Test radio V','en','',180,'GBR','','','','',0,'',0,0,0,0,0,0,0,3180,'','','','','','','','','','','','','','','','linear-radio','','','','','',0,'','','','','','0','',0,0,0,NULL,NULL),(2286,1,'tag:dtgTesting.com,2024:DTGT_LCNRangeTest_W','','DTGT LCNRange Test radio W','en','',180,'GBR','','','','',0,'',0,0,0,0,0,0,0,3180,'','','','','','','','','','','','','','','','linear-radio','','','','','',0,'','','','','','0','',0,0,0,NULL,NULL),(2287,1,'tag:dtgTesting.com,2024:DTGT_LCNRangeTest_X','','DTGT LCNRange Test radio X','en','',180,'GBR','','','','',0,'',0,0,0,0,0,0,0,3180,'','','','','','','','','','','','','','','','linear-radio','','','','','',0,'','','','','','0','',0,0,0,NULL,NULL),(2288,1,'tag:dtgTesting.com,2021:DTGT_Service_21','','DTGT Service 21','en','',180,'GBR','','','','',0,'',0,0,0,0,0,0,0,3180,'','','','','','','','','','','','','','','','linear','','','','','',0,'','','','','','','',0,0,0,NULL,NULL),(2289,1,'tag:dtgTesting.com,2021:DTGT_Service_22','','DTGT Service 22','en','',180,'GBR','','','','',0,'',0,0,0,0,0,0,0,3180,'','','','','','','','','','','','','','','','linear','','','','','',0,'','','','','','','',0,0,0,NULL,NULL),(2290,1,'urn:dvb:metadata:service:DTGT_Service_14','','DTGT Service 14 - invalid UID','en','',180,'GBR','','','','',0,'',0,0,0,0,0,0,0,3180,'','','','','','','','','','','','','','','','linear','','','','','',0,'','','','','','','',0,0,0,NULL,NULL),(2291,0,'tag:dtgTesting.com,2024:DTGT_tuning_test_5','','DTGT Tuning test 5','en','',180,'GBR','','','','',0,'',0,0,0,0,0,0,0,3181,'','','','','','','','','','','','','','','','linear','','','','','',0,'','','','','','','',0,0,0,NULL,NULL),(2292,0,'tag:dtgTesting.com,2024:DTGT_tuning_test_6','','DTGT Tuning test 6','en','',180,'GBR','','','','',0,'',0,0,0,0,0,0,0,3181,'','','','','','','','','','','','','','','','linear','','','','','',0,'','','','','','','',0,0,0,NULL,NULL),(2293,0,'tag:dtgTesting.com,2024:DTGT_tuning_test_7','','DTGT Tuning test 7','en','',180,'GBR','','','','',0,'',0,0,0,0,0,0,0,3181,'','','','','','','','','','','','','','','','linear','','','','','',0,'','','','','','','',0,0,0,NULL,NULL),(2294,1,'tag:dtgTesting.com,2024:DTGT_Service_41','','DTGT Service 41','en','',180,'GBR','','','','',0,'',0,0,0,0,0,0,0,3180,'','','','','','','','','','','','','','','','linear','','','','','',0,'','','','','','','',0,0,0,NULL,NULL),(2296,1,'tag:dtgTesting.com,2024:DTGT_Service_42','','DTGT Service 42','en','',180,'GBR','','','','',0,'',0,0,0,0,0,0,0,3180,'','','','','','','','','','','','','','','','linear','','','','','',0,'','','','','','','',0,0,0,NULL,NULL),(2297,1,'tag:dtgTesting.com,2024:DTGT_Service_43','','DTGT Service 43','en','',180,'GBR','','','','',0,'',0,0,0,0,0,0,0,3180,'','','','','','','','','','','','','','','','linear','','','','','',0,'','','','','','','',0,0,0,NULL,NULL),(2298,0,'tag:dtgTesting.com,2021:DTGT_app_testing_14','','DTGT app testing 14','en','',180,'GBR','','','','',24,'urn:dvb:metadata:cs:LinkedApplicationCS:2019:1.2',0,0,0,0,0,0,0,3180,'','','','','','','','','','','','','','','','linear','','','','','',0,'','','','','','','',0,0,0,NULL,NULL),(2299,0,'tag:dtgTesting.com,2021:DTGT_Service_99','','DTGT Service 99 - test','en','',180,'GBR','','','','',0,'',0,0,0,0,0,0,0,3181,'','','','','','','','','','','','','','','','linear','','','','','',0,'','','','','','','',0,0,0,NULL,NULL),(2300,0,'tag:dtgTesting.com,2024:DTGT_tuning_test_8','','DTGT Tuning test 8','en','',180,'GBR','','','','',0,'',0,0,0,0,0,0,0,3181,'','','','','','','','','','','','','','','','linear','','','','','',0,'','','','','','','',0,0,0,NULL,NULL),(2301,1,'tag:dtgTesting.com,2021:DTGT_Service_1_cached','','DTGT Service 1 (cached)','en','[{\"id\":28,\"language\":\"cy\",\"name\":\"Sianel DTGT 1\",\"descriptionShort\":\"\",\"descriptionMedium\":\"\",\"descriptionLong\":\"\",\"serviceID\":\"tag:dtgTesting.com,2021:DTGT_Service_1\",\"order\":1},{\"id\":36,\"language\":\"fr\",\"name\":\"Canal DTGT 1\",\"descriptionShort\":\"\",\"descriptionMedium\":\"\",\"descriptionLong\":\"\",\"serviceID\":\"tag:dtgTesting.com,2021:DTGT_Service_1\",\"order\":4}]',180,'GBR','','','urn:dvb:metadata:cs:ContentSubject:2019:8','1',0,'0',25,0,0,0,2935,3180,0,3180,'','','','','','','','','','','','','A short description of DTGT Service 1','A medium length description of DTGT Service 1 which gives more information','A long length description of DTGT Service 1 which gives more information and goes into greater detail about its content,','linear','cgs-dtgt-01-cached','','','tag:dtgTesting.com,2021:DTGT_Service_1_cgs01','dynamic,replayAvailable',0,'[{\"id\":2655,\"instanceName\":\"DTGT Service 1 - DTT\",\"serviceID\":1735,\"sourceType\":\"DVB-T\",\"targetCountry\":\"GBR\",\"origNetID\":\"9018\",\"orbitalPosition\":\"\",\"transponderID\":0,\"priority\":2,\"polarization\":\"\",\"minimumBitRate\":0,\"displayName\":\"DTGT DTT S1 Ch1\",\"tsID\":\"1\",\"sID\":\"1\",\"logo\":3180,\"ftaContentManagement\":\"doNotApplyRevocation\",\"ftaContentManagementCRAoI\":1,\"order\":224},{\"id\":2656,\"instanceName\":\"DTGT Service 1 - DSat\",\"serviceID\":1735,\"sourceType\":\"DVB-S\",\"targetCountry\":\"GBR\",\"origNetID\":\"\",\"orbitalPosition\":\"28.2\",\"transponderID\":1083,\"priority\":2,\"polarization\":\"0\",\"minimumBitRate\":0,\"displayName\":\"DTGT DSat S1 Ch1\",\"tsID\":\"\",\"sID\":\"1\",\"logo\":3180,\"ftaContentManagement\":\"\",\"ftaContentManagementCRAoI\":0,\"order\":225},{\"id\":2657,\"instanceName\":\"DTGT Service 1 - DASH\",\"serviceID\":1735,\"sourceType\":\"DVB-DASH\",\"targetCountry\":\"GBR\",\"origNetID\":\"2\",\"orbitalPosition\":\"28.2\",\"transponderID\":0,\"priority\":2,\"polarization\":\"\",\"minimumBitRate\":0,\"displayName\":\"DTGT Service 1 DASH\",\"tsID\":\"1\",\"sID\":\"1\",\"logo\":3180,\"ftaContentManagement\":\"\",\"ftaContentManagementCRAoI\":0,\"order\":226},{\"id\":2658,\"instanceName\":\"DTGT Service 1 - HLS\",\"serviceID\":1735,\"sourceType\":\"Identifier based delivery parameters\",\"targetCountry\":\"0\",\"origNetID\":\"\",\"orbitalPosition\":\"0\",\"transponderID\":0,\"priority\":2,\"polarization\":\"\",\"minimumBitRate\":0,\"displayName\":\"DTGT Service 1 HLS\",\"tsID\":\"\",\"sID\":\"\",\"logo\":3180,\"ftaContentManagement\":\"\",\"ftaContentManagementCRAoI\":0,\"order\":293},{\"id\":4077,\"instanceName\":\"DTGT Service 1 - DSat - scanned\",\"serviceID\":1735,\"sourceType\":\"DVB-S\",\"targetCountry\":\"GBR\",\"origNetID\":\"2\",\"orbitalPosition\":\"28.2\",\"transponderID\":0,\"priority\":2,\"polarization\":\"horizontal\",\"minimumBitRate\":0,\"displayName\":\"DTGT DSat S1 Ch1\",\"tsID\":\"1\",\"sID\":\"1\",\"logo\":3180,\"ftaContentManagement\":\"\",\"ftaContentManagementCRAoI\":0,\"order\":448}]','','','','0','reference','',0,0,0,NULL,NULL),(2302,1,'tag:dtgTesting.com,2021:DTGT_Service_2_cached','','DTGT Service 2 (cached)','en','',180,'GBR','','','urn:dvb:metadata:cs:ContentSubject:2019:1','',0,'',0,0,0,0,0,3181,0,3181,'','','','','','','','','','','','','','','','linear','cgs-dtgt-01-cached','','','tag:dtgTesting.com,2021:DTGT_Service_2','',0,'[{\"id\":2652,\"instanceName\":\"DTGT Service 2 - DSat\",\"serviceID\":1736,\"sourceType\":\"DVB-S\",\"targetCountry\":\"GBR\",\"origNetID\":\"2\",\"orbitalPosition\":\"28.2\",\"priority\":2,\"polarization\":\"horizontal\",\"minimumBitRate\":0,\"displayName\":\"DTGT DSat S1 Ch2\",\"tsID\":\"1\",\"sID\":\"2\",\"logo\":2935,\"ftaContentManagement\":\"doNotScramble,doNotApplyRevocation\",\"ftaContentManagementCRAoI\":2,\"order\":1},{\"id\":2653,\"instanceName\":\"DTGT Service 2 - DASH\",\"serviceID\":1736,\"sourceType\":\"DVB-DASH\",\"targetCountry\":\"GBR\",\"origNetID\":\"2\",\"orbitalPosition\":\"28.2\",\"priority\":2,\"polarization\":\"\",\"minimumBitRate\":0,\"displayName\":\"DTGT DASH Ch2\",\"tsID\":\"1\",\"sID\":\"1\",\"logo\":2935,\"ftaContentManagement\":\"\",\"ftaContentManagementCRAoI\":0,\"order\":221},{\"id\":2654,\"instanceName\":\"DTGT Service 2 - HLS\",\"serviceID\":1736,\"sourceType\":\"Other delivery parameters\",\"targetCountry\":\"GBR\",\"origNetID\":\"\",\"orbitalPosition\":\"0\",\"priority\":2,\"polarization\":\"\",\"minimumBitRate\":0,\"displayName\":\"DTGT HLS Ch2\",\"tsID\":\"\",\"sID\":\"\",\"logo\":2935,\"ftaContentManagement\":\"\",\"ftaContentManagementCRAoI\":0,\"order\":222},{\"id\":2651,\"instanceName\":\"DTGT Service 2 - DTT\",\"serviceID\":1736,\"sourceType\":\"DVB-T\",\"targetCountry\":\"GBR\",\"origNetID\":\"9018\",\"orbitalPosition\":\"\",\"priority\":1,\"polarization\":\"\",\"minimumBitRate\":0,\"displayName\":\"DTGT DTT S1 Ch2\",\"tsID\":\"1\",\"sID\":\"2\",\"logo\":2935,\"ftaContentManagement\":\"\",\"ftaContentManagementCRAoI\":0,\"order\":223}]','','','','','','',0,0,0,NULL,NULL),(2303,1,'tag:dtgTesting.com,2021:DTGT_Service_3_cached','','DTGT Service 3 (cached)','en','',180,'GBR','','','','',0,'',0,0,0,0,0,3180,0,3182,'','','','','','','','','','','','','','','','linear','cgs-dtgt-01-cached','','','tag:dtgTesting.com,2021:DTGT_Service_3','',0,'[{\"id\":2661,\"instanceName\":\"DTGT Service 3 - DASH\",\"serviceID\":1737,\"sourceType\":\"DVB-DASH\",\"targetCountry\":\"GBR\",\"origNetID\":\"\",\"orbitalPosition\":\"\",\"transponderID\":0,\"priority\":1,\"polarization\":\"\",\"minimumBitRate\":400000,\"displayName\":\"DTGT Service 3 DASH\",\"tsID\":\"\",\"sID\":\"\",\"logo\":2935,\"ftaContentManagement\":\"userDefined,doNotApplyRevocation\",\"ftaContentManagementCRAoI\":3,\"order\":228},{\"id\":4191,\"instanceName\":\"DTGT Service 3 - DASH Live\",\"serviceID\":1737,\"sourceType\":\"DVB-DASH\",\"targetCountry\":\"GBR\",\"origNetID\":\"2\",\"orbitalPosition\":\"28.2\",\"transponderID\":0,\"priority\":2,\"polarization\":\"\",\"minimumBitRate\":400000,\"displayName\":\"DTGT Service 3 DASH Live\",\"tsID\":\"1\",\"sID\":\"1\",\"logo\":3180,\"ftaContentManagement\":\"userDefined,doNotApplyRevocation\",\"ftaContentManagementCRAoI\":3,\"order\":229},{\"id\":2662,\"instanceName\":\"DTGT Service 3 - HLS\",\"serviceID\":1737,\"sourceType\":\"Other delivery parameters\",\"targetCountry\":\"GBR\",\"origNetID\":\"\",\"orbitalPosition\":\"0\",\"transponderID\":0,\"priority\":2,\"polarization\":\"\",\"minimumBitRate\":0,\"displayName\":\"DTGT Service 3 HLS\",\"tsID\":\"\",\"sID\":\"\",\"logo\":2935,\"ftaContentManagement\":\"\",\"ftaContentManagementCRAoI\":0,\"order\":230},{\"id\":2659,\"instanceName\":\"DTGT Service 3 - DTT\",\"serviceID\":1737,\"sourceType\":\"DVB-T\",\"targetCountry\":\"GBR\",\"origNetID\":\"9018\",\"orbitalPosition\":\"\",\"transponderID\":0,\"priority\":1,\"polarization\":\"\",\"minimumBitRate\":0,\"displayName\":\"DTGT DTT S1 Ch3\",\"tsID\":\"1\",\"sID\":\"3\",\"logo\":2935,\"ftaContentManagement\":\"\",\"ftaContentManagementCRAoI\":0,\"order\":231},{\"id\":2660,\"instanceName\":\"DTGT Service 3 - DSat\",\"serviceID\":1737,\"sourceType\":\"DVB-S\",\"targetCountry\":\"GBR\",\"origNetID\":\"\",\"orbitalPosition\":\"28.2\",\"transponderID\":1083,\"priority\":2,\"polarization\":\"0\",\"minimumBitRate\":0,\"displayName\":\"DTGT DSat S1 Ch3\",\"tsID\":\"\",\"sID\":\"3\",\"logo\":2935,\"ftaContentManagement\":\"\",\"ftaContentManagementCRAoI\":0,\"order\":450},{\"id\":4079,\"instanceName\":\"DTGT Service 3 - DSat - scanned\",\"serviceID\":1737,\"sourceType\":\"DVB-S\",\"targetCountry\":\"GBR\",\"origNetID\":\"2\",\"orbitalPosition\":\"28.2\",\"transponderID\":0,\"priority\":2,\"polarization\":\"horizontal\",\"minimumBitRate\":0,\"displayName\":\"DTGT DSat S1 Ch3\",\"tsID\":\"1\",\"sID\":\"3\",\"logo\":2935,\"ftaContentManagement\":\"\",\"ftaContentManagementCRAoI\":0,\"order\":561}]','','','','','','',0,0,0,NULL,NULL),(2304,1,'tag:dtgTesting.com,2021:DTGT_Service_4_cached','','DTGT Service 4 (cached)','fr','',180,'GBR','','','','',0,'',0,0,0,0,0,3180,0,2935,'','','','','','','','','','','','','','','','linear','cgs-dtgt-01-cached','','','tag:dtgTesting.com,2021:DTGT_Service_4','',0,'','','','','','','',0,0,0,NULL,NULL);




--
-- Dumping data for table `dvb_serviceInstanceInServiceListService`
--

INSERT INTO `dvb_serviceInstanceInServiceListService` (`id`, `serviceListInstanceID`, `serviceListServiceID`, `order`, `__groupID`, `__ownerID`) VALUES (3,1775,146,0,NULL,NULL),(4,1776,147,0,NULL,NULL),(5,1777,148,0,NULL,NULL),(6,1778,149,0,NULL,NULL),(7,1779,150,0,NULL,NULL),(8,1780,151,0,NULL,NULL),(9,1781,152,0,NULL,NULL),(10,1782,153,0,NULL,NULL),(11,1783,154,0,NULL,NULL),(12,1784,155,0,NULL,NULL),(13,1786,156,0,NULL,NULL),(14,1928,145,0,NULL,NULL),(15,1916,288,0,NULL,NULL),(16,1917,289,0,NULL,NULL),(17,1918,290,0,NULL,NULL),(18,1919,291,0,NULL,NULL),(19,1778,292,0,NULL,NULL),(20,1779,293,0,NULL,NULL),(21,1777,294,0,NULL,NULL),(22,1920,295,0,NULL,NULL),(23,1781,296,0,NULL,NULL),(24,1782,297,0,NULL,NULL),(25,1783,298,0,NULL,NULL),(26,1784,299,0,NULL,NULL),(27,1785,300,0,NULL,NULL),(28,1788,301,0,NULL,NULL),(29,1787,302,0,NULL,NULL),(30,1789,303,0,NULL,NULL),(31,1790,304,0,NULL,NULL),(32,1791,305,0,NULL,NULL),(33,1792,306,0,NULL,NULL),(34,1793,307,0,NULL,NULL),(35,1794,308,0,NULL,NULL),(36,1795,309,0,NULL,NULL),(37,1796,310,0,NULL,NULL),(38,1797,311,0,NULL,NULL),(39,1798,312,0,NULL,NULL),(40,1799,313,0,NULL,NULL),(41,1800,314,0,NULL,NULL),(42,1801,315,0,NULL,NULL),(43,1802,316,0,NULL,NULL),(44,1803,317,0,NULL,NULL),(45,1804,318,0,NULL,NULL),(46,1805,319,0,NULL,NULL),(47,1921,320,0,NULL,NULL),(48,1807,321,0,NULL,NULL),(49,1808,322,0,NULL,NULL),(50,1809,323,0,NULL,NULL),(51,1810,324,0,NULL,NULL),(52,1811,325,0,NULL,NULL),(53,1812,326,0,NULL,NULL),(54,1814,327,0,NULL,NULL),(55,1815,328,0,NULL,NULL),(56,1816,329,0,NULL,NULL),(57,1817,330,0,NULL,NULL),(58,1818,331,0,NULL,NULL),(59,1819,332,0,NULL,NULL),(60,1820,333,0,NULL,NULL),(61,1821,334,0,NULL,NULL),(62,1822,335,0,NULL,NULL),(63,1823,336,0,NULL,NULL),(64,1824,337,0,NULL,NULL),(65,1825,338,0,NULL,NULL),(66,1826,339,0,NULL,NULL),(67,1827,340,0,NULL,NULL),(68,1828,341,0,NULL,NULL),(69,1829,342,0,NULL,NULL),(70,1830,343,0,NULL,NULL),(71,1831,344,0,NULL,NULL),(72,1832,345,0,NULL,NULL),(73,1833,346,0,NULL,NULL),(74,1834,347,0,NULL,NULL),(75,1835,348,0,NULL,NULL),(76,1836,349,0,NULL,NULL),(77,1837,350,0,NULL,NULL),(78,1838,351,0,NULL,NULL),(79,1839,352,0,NULL,NULL),(80,1840,353,0,NULL,NULL),(81,1841,354,0,NULL,NULL),(202,1945,517,0,NULL,NULL),(203,1946,517,0,NULL,NULL),(204,1947,517,0,NULL,NULL),(205,1948,518,0,NULL,NULL),(206,1949,518,0,NULL,NULL),(207,1950,518,0,NULL,NULL),(208,1951,519,0,NULL,NULL),(209,1952,519,0,NULL,NULL),(210,1945,520,0,NULL,NULL),(211,1946,520,0,NULL,NULL),(212,1947,520,0,NULL,NULL),(213,1948,521,0,NULL,NULL),(214,1949,521,0,NULL,NULL),(215,1950,521,0,NULL,NULL),(216,1951,522,0,NULL,NULL),(217,1952,522,0,NULL,NULL),(218,1945,523,0,NULL,NULL),(219,1946,523,0,NULL,NULL),(220,1947,523,0,NULL,NULL),(221,1948,524,0,NULL,NULL),(222,1949,524,0,NULL,NULL),(223,1950,524,0,NULL,NULL),(224,1951,525,0,NULL,NULL),(225,1952,525,0,NULL,NULL),(226,1953,526,0,NULL,NULL),(227,1954,526,0,NULL,NULL),(228,1955,526,0,NULL,NULL),(229,1945,527,0,NULL,NULL),(230,1946,527,0,NULL,NULL),(231,1947,527,0,NULL,NULL),(232,1948,528,0,NULL,NULL),(233,1949,528,0,NULL,NULL),(234,1950,528,0,NULL,NULL),(235,1951,529,0,NULL,NULL),(236,1952,529,0,NULL,NULL),(237,1956,530,0,NULL,NULL),(238,1957,530,0,NULL,NULL),(239,1958,531,0,NULL,NULL),(240,1959,531,0,NULL,NULL),(241,1960,532,0,NULL,NULL),(242,1961,532,0,NULL,NULL),(243,1962,533,0,NULL,NULL),(244,1963,533,0,NULL,NULL),(245,1964,534,0,NULL,NULL),(246,1965,534,0,NULL,NULL),(247,1966,535,0,NULL,NULL),(248,1967,535,0,NULL,NULL),(249,1968,536,0,NULL,NULL),(250,1969,536,0,NULL,NULL),(251,1970,537,0,NULL,NULL),(252,1971,537,0,NULL,NULL),(253,1972,538,0,NULL,NULL),(254,1973,538,0,NULL,NULL),(255,1974,539,0,NULL,NULL),(256,1975,539,0,NULL,NULL),(257,1976,539,0,NULL,NULL),(258,1977,540,0,NULL,NULL),(259,1978,540,0,NULL,NULL),(260,1979,541,0,NULL,NULL),(261,1980,541,0,NULL,NULL),(262,1981,542,0,NULL,NULL),(263,1982,542,0,NULL,NULL),(264,1983,543,0,NULL,NULL),(265,1984,543,0,NULL,NULL),(266,1985,544,0,NULL,NULL),(267,1986,544,0,NULL,NULL),(268,1987,545,0,NULL,NULL),(269,1988,545,0,NULL,NULL),(270,1989,546,0,NULL,NULL),(271,1990,546,0,NULL,NULL),(272,1991,547,0,NULL,NULL),(273,1992,547,0,NULL,NULL),(274,1993,548,0,NULL,NULL),(275,1994,548,0,NULL,NULL),(276,1945,549,0,NULL,NULL),(277,1946,549,0,NULL,NULL),(278,1947,549,0,NULL,NULL),(279,1948,550,0,NULL,NULL),(280,1949,550,0,NULL,NULL),(281,1950,550,0,NULL,NULL),(282,1951,551,0,NULL,NULL),(283,1952,551,0,NULL,NULL),(284,1962,552,0,NULL,NULL),(285,1963,552,0,NULL,NULL),(286,1964,553,0,NULL,NULL),(287,1965,553,0,NULL,NULL),(288,1974,554,0,NULL,NULL),(289,1975,554,0,NULL,NULL),(290,1976,554,0,NULL,NULL),(291,1981,555,0,NULL,NULL),(292,1982,555,0,NULL,NULL),(293,1983,556,0,NULL,NULL),(294,1984,556,0,NULL,NULL),(295,1985,557,0,NULL,NULL),(296,1986,557,0,NULL,NULL),(297,1987,558,0,NULL,NULL),(298,1988,558,0,NULL,NULL),(299,1989,559,0,NULL,NULL),(300,1990,559,0,NULL,NULL),(301,1945,560,0,NULL,NULL),(302,1946,560,0,NULL,NULL),(303,1947,560,0,NULL,NULL),(304,1948,561,0,NULL,NULL),(305,1949,561,0,NULL,NULL),(306,1950,561,0,NULL,NULL),(307,1951,562,0,NULL,NULL),(308,1952,562,0,NULL,NULL),(309,1962,563,0,NULL,NULL),(310,1963,563,0,NULL,NULL),(311,1964,564,0,NULL,NULL),(312,1965,564,0,NULL,NULL),(313,1995,565,0,NULL,NULL),(314,1996,565,0,NULL,NULL),(315,1974,566,0,NULL,NULL),(316,1975,566,0,NULL,NULL),(317,1976,566,0,NULL,NULL),(318,1981,567,0,NULL,NULL),(319,1982,567,0,NULL,NULL),(320,1983,568,0,NULL,NULL),(321,1984,568,0,NULL,NULL),(322,1985,569,0,NULL,NULL),(323,1986,569,0,NULL,NULL),(324,1987,570,0,NULL,NULL),(325,1988,570,0,NULL,NULL),(326,1989,571,0,NULL,NULL),(327,1990,571,0,NULL,NULL),(328,1997,572,0,NULL,NULL),(329,1998,572,0,NULL,NULL),(330,1999,573,0,NULL,NULL),(331,2000,573,0,NULL,NULL),(332,2001,574,0,NULL,NULL),(333,1945,575,0,NULL,NULL),(334,1946,575,0,NULL,NULL),(335,1947,575,0,NULL,NULL),(336,1948,576,0,NULL,NULL),(337,1949,576,0,NULL,NULL),(338,1950,576,0,NULL,NULL),(339,1951,577,0,NULL,NULL),(340,1952,577,0,NULL,NULL),(341,2002,578,0,NULL,NULL),(342,2003,578,0,NULL,NULL),(343,1962,579,0,NULL,NULL),(344,1963,579,0,NULL,NULL),(345,1964,580,0,NULL,NULL),(346,1965,580,0,NULL,NULL),(347,2004,581,0,NULL,NULL),(348,2005,581,0,NULL,NULL),(349,1974,582,0,NULL,NULL),(350,1975,582,0,NULL,NULL),(351,1976,582,0,NULL,NULL),(352,1981,583,0,NULL,NULL),(353,1982,583,0,NULL,NULL),(354,1983,584,0,NULL,NULL),(355,1984,584,0,NULL,NULL),(356,1985,585,0,NULL,NULL),(357,1986,585,0,NULL,NULL),(358,1987,586,0,NULL,NULL),(359,1988,586,0,NULL,NULL),(360,1989,587,0,NULL,NULL),(361,1990,587,0,NULL,NULL),(362,2006,588,0,NULL,NULL),(363,2007,588,0,NULL,NULL),(364,2008,589,0,NULL,NULL),(365,2009,589,0,NULL,NULL),(366,1945,590,0,NULL,NULL),(367,1946,590,0,NULL,NULL),(368,1947,590,0,NULL,NULL),(369,1948,591,0,NULL,NULL),(370,1949,591,0,NULL,NULL),(371,1950,591,0,NULL,NULL),(372,1951,592,0,NULL,NULL),(373,1952,592,0,NULL,NULL),(374,1962,593,0,NULL,NULL),(375,1963,593,0,NULL,NULL),(376,1964,594,0,NULL,NULL),(377,1965,594,0,NULL,NULL),(378,1974,595,0,NULL,NULL),(379,1975,595,0,NULL,NULL),(380,1976,595,0,NULL,NULL),(381,1981,596,0,NULL,NULL),(382,1982,596,0,NULL,NULL),(383,1983,597,0,NULL,NULL),(384,1984,597,0,NULL,NULL),(385,1985,598,0,NULL,NULL),(386,1986,598,0,NULL,NULL),(387,1987,599,0,NULL,NULL),(388,1988,599,0,NULL,NULL),(389,1989,600,0,NULL,NULL),(390,1990,600,0,NULL,NULL),(391,1962,601,0,NULL,NULL),(392,1963,601,0,NULL,NULL),(393,1964,602,0,NULL,NULL),(394,1965,602,0,NULL,NULL),(395,1974,603,0,NULL,NULL),(396,1975,603,0,NULL,NULL),(397,1976,603,0,NULL,NULL),(398,1981,604,0,NULL,NULL),(399,1982,604,0,NULL,NULL),(400,1983,605,0,NULL,NULL),(401,1984,605,0,NULL,NULL),(402,1985,606,0,NULL,NULL),(403,1986,606,0,NULL,NULL),(404,1987,607,0,NULL,NULL),(405,1988,607,0,NULL,NULL),(406,1989,608,0,NULL,NULL),(407,1990,608,0,NULL,NULL),(408,1945,609,0,NULL,NULL),(409,1946,609,0,NULL,NULL),(410,1947,609,0,NULL,NULL),(411,1948,610,0,NULL,NULL),(412,1949,610,0,NULL,NULL),(413,1950,610,0,NULL,NULL),(414,1951,611,0,NULL,NULL),(415,1952,611,0,NULL,NULL),(416,1962,612,0,NULL,NULL),(417,1963,612,0,NULL,NULL),(418,1964,613,0,NULL,NULL),(419,1965,613,0,NULL,NULL),(420,1974,614,0,NULL,NULL),(421,1975,614,0,NULL,NULL),(422,1976,614,0,NULL,NULL),(423,1981,615,0,NULL,NULL),(424,1982,615,0,NULL,NULL),(425,1983,616,0,NULL,NULL),(426,1984,616,0,NULL,NULL),(427,1985,617,0,NULL,NULL),(428,1986,617,0,NULL,NULL),(429,1987,618,0,NULL,NULL),(430,1988,618,0,NULL,NULL),(431,1989,619,0,NULL,NULL),(432,1990,619,0,NULL,NULL),(433,2010,620,0,NULL,NULL),(434,2011,620,0,NULL,NULL),(435,1945,621,0,NULL,NULL),(436,1946,621,0,NULL,NULL),(437,1947,621,0,NULL,NULL),(438,1948,622,0,NULL,NULL),(439,1949,622,0,NULL,NULL),(440,1950,622,0,NULL,NULL),(441,1951,623,0,NULL,NULL),(442,1952,623,0,NULL,NULL),(443,1962,624,0,NULL,NULL),(444,1963,624,0,NULL,NULL),(445,1964,625,0,NULL,NULL),(446,1965,625,0,NULL,NULL),(447,1974,626,0,NULL,NULL),(448,1975,626,0,NULL,NULL),(449,1976,626,0,NULL,NULL),(450,1981,627,0,NULL,NULL),(451,1982,627,0,NULL,NULL),(452,1983,628,0,NULL,NULL),(453,1984,628,0,NULL,NULL),(454,1985,629,0,NULL,NULL),(455,1986,629,0,NULL,NULL),(456,1987,630,0,NULL,NULL),(457,1988,630,0,NULL,NULL),(458,1989,631,0,NULL,NULL),(459,1990,631,0,NULL,NULL),(460,1945,632,0,NULL,NULL),(461,1946,632,0,NULL,NULL),(462,1947,632,0,NULL,NULL),(463,1948,633,0,NULL,NULL),(464,1949,633,0,NULL,NULL),(465,1950,633,0,NULL,NULL),(466,2012,634,0,NULL,NULL),(467,2013,634,0,NULL,NULL),(468,2014,634,0,NULL,NULL),(469,1951,635,0,NULL,NULL),(470,1952,635,0,NULL,NULL),(471,2015,636,0,NULL,NULL),(472,2016,636,0,NULL,NULL),(473,2017,637,0,NULL,NULL),(474,2018,637,0,NULL,NULL),(475,1962,638,0,NULL,NULL),(476,1963,638,0,NULL,NULL),(477,1964,639,0,NULL,NULL),(478,1965,639,0,NULL,NULL),(479,1974,640,0,NULL,NULL),(480,1975,640,0,NULL,NULL),(481,1976,640,0,NULL,NULL),(482,2019,641,0,NULL,NULL),(483,2020,641,0,NULL,NULL),(484,2021,642,0,NULL,NULL),(485,2022,642,0,NULL,NULL),(486,2023,643,0,NULL,NULL),(487,2024,643,0,NULL,NULL),(488,2025,644,0,NULL,NULL),(489,2026,644,0,NULL,NULL),(490,1981,645,0,NULL,NULL),(491,1982,645,0,NULL,NULL),(492,1983,646,0,NULL,NULL),(493,1984,646,0,NULL,NULL),(494,1985,647,0,NULL,NULL),(495,1986,647,0,NULL,NULL),(496,1987,648,0,NULL,NULL),(497,1988,648,0,NULL,NULL),(498,1989,649,0,NULL,NULL),(499,1990,649,0,NULL,NULL),(500,2027,650,0,NULL,NULL),(501,2028,651,0,NULL,NULL),(502,2029,651,0,NULL,NULL),(503,2030,652,0,NULL,NULL),(504,2031,652,0,NULL,NULL),(505,2032,653,0,NULL,NULL),(506,2033,653,0,NULL,NULL),(507,2034,654,0,NULL,NULL),(508,2035,654,0,NULL,NULL),(509,1945,655,0,NULL,NULL),(510,1946,655,0,NULL,NULL),(511,1947,655,0,NULL,NULL),(512,1948,656,0,NULL,NULL),(513,1949,656,0,NULL,NULL),(514,1950,656,0,NULL,NULL),(515,1951,657,0,NULL,NULL),(516,1952,657,0,NULL,NULL),(517,1962,658,0,NULL,NULL),(518,1963,658,0,NULL,NULL),(519,1964,659,0,NULL,NULL),(520,1965,659,0,NULL,NULL),(521,2036,660,0,NULL,NULL),(522,1974,661,0,NULL,NULL),(523,1975,661,0,NULL,NULL),(524,1976,661,0,NULL,NULL),(525,1981,662,0,NULL,NULL),(526,1982,662,0,NULL,NULL),(527,1983,663,0,NULL,NULL),(528,1984,663,0,NULL,NULL),(529,1985,664,0,NULL,NULL),(530,1986,664,0,NULL,NULL),(531,1987,665,0,NULL,NULL),(532,1988,665,0,NULL,NULL),(533,2037,666,0,NULL,NULL),(534,2038,666,0,NULL,NULL),(535,1989,667,0,NULL,NULL),(536,1990,667,0,NULL,NULL),(537,2039,668,0,NULL,NULL),(538,2040,668,0,NULL,NULL),(539,2041,669,0,NULL,NULL),(540,2042,669,0,NULL,NULL),(541,1945,670,0,NULL,NULL),(542,1946,670,0,NULL,NULL),(543,1947,670,0,NULL,NULL),(544,1948,671,0,NULL,NULL),(545,1949,671,0,NULL,NULL),(546,1950,671,0,NULL,NULL),(547,1951,672,0,NULL,NULL),(548,1952,672,0,NULL,NULL),(549,1962,673,0,NULL,NULL),(550,1963,673,0,NULL,NULL),(551,1964,674,0,NULL,NULL),(552,1965,674,0,NULL,NULL),(553,1974,675,0,NULL,NULL),(554,1975,675,0,NULL,NULL),(555,1976,675,0,NULL,NULL),(556,1981,676,0,NULL,NULL),(557,1982,676,0,NULL,NULL),(558,1983,677,0,NULL,NULL),(559,1984,677,0,NULL,NULL),(560,1985,678,0,NULL,NULL),(561,1986,678,0,NULL,NULL),(562,1987,679,0,NULL,NULL),(563,1988,679,0,NULL,NULL),(564,1989,680,0,NULL,NULL),(565,1990,680,0,NULL,NULL),(566,1945,681,0,NULL,NULL),(567,1946,681,0,NULL,NULL),(568,1947,681,0,NULL,NULL),(569,1948,682,0,NULL,NULL),(570,1949,682,0,NULL,NULL),(571,1950,682,0,NULL,NULL),(572,2043,683,0,NULL,NULL),(573,2044,683,0,NULL,NULL),(574,2045,683,0,NULL,NULL),(575,1951,684,0,NULL,NULL),(576,1952,684,0,NULL,NULL),(577,2046,685,0,NULL,NULL),(578,2047,685,0,NULL,NULL),(579,2048,686,0,NULL,NULL),(580,2049,686,0,NULL,NULL),(581,2050,687,0,NULL,NULL),(582,2051,687,0,NULL,NULL),(583,1962,688,0,NULL,NULL),(584,1963,688,0,NULL,NULL),(585,1964,689,0,NULL,NULL),(586,1965,689,0,NULL,NULL),(587,2052,690,0,NULL,NULL),(588,2053,690,0,NULL,NULL),(589,2054,691,0,NULL,NULL),(590,2055,691,0,NULL,NULL),(591,1974,692,0,NULL,NULL),(592,1975,692,0,NULL,NULL),(593,1976,692,0,NULL,NULL),(594,2056,693,0,NULL,NULL),(595,2057,693,0,NULL,NULL),(596,2058,694,0,NULL,NULL),(597,2059,694,0,NULL,NULL),(598,2060,695,0,NULL,NULL),(599,2061,695,0,NULL,NULL),(600,1981,696,0,NULL,NULL),(601,1982,696,0,NULL,NULL),(602,1983,697,0,NULL,NULL),(603,1984,697,0,NULL,NULL),(604,1985,698,0,NULL,NULL),(605,1986,698,0,NULL,NULL),(606,1987,699,0,NULL,NULL),(607,1988,699,0,NULL,NULL),(608,1989,700,0,NULL,NULL),(609,1990,700,0,NULL,NULL),(610,2062,701,0,NULL,NULL),(611,2063,701,0,NULL,NULL),(612,2064,702,0,NULL,NULL),(613,2065,702,0,NULL,NULL),(614,2066,703,0,NULL,NULL),(615,2067,703,0,NULL,NULL),(616,1945,704,0,NULL,NULL),(617,1946,704,0,NULL,NULL),(618,1947,704,0,NULL,NULL),(619,1948,705,0,NULL,NULL),(620,1949,705,0,NULL,NULL),(621,1950,705,0,NULL,NULL),(622,1951,706,0,NULL,NULL),(623,1952,706,0,NULL,NULL),(624,1962,707,0,NULL,NULL),(625,1963,707,0,NULL,NULL),(626,1964,708,0,NULL,NULL),(627,1965,708,0,NULL,NULL),(628,1974,709,0,NULL,NULL),(629,1975,709,0,NULL,NULL),(630,1976,709,0,NULL,NULL),(631,1981,710,0,NULL,NULL),(632,1982,710,0,NULL,NULL),(633,1983,711,0,NULL,NULL),(634,1984,711,0,NULL,NULL),(635,1985,712,0,NULL,NULL),(636,1986,712,0,NULL,NULL),(637,1987,713,0,NULL,NULL),(638,1988,713,0,NULL,NULL),(639,1989,714,0,NULL,NULL),(640,1990,714,0,NULL,NULL),(641,1945,715,0,NULL,NULL),(642,1946,715,0,NULL,NULL),(643,1947,715,0,NULL,NULL),(644,1948,716,0,NULL,NULL),(645,1949,716,0,NULL,NULL),(646,1950,716,0,NULL,NULL),(647,1951,717,0,NULL,NULL),(648,1952,717,0,NULL,NULL),(649,1962,718,0,NULL,NULL),(650,1963,718,0,NULL,NULL),(651,1964,719,0,NULL,NULL),(652,1965,719,0,NULL,NULL),(653,2068,720,0,NULL,NULL),(654,2069,720,0,NULL,NULL),(655,2070,721,0,NULL,NULL),(656,2071,721,0,NULL,NULL),(657,1974,722,0,NULL,NULL),(658,1975,722,0,NULL,NULL),(659,1976,722,0,NULL,NULL),(660,1981,723,0,NULL,NULL),(661,1982,723,0,NULL,NULL),(662,1983,724,0,NULL,NULL),(663,1984,724,0,NULL,NULL),(664,1985,725,0,NULL,NULL),(665,1986,725,0,NULL,NULL),(666,1987,726,0,NULL,NULL),(667,1988,726,0,NULL,NULL),(668,1989,727,0,NULL,NULL),(669,1990,727,0,NULL,NULL),(670,2072,728,0,NULL,NULL),(671,2073,728,0,NULL,NULL),(672,2074,729,0,NULL,NULL),(673,1945,730,0,NULL,NULL),(674,1946,730,0,NULL,NULL),(675,1947,730,0,NULL,NULL),(676,1948,731,0,NULL,NULL),(677,1949,731,0,NULL,NULL),(678,1950,731,0,NULL,NULL),(679,1951,732,0,NULL,NULL),(680,1952,732,0,NULL,NULL),(681,1962,733,0,NULL,NULL),(682,1963,733,0,NULL,NULL),(683,1964,734,0,NULL,NULL),(684,1965,734,0,NULL,NULL),(685,1974,735,0,NULL,NULL),(686,1975,735,0,NULL,NULL),(687,1976,735,0,NULL,NULL),(688,1981,736,0,NULL,NULL),(689,1982,736,0,NULL,NULL),(690,1983,737,0,NULL,NULL),(691,1984,737,0,NULL,NULL),(692,1985,738,0,NULL,NULL),(693,1986,738,0,NULL,NULL),(694,1987,739,0,NULL,NULL),(695,1988,739,0,NULL,NULL),(696,1989,740,0,NULL,NULL),(697,1990,740,0,NULL,NULL),(698,1945,741,0,NULL,NULL),(699,1946,741,0,NULL,NULL),(700,1947,741,0,NULL,NULL),(701,1948,742,0,NULL,NULL),(702,1949,742,0,NULL,NULL),(703,1950,742,0,NULL,NULL),(704,1951,743,0,NULL,NULL),(705,1952,743,0,NULL,NULL),(706,1962,744,0,NULL,NULL),(707,1963,744,0,NULL,NULL),(708,1964,745,0,NULL,NULL),(709,1965,745,0,NULL,NULL),(710,2075,746,0,NULL,NULL),(711,2076,746,0,NULL,NULL),(712,2077,747,0,NULL,NULL),(713,2078,747,0,NULL,NULL),(714,1974,748,0,NULL,NULL),(715,1975,748,0,NULL,NULL),(716,1976,748,0,NULL,NULL),(717,1981,749,0,NULL,NULL),(718,1982,749,0,NULL,NULL),(719,1983,750,0,NULL,NULL),(720,1984,750,0,NULL,NULL),(721,1985,751,0,NULL,NULL),(722,1986,751,0,NULL,NULL),(723,1987,752,0,NULL,NULL),(724,1988,752,0,NULL,NULL),(725,1989,753,0,NULL,NULL),(726,1990,753,0,NULL,NULL),(727,2079,754,0,NULL,NULL),(728,2080,754,0,NULL,NULL),(729,2081,755,0,NULL,NULL),(730,2082,755,0,NULL,NULL),(731,2083,755,0,NULL,NULL),(732,1945,756,0,NULL,NULL),(733,1946,756,0,NULL,NULL),(734,1947,756,0,NULL,NULL),(735,1948,757,0,NULL,NULL),(736,1949,757,0,NULL,NULL),(737,1950,757,0,NULL,NULL),(738,1951,758,0,NULL,NULL),(739,1952,758,0,NULL,NULL),(740,1962,759,0,NULL,NULL),(741,1963,759,0,NULL,NULL),(742,1964,760,0,NULL,NULL),(743,1965,760,0,NULL,NULL),(744,1974,761,0,NULL,NULL),(745,1975,761,0,NULL,NULL),(746,1976,761,0,NULL,NULL),(747,1981,762,0,NULL,NULL),(748,1982,762,0,NULL,NULL),(749,1983,763,0,NULL,NULL),(750,1984,763,0,NULL,NULL),(751,1985,764,0,NULL,NULL),(752,1986,764,0,NULL,NULL),(753,1987,765,0,NULL,NULL),(754,1988,765,0,NULL,NULL),(755,1989,766,0,NULL,NULL),(756,1990,766,0,NULL,NULL),(757,1945,767,0,NULL,NULL),(758,1946,767,0,NULL,NULL),(759,1947,767,0,NULL,NULL),(760,1948,768,0,NULL,NULL),(761,1949,768,0,NULL,NULL),(762,1950,768,0,NULL,NULL),(763,1951,769,0,NULL,NULL),(764,1952,769,0,NULL,NULL),(765,1962,770,0,NULL,NULL),(766,1963,770,0,NULL,NULL),(767,1964,771,0,NULL,NULL),(768,1965,771,0,NULL,NULL),(769,2084,772,0,NULL,NULL),(770,2085,772,0,NULL,NULL),(771,2086,773,0,NULL,NULL),(772,2087,773,0,NULL,NULL),(773,1974,774,0,NULL,NULL),(774,1975,774,0,NULL,NULL),(775,1976,774,0,NULL,NULL),(776,1981,775,0,NULL,NULL),(777,1982,775,0,NULL,NULL),(778,1983,776,0,NULL,NULL),(779,1984,776,0,NULL,NULL),(780,1985,777,0,NULL,NULL),(781,1986,777,0,NULL,NULL),(782,1987,778,0,NULL,NULL),(783,1988,778,0,NULL,NULL),(784,1989,779,0,NULL,NULL),(785,1990,779,0,NULL,NULL),(786,2088,780,0,NULL,NULL),(787,2089,780,0,NULL,NULL),(788,1945,781,0,NULL,NULL),(789,1946,781,0,NULL,NULL),(790,1947,781,0,NULL,NULL),(791,1948,782,0,NULL,NULL),(792,1949,782,0,NULL,NULL),(793,1950,782,0,NULL,NULL),(794,1951,783,0,NULL,NULL),(795,1952,783,0,NULL,NULL),(796,1962,784,0,NULL,NULL),(797,1963,784,0,NULL,NULL),(798,1964,785,0,NULL,NULL),(799,1965,785,0,NULL,NULL),(800,1974,786,0,NULL,NULL),(801,1975,786,0,NULL,NULL),(802,1976,786,0,NULL,NULL),(803,1981,787,0,NULL,NULL),(804,1982,787,0,NULL,NULL),(805,1983,788,0,NULL,NULL),(806,1984,788,0,NULL,NULL),(807,1985,789,0,NULL,NULL),(808,1986,789,0,NULL,NULL),(809,1987,790,0,NULL,NULL),(810,1988,790,0,NULL,NULL),(811,1989,791,0,NULL,NULL),(812,1990,791,0,NULL,NULL),(813,1945,792,0,NULL,NULL),(814,1946,792,0,NULL,NULL),(815,1947,792,0,NULL,NULL),(816,1948,793,0,NULL,NULL),(817,1949,793,0,NULL,NULL),(818,1950,793,0,NULL,NULL),(819,2090,794,0,NULL,NULL),(820,2091,794,0,NULL,NULL),(821,2092,794,0,NULL,NULL),(822,2093,795,0,NULL,NULL),(823,2094,795,0,NULL,NULL),(824,1951,796,0,NULL,NULL),(825,1952,796,0,NULL,NULL),(826,2095,797,0,NULL,NULL),(827,2096,797,0,NULL,NULL),(828,2097,798,0,NULL,NULL),(829,2098,798,0,NULL,NULL),(830,1962,799,0,NULL,NULL),(831,1963,799,0,NULL,NULL),(832,1964,800,0,NULL,NULL),(833,1965,800,0,NULL,NULL),(834,2099,801,0,NULL,NULL),(835,2100,801,0,NULL,NULL),(836,2101,802,0,NULL,NULL),(837,2102,802,0,NULL,NULL),(838,2103,803,0,NULL,NULL),(839,2104,803,0,NULL,NULL),(840,1974,804,0,NULL,NULL),(841,1975,804,0,NULL,NULL),(842,1976,804,0,NULL,NULL),(843,2105,805,0,NULL,NULL),(844,2106,805,0,NULL,NULL),(845,2107,806,0,NULL,NULL),(846,2108,806,0,NULL,NULL),(847,1981,807,0,NULL,NULL),(848,1982,807,0,NULL,NULL),(849,1983,808,0,NULL,NULL),(850,1984,808,0,NULL,NULL),(851,1985,809,0,NULL,NULL),(852,1986,809,0,NULL,NULL),(853,1987,810,0,NULL,NULL),(854,1988,810,0,NULL,NULL),(855,1989,811,0,NULL,NULL),(856,1990,811,0,NULL,NULL),(857,2109,812,0,NULL,NULL),(858,2110,812,0,NULL,NULL),(859,2111,813,0,NULL,NULL),(860,2112,813,0,NULL,NULL),(861,2113,814,0,NULL,NULL),(862,2114,814,0,NULL,NULL),(863,1962,815,0,NULL,NULL),(864,1963,815,0,NULL,NULL),(865,1964,816,0,NULL,NULL),(866,1965,816,0,NULL,NULL),(867,1974,817,0,NULL,NULL),(868,1975,817,0,NULL,NULL),(869,1976,817,0,NULL,NULL),(870,1981,818,0,NULL,NULL),(871,1982,818,0,NULL,NULL),(872,1983,819,0,NULL,NULL),(873,1984,819,0,NULL,NULL),(874,1985,820,0,NULL,NULL),(875,1986,820,0,NULL,NULL),(876,1987,821,0,NULL,NULL),(877,1988,821,0,NULL,NULL),(878,1989,822,0,NULL,NULL),(879,1990,822,0,NULL,NULL),(880,2081,823,0,NULL,NULL),(881,2082,823,0,NULL,NULL),(882,2083,823,0,NULL,NULL),(883,2043,824,0,NULL,NULL),(884,2044,824,0,NULL,NULL),(885,2045,824,0,NULL,NULL),(886,2046,825,0,NULL,NULL),(887,2047,825,0,NULL,NULL),(888,2048,826,0,NULL,NULL),(889,2049,826,0,NULL,NULL),(890,2050,827,0,NULL,NULL),(891,2051,827,0,NULL,NULL),(892,2052,828,0,NULL,NULL),(893,2053,828,0,NULL,NULL),(894,2054,829,0,NULL,NULL),(895,2055,829,0,NULL,NULL),(896,2056,830,0,NULL,NULL),(897,2057,830,0,NULL,NULL),(898,2058,831,0,NULL,NULL),(899,2059,831,0,NULL,NULL),(900,2060,832,0,NULL,NULL),(901,2061,832,0,NULL,NULL),(902,2062,833,0,NULL,NULL),(903,2063,833,0,NULL,NULL),(904,2064,834,0,NULL,NULL),(905,2065,834,0,NULL,NULL),(906,2066,835,0,NULL,NULL),(907,2067,835,0,NULL,NULL),(908,2090,836,0,NULL,NULL),(909,2091,836,0,NULL,NULL),(910,2092,836,0,NULL,NULL),(911,2093,837,0,NULL,NULL),(912,2094,837,0,NULL,NULL),(913,2095,838,0,NULL,NULL),(914,2096,838,0,NULL,NULL),(915,2097,839,0,NULL,NULL),(916,2098,839,0,NULL,NULL),(917,2099,840,0,NULL,NULL),(918,2100,840,0,NULL,NULL),(919,2101,841,0,NULL,NULL),(920,2102,841,0,NULL,NULL),(921,2103,842,0,NULL,NULL),(922,2104,842,0,NULL,NULL),(923,2105,843,0,NULL,NULL),(924,2106,843,0,NULL,NULL),(925,2107,844,0,NULL,NULL),(926,2108,844,0,NULL,NULL),(927,2109,845,0,NULL,NULL),(928,2110,845,0,NULL,NULL),(929,2111,846,0,NULL,NULL),(930,2112,846,0,NULL,NULL),(931,2113,847,0,NULL,NULL),(932,2114,847,0,NULL,NULL),(933,2010,848,0,NULL,NULL),(934,2011,848,0,NULL,NULL),(935,2068,849,0,NULL,NULL),(936,2069,849,0,NULL,NULL),(937,2070,850,0,NULL,NULL),(938,2071,850,0,NULL,NULL),(939,2072,851,0,NULL,NULL),(940,2073,851,0,NULL,NULL),(941,2074,852,0,NULL,NULL),(942,2002,853,0,NULL,NULL),(943,2003,853,0,NULL,NULL),(944,2004,854,0,NULL,NULL),(945,2005,854,0,NULL,NULL),(946,2006,855,0,NULL,NULL),(947,2007,855,0,NULL,NULL),(948,2008,856,0,NULL,NULL),(949,2009,856,0,NULL,NULL),(950,2084,857,0,NULL,NULL),(951,2085,857,0,NULL,NULL),(952,2086,858,0,NULL,NULL),(953,2087,858,0,NULL,NULL),(954,2088,859,0,NULL,NULL),(955,2089,859,0,NULL,NULL),(956,1995,860,0,NULL,NULL),(957,1996,860,0,NULL,NULL),(958,1997,861,0,NULL,NULL),(959,1998,861,0,NULL,NULL),(960,1999,862,0,NULL,NULL),(961,2000,862,0,NULL,NULL),(962,2001,863,0,NULL,NULL),(963,2036,864,0,NULL,NULL),(964,2037,865,0,NULL,NULL),(965,2038,865,0,NULL,NULL),(966,2039,866,0,NULL,NULL),(967,2040,866,0,NULL,NULL),(968,2041,867,0,NULL,NULL),(969,2042,867,0,NULL,NULL),(970,2075,868,0,NULL,NULL),(971,2076,868,0,NULL,NULL),(972,2077,869,0,NULL,NULL),(973,2078,869,0,NULL,NULL),(974,2079,870,0,NULL,NULL),(975,2080,870,0,NULL,NULL),(976,2115,871,0,NULL,NULL),(977,2116,871,0,NULL,NULL),(978,2117,872,0,NULL,NULL),(979,2118,872,0,NULL,NULL),(980,2119,873,0,NULL,NULL),(981,2120,874,0,NULL,NULL),(982,2121,874,0,NULL,NULL),(983,2012,875,0,NULL,NULL),(984,2013,875,0,NULL,NULL),(985,2014,875,0,NULL,NULL),(986,2015,876,0,NULL,NULL),(987,2016,876,0,NULL,NULL),(988,2017,877,0,NULL,NULL),(989,2018,877,0,NULL,NULL),(990,2019,878,0,NULL,NULL),(991,2020,878,0,NULL,NULL),(992,2021,879,0,NULL,NULL),(993,2022,879,0,NULL,NULL),(994,2023,880,0,NULL,NULL),(995,2024,880,0,NULL,NULL),(996,2025,881,0,NULL,NULL),(997,2026,881,0,NULL,NULL),(998,2027,882,0,NULL,NULL),(999,2028,883,0,NULL,NULL),(1000,2029,883,0,NULL,NULL),(1001,2030,884,0,NULL,NULL),(1002,2031,884,0,NULL,NULL),(1003,2032,885,0,NULL,NULL),(1004,2033,885,0,NULL,NULL),(1005,2034,886,0,NULL,NULL),(1006,2035,886,0,NULL,NULL),(1007,2122,887,0,NULL,NULL),(1008,2123,887,0,NULL,NULL),(1009,2124,888,0,NULL,NULL),(1010,2125,888,0,NULL,NULL),(1011,2126,889,0,NULL,NULL),(1012,2127,889,0,NULL,NULL),(1013,2128,890,0,NULL,NULL),(1014,2129,890,0,NULL,NULL),(1015,2130,891,0,NULL,NULL),(1016,2131,891,0,NULL,NULL),(1017,2132,892,0,NULL,NULL),(1018,2133,893,0,NULL,NULL),(1019,2134,893,0,NULL,NULL),(1020,2135,893,0,NULL,NULL),(1021,2136,894,0,NULL,NULL),(1022,2137,894,0,NULL,NULL),(1023,2138,895,0,NULL,NULL),(1024,2139,895,0,NULL,NULL),(1025,2140,896,0,NULL,NULL),(1026,2141,896,0,NULL,NULL),(1027,2142,897,0,NULL,NULL),(1028,2143,897,0,NULL,NULL),(1029,2144,898,0,NULL,NULL),(1030,2145,898,0,NULL,NULL),(1031,2146,899,0,NULL,NULL),(1032,2147,899,0,NULL,NULL),(1033,2148,899,0,NULL,NULL),(1034,1953,900,0,NULL,NULL),(1035,1954,900,0,NULL,NULL),(1036,1955,900,0,NULL,NULL),(1037,1956,901,0,NULL,NULL),(1038,1957,901,0,NULL,NULL),(1039,1958,902,0,NULL,NULL),(1040,1959,902,0,NULL,NULL),(1041,1960,903,0,NULL,NULL),(1042,1961,903,0,NULL,NULL),(1043,1966,904,0,NULL,NULL),(1044,1967,904,0,NULL,NULL),(1045,1968,905,0,NULL,NULL),(1046,1969,905,0,NULL,NULL),(1047,1970,906,0,NULL,NULL),(1048,1971,906,0,NULL,NULL),(1049,1972,907,0,NULL,NULL),(1050,1973,907,0,NULL,NULL),(1051,1977,908,0,NULL,NULL),(1052,1978,908,0,NULL,NULL),(1053,1979,909,0,NULL,NULL),(1054,1980,909,0,NULL,NULL),(1055,1991,910,0,NULL,NULL),(1056,1992,910,0,NULL,NULL),(1057,1993,911,0,NULL,NULL),(1058,1994,911,0,NULL,NULL),(1059,1945,912,0,NULL,NULL),(1060,1946,912,0,NULL,NULL),(1061,1947,912,0,NULL,NULL),(1062,1948,913,0,NULL,NULL),(1063,1949,913,0,NULL,NULL),(1064,1950,913,0,NULL,NULL),(1065,1951,914,0,NULL,NULL),(1066,1952,914,0,NULL,NULL),(1067,1962,915,0,NULL,NULL),(1068,1963,915,0,NULL,NULL),(1069,1964,916,0,NULL,NULL),(1070,1965,916,0,NULL,NULL),(1071,1974,917,0,NULL,NULL),(1072,1975,917,0,NULL,NULL),(1073,1976,917,0,NULL,NULL),(1074,1981,918,0,NULL,NULL),(1075,1982,918,0,NULL,NULL),(1076,1983,919,0,NULL,NULL),(1077,1984,919,0,NULL,NULL),(1078,1985,920,0,NULL,NULL),(1079,1986,920,0,NULL,NULL),(1080,1987,921,0,NULL,NULL),(1081,1988,921,0,NULL,NULL),(1082,1989,922,0,NULL,NULL),(1083,1990,922,0,NULL,NULL),(1084,1945,923,0,NULL,NULL),(1085,1946,923,0,NULL,NULL),(1086,1947,923,0,NULL,NULL),(1087,1948,924,0,NULL,NULL),(1088,1949,924,0,NULL,NULL),(1089,1950,924,0,NULL,NULL),(1090,1951,925,0,NULL,NULL),(1091,1952,925,0,NULL,NULL),(1092,1962,926,0,NULL,NULL),(1093,1963,926,0,NULL,NULL),(1094,1964,927,0,NULL,NULL),(1095,1965,927,0,NULL,NULL),(1096,2115,928,0,NULL,NULL),(1097,2116,928,0,NULL,NULL),(1098,2117,929,0,NULL,NULL),(1099,2118,929,0,NULL,NULL),(1100,2119,930,0,NULL,NULL),(1101,1974,931,0,NULL,NULL),(1102,1975,931,0,NULL,NULL),(1103,1976,931,0,NULL,NULL),(1104,1981,932,0,NULL,NULL),(1105,1982,932,0,NULL,NULL),(1106,1983,933,0,NULL,NULL),(1107,1984,933,0,NULL,NULL),(1108,1985,934,0,NULL,NULL),(1109,1986,934,0,NULL,NULL),(1110,1987,935,0,NULL,NULL),(1111,1988,935,0,NULL,NULL),(1112,1989,936,0,NULL,NULL),(1113,1990,936,0,NULL,NULL),(1114,2120,937,0,NULL,NULL),(1115,2121,937,0,NULL,NULL),(1116,1945,938,0,NULL,NULL),(1117,1946,938,0,NULL,NULL),(1118,1947,938,0,NULL,NULL),(1119,1948,939,0,NULL,NULL),(1120,1949,939,0,NULL,NULL),(1121,1950,939,0,NULL,NULL),(1122,1951,940,0,NULL,NULL),(1123,1952,940,0,NULL,NULL),(1124,1962,941,0,NULL,NULL),(1125,1963,941,0,NULL,NULL),(1126,1964,942,0,NULL,NULL),(1127,1965,942,0,NULL,NULL),(1128,1974,943,0,NULL,NULL),(1129,1975,943,0,NULL,NULL),(1130,1976,943,0,NULL,NULL),(1131,1981,944,0,NULL,NULL),(1132,1982,944,0,NULL,NULL),(1133,1983,945,0,NULL,NULL),(1134,1984,945,0,NULL,NULL),(1135,1985,946,0,NULL,NULL),(1136,1986,946,0,NULL,NULL),(1137,1987,947,0,NULL,NULL),(1138,1988,947,0,NULL,NULL),(1139,1989,948,0,NULL,NULL),(1140,1990,948,0,NULL,NULL),(1141,1945,949,0,NULL,NULL),(1142,1946,949,0,NULL,NULL),(1143,1947,949,0,NULL,NULL),(1144,1948,950,0,NULL,NULL),(1145,1949,950,0,NULL,NULL),(1146,1950,950,0,NULL,NULL),(1147,1951,951,0,NULL,NULL),(1148,1952,951,0,NULL,NULL),(1149,1962,952,0,NULL,NULL),(1150,1963,952,0,NULL,NULL),(1151,1964,953,0,NULL,NULL),(1152,1965,953,0,NULL,NULL),(1153,1974,954,0,NULL,NULL),(1154,1975,954,0,NULL,NULL),(1155,1976,954,0,NULL,NULL),(1156,1981,955,0,NULL,NULL),(1157,1982,955,0,NULL,NULL),(1158,1983,956,0,NULL,NULL),(1159,1984,956,0,NULL,NULL),(1160,1985,957,0,NULL,NULL),(1161,1986,957,0,NULL,NULL),(1162,1987,958,0,NULL,NULL),(1163,1988,958,0,NULL,NULL),(1164,1989,959,0,NULL,NULL),(1165,1990,959,0,NULL,NULL),(1166,1945,960,0,NULL,NULL),(1167,1946,960,0,NULL,NULL),(1168,1947,960,0,NULL,NULL),(1169,1948,961,0,NULL,NULL),(1170,1949,961,0,NULL,NULL),(1171,1950,961,0,NULL,NULL),(1172,1951,962,0,NULL,NULL),(1173,1952,962,0,NULL,NULL),(1174,1962,963,0,NULL,NULL),(1175,1963,963,0,NULL,NULL),(1176,1964,964,0,NULL,NULL),(1177,1965,964,0,NULL,NULL),(1178,1974,965,0,NULL,NULL),(1179,1975,965,0,NULL,NULL),(1180,1976,965,0,NULL,NULL),(1181,1981,966,0,NULL,NULL),(1182,1982,966,0,NULL,NULL),(1183,1983,967,0,NULL,NULL),(1184,1984,967,0,NULL,NULL),(1185,1985,968,0,NULL,NULL),(1186,1986,968,0,NULL,NULL),(1187,1987,969,0,NULL,NULL),(1188,1988,969,0,NULL,NULL),(1189,1989,970,0,NULL,NULL),(1190,1990,970,0,NULL,NULL),(1191,1945,971,0,NULL,NULL),(1192,1946,971,0,NULL,NULL),(1193,1947,971,0,NULL,NULL),(1194,1948,972,0,NULL,NULL),(1195,1949,972,0,NULL,NULL),(1196,1950,972,0,NULL,NULL),(1197,1951,973,0,NULL,NULL),(1198,1952,973,0,NULL,NULL),(1199,2122,974,0,NULL,NULL),(1200,2123,974,0,NULL,NULL),(1201,2124,975,0,NULL,NULL),(1202,2125,975,0,NULL,NULL),(1203,2126,976,0,NULL,NULL),(1204,2127,976,0,NULL,NULL),(1205,2128,977,0,NULL,NULL),(1206,2129,977,0,NULL,NULL),(1207,1962,978,0,NULL,NULL),(1208,1963,978,0,NULL,NULL),(1209,1964,979,0,NULL,NULL),(1210,1965,979,0,NULL,NULL),(1211,2130,980,0,NULL,NULL),(1212,2131,980,0,NULL,NULL),(1213,2132,981,0,NULL,NULL),(1214,2133,982,0,NULL,NULL),(1215,2134,982,0,NULL,NULL),(1216,2135,982,0,NULL,NULL),(1217,1974,983,0,NULL,NULL),(1218,1975,983,0,NULL,NULL),(1219,1976,983,0,NULL,NULL),(1220,2136,984,0,NULL,NULL),(1221,2137,984,0,NULL,NULL),(1222,2138,985,0,NULL,NULL),(1223,2139,985,0,NULL,NULL),(1224,1981,986,0,NULL,NULL),(1225,1982,986,0,NULL,NULL),(1226,1983,987,0,NULL,NULL),(1227,1984,987,0,NULL,NULL),(1228,1985,988,0,NULL,NULL),(1229,1986,988,0,NULL,NULL),(1230,1987,989,0,NULL,NULL),(1231,1988,989,0,NULL,NULL),(1232,1989,990,0,NULL,NULL),(1233,1990,990,0,NULL,NULL),(1234,2140,991,0,NULL,NULL),(1235,2141,991,0,NULL,NULL),(1236,2142,992,0,NULL,NULL),(1237,2143,992,0,NULL,NULL),(1238,2144,993,0,NULL,NULL),(1239,2145,993,0,NULL,NULL),(1240,1945,994,0,NULL,NULL),(1241,1946,994,0,NULL,NULL),(1242,1947,994,0,NULL,NULL),(1243,1948,995,0,NULL,NULL),(1244,1949,995,0,NULL,NULL),(1245,1950,995,0,NULL,NULL),(1246,2146,996,0,NULL,NULL),(1247,2147,996,0,NULL,NULL),(1248,2148,996,0,NULL,NULL),(1249,1951,997,0,NULL,NULL),(1250,1952,997,0,NULL,NULL),(1251,1962,998,0,NULL,NULL),(1252,1963,998,0,NULL,NULL),(1253,1964,999,0,NULL,NULL),(1254,1965,999,0,NULL,NULL),(1255,1974,1000,0,NULL,NULL),(1256,1975,1000,0,NULL,NULL),(1257,1976,1000,0,NULL,NULL),(1258,1981,1001,0,NULL,NULL),(1259,1982,1001,0,NULL,NULL),(1260,1983,1002,0,NULL,NULL),(1261,1984,1002,0,NULL,NULL),(1262,1985,1003,0,NULL,NULL),(1263,1986,1003,0,NULL,NULL),(1264,1987,1004,0,NULL,NULL),(1265,1988,1004,0,NULL,NULL),(1266,1989,1005,0,NULL,NULL),(1267,1990,1005,0,NULL,NULL),(1268,1962,1006,0,NULL,NULL),(1269,1963,1006,0,NULL,NULL),(1270,1964,1007,0,NULL,NULL),(1271,1965,1007,0,NULL,NULL),(1272,1974,1008,0,NULL,NULL),(1273,1975,1008,0,NULL,NULL),(1274,1976,1008,0,NULL,NULL),(1275,1981,1009,0,NULL,NULL),(1276,1982,1009,0,NULL,NULL),(1277,1983,1010,0,NULL,NULL),(1278,1984,1010,0,NULL,NULL),(1279,1985,1011,0,NULL,NULL),(1280,1986,1011,0,NULL,NULL),(1281,1987,1012,0,NULL,NULL),(1282,1988,1012,0,NULL,NULL),(1283,1989,1013,0,NULL,NULL),(1284,1990,1013,0,NULL,NULL),(1285,1945,1014,0,NULL,NULL),(1286,1946,1014,0,NULL,NULL),(1287,1947,1014,0,NULL,NULL),(1288,1948,1015,0,NULL,NULL),(1289,1949,1015,0,NULL,NULL),(1290,1950,1015,0,NULL,NULL),(1291,1951,1016,0,NULL,NULL),(1292,1952,1016,0,NULL,NULL),(1293,1962,1017,0,NULL,NULL),(1294,1963,1017,0,NULL,NULL),(1295,1964,1018,0,NULL,NULL),(1296,1965,1018,0,NULL,NULL),(1297,1974,1019,0,NULL,NULL),(1298,1975,1019,0,NULL,NULL),(1299,1976,1019,0,NULL,NULL),(1300,1981,1020,0,NULL,NULL),(1301,1982,1020,0,NULL,NULL),(1302,1983,1021,0,NULL,NULL),(1303,1984,1021,0,NULL,NULL),(1304,1985,1022,0,NULL,NULL),(1305,1986,1022,0,NULL,NULL),(1306,1987,1023,0,NULL,NULL),(1307,1988,1023,0,NULL,NULL),(1308,1989,1024,0,NULL,NULL),(1309,1990,1024,0,NULL,NULL),(1310,1945,1025,0,NULL,NULL),(1311,1946,1025,0,NULL,NULL),(1312,1947,1025,0,NULL,NULL),(1313,1948,1026,0,NULL,NULL),(1314,1949,1026,0,NULL,NULL),(1315,1950,1026,0,NULL,NULL),(1316,1951,1027,0,NULL,NULL),(1317,1952,1027,0,NULL,NULL),(1318,1962,1028,0,NULL,NULL),(1319,1963,1028,0,NULL,NULL),(1320,1964,1029,0,NULL,NULL),(1321,1965,1029,0,NULL,NULL),(1322,1974,1030,0,NULL,NULL),(1323,1975,1030,0,NULL,NULL),(1324,1976,1030,0,NULL,NULL),(1325,1981,1031,0,NULL,NULL),(1326,1982,1031,0,NULL,NULL),(1327,1983,1032,0,NULL,NULL),(1328,1984,1032,0,NULL,NULL),(1329,1985,1033,0,NULL,NULL),(1330,1986,1033,0,NULL,NULL),(1331,1987,1034,0,NULL,NULL),(1332,1988,1034,0,NULL,NULL),(1333,1989,1035,0,NULL,NULL),(1334,1990,1035,0,NULL,NULL),(1335,1945,1036,0,NULL,NULL),(1336,1946,1036,0,NULL,NULL),(1337,1947,1036,0,NULL,NULL),(1338,1948,1037,0,NULL,NULL),(1339,1949,1037,0,NULL,NULL),(1340,1950,1037,0,NULL,NULL),(1341,1951,1038,0,NULL,NULL),(1342,1952,1038,0,NULL,NULL),(1343,1962,1039,0,NULL,NULL),(1344,1963,1039,0,NULL,NULL),(1345,1964,1040,0,NULL,NULL),(1346,1965,1040,0,NULL,NULL),(1347,1974,1041,0,NULL,NULL),(1348,1975,1041,0,NULL,NULL),(1349,1976,1041,0,NULL,NULL),(1350,1981,1042,0,NULL,NULL),(1351,1982,1042,0,NULL,NULL),(1352,1983,1043,0,NULL,NULL),(1353,1984,1043,0,NULL,NULL),(1354,1985,1044,0,NULL,NULL),(1355,1986,1044,0,NULL,NULL),(1356,1987,1045,0,NULL,NULL),(1357,1988,1045,0,NULL,NULL),(1358,1989,1046,0,NULL,NULL),(1359,1990,1046,0,NULL,NULL),(1360,1945,1047,0,NULL,NULL),(1361,1946,1047,0,NULL,NULL),(1362,1947,1047,0,NULL,NULL),(1363,1948,1048,0,NULL,NULL),(1364,1949,1048,0,NULL,NULL),(1365,1950,1048,0,NULL,NULL),(1366,1951,1049,0,NULL,NULL),(1367,1952,1049,0,NULL,NULL),(1368,1962,1050,0,NULL,NULL),(1369,1963,1050,0,NULL,NULL),(1370,1964,1051,0,NULL,NULL),(1371,1965,1051,0,NULL,NULL),(1372,1974,1052,0,NULL,NULL),(1373,1975,1052,0,NULL,NULL),(1374,1976,1052,0,NULL,NULL),(1375,1981,1053,0,NULL,NULL),(1376,1982,1053,0,NULL,NULL),(1377,1983,1054,0,NULL,NULL),(1378,1984,1054,0,NULL,NULL),(1379,1985,1055,0,NULL,NULL),(1380,1986,1055,0,NULL,NULL),(1381,1987,1056,0,NULL,NULL),(1382,1988,1056,0,NULL,NULL),(1383,1989,1057,0,NULL,NULL),(1384,1990,1057,0,NULL,NULL),(1385,1945,1058,0,NULL,NULL),(1386,1946,1058,0,NULL,NULL),(1387,1947,1058,0,NULL,NULL),(1388,1948,1059,0,NULL,NULL),(1389,1949,1059,0,NULL,NULL),(1390,1950,1059,0,NULL,NULL),(1391,1951,1060,0,NULL,NULL),(1392,1952,1060,0,NULL,NULL),(1393,1962,1061,0,NULL,NULL),(1394,1963,1061,0,NULL,NULL),(1395,1964,1062,0,NULL,NULL),(1396,1965,1062,0,NULL,NULL),(1397,1974,1063,0,NULL,NULL),(1398,1975,1063,0,NULL,NULL),(1399,1976,1063,0,NULL,NULL),(1400,1981,1064,0,NULL,NULL),(1401,1982,1064,0,NULL,NULL),(1402,1983,1065,0,NULL,NULL),(1403,1984,1065,0,NULL,NULL),(1404,1985,1066,0,NULL,NULL),(1405,1986,1066,0,NULL,NULL),(1406,1987,1067,0,NULL,NULL),(1407,1988,1067,0,NULL,NULL),(1408,1989,1068,0,NULL,NULL),(1409,1990,1068,0,NULL,NULL),(1410,1945,1069,0,NULL,NULL),(1411,1946,1069,0,NULL,NULL),(1412,1947,1069,0,NULL,NULL),(1413,1948,1070,0,NULL,NULL),(1414,1949,1070,0,NULL,NULL),(1415,1950,1070,0,NULL,NULL),(1416,2090,1071,0,NULL,NULL),(1417,2091,1071,0,NULL,NULL),(1418,2092,1071,0,NULL,NULL),(1419,2093,1072,0,NULL,NULL),(1420,2094,1072,0,NULL,NULL),(1421,1951,1073,0,NULL,NULL),(1422,1952,1073,0,NULL,NULL),(1423,2095,1074,0,NULL,NULL),(1424,2096,1074,0,NULL,NULL),(1425,2097,1075,0,NULL,NULL),(1426,2098,1075,0,NULL,NULL),(1427,1962,1076,0,NULL,NULL),(1428,1963,1076,0,NULL,NULL),(1429,1964,1077,0,NULL,NULL),(1430,1965,1077,0,NULL,NULL),(1431,2099,1078,0,NULL,NULL),(1432,2100,1078,0,NULL,NULL),(1433,2101,1079,0,NULL,NULL),(1434,2102,1079,0,NULL,NULL),(1435,2103,1080,0,NULL,NULL),(1436,2104,1080,0,NULL,NULL),(1437,1974,1081,0,NULL,NULL),(1438,1975,1081,0,NULL,NULL),(1439,1976,1081,0,NULL,NULL),(1440,2105,1082,0,NULL,NULL),(1441,2106,1082,0,NULL,NULL),(1442,2107,1083,0,NULL,NULL),(1443,2108,1083,0,NULL,NULL),(1444,1981,1084,0,NULL,NULL),(1445,1982,1084,0,NULL,NULL),(1446,1983,1085,0,NULL,NULL),(1447,1984,1085,0,NULL,NULL),(1448,1985,1086,0,NULL,NULL),(1449,1986,1086,0,NULL,NULL),(1450,1987,1087,0,NULL,NULL),(1451,1988,1087,0,NULL,NULL),(1452,1989,1088,0,NULL,NULL),(1453,1990,1088,0,NULL,NULL),(1454,2109,1089,0,NULL,NULL),(1455,2110,1089,0,NULL,NULL),(1456,2111,1090,0,NULL,NULL),(1457,2112,1090,0,NULL,NULL),(1458,2113,1091,0,NULL,NULL),(1459,2114,1091,0,NULL,NULL),(1460,1945,1092,0,NULL,NULL),(1461,1946,1092,0,NULL,NULL),(1462,1947,1092,0,NULL,NULL),(1463,1948,1093,0,NULL,NULL),(1464,1949,1093,0,NULL,NULL),(1465,1950,1093,0,NULL,NULL),(1466,1951,1094,0,NULL,NULL),(1467,1952,1094,0,NULL,NULL),(1468,1962,1095,0,NULL,NULL),(1469,1963,1095,0,NULL,NULL),(1470,1964,1096,0,NULL,NULL),(1471,1965,1096,0,NULL,NULL),(1472,1974,1097,0,NULL,NULL),(1473,1975,1097,0,NULL,NULL),(1474,1976,1097,0,NULL,NULL),(1475,1981,1098,0,NULL,NULL),(1476,1982,1098,0,NULL,NULL),(1477,1983,1099,0,NULL,NULL),(1478,1984,1099,0,NULL,NULL),(1479,1985,1100,0,NULL,NULL),(1480,1986,1100,0,NULL,NULL),(1481,1987,1101,0,NULL,NULL),(1482,1988,1101,0,NULL,NULL),(1483,1989,1102,0,NULL,NULL),(1484,1990,1102,0,NULL,NULL),(1485,1945,1103,0,NULL,NULL),(1486,1946,1103,0,NULL,NULL),(1487,1947,1103,0,NULL,NULL),(1488,1948,1104,0,NULL,NULL),(1489,1949,1104,0,NULL,NULL),(1490,1950,1104,0,NULL,NULL),(1491,1951,1105,0,NULL,NULL),(1492,1952,1105,0,NULL,NULL),(1493,1962,1106,0,NULL,NULL),(1494,1963,1106,0,NULL,NULL),(1495,1964,1107,0,NULL,NULL),(1496,1965,1107,0,NULL,NULL),(1497,2084,1108,0,NULL,NULL),(1498,2085,1108,0,NULL,NULL),(1499,2086,1109,0,NULL,NULL),(1500,2087,1109,0,NULL,NULL),(1501,1974,1110,0,NULL,NULL),(1502,1975,1110,0,NULL,NULL),(1503,1976,1110,0,NULL,NULL),(1504,1981,1111,0,NULL,NULL),(1505,1982,1111,0,NULL,NULL),(1506,1983,1112,0,NULL,NULL),(1507,1984,1112,0,NULL,NULL),(1508,1985,1113,0,NULL,NULL),(1509,1986,1113,0,NULL,NULL),(1510,1987,1114,0,NULL,NULL),(1511,1988,1114,0,NULL,NULL),(1512,1989,1115,0,NULL,NULL),(1513,1990,1115,0,NULL,NULL),(1514,2088,1116,0,NULL,NULL),(1515,2089,1116,0,NULL,NULL),(1516,1945,1117,0,NULL,NULL),(1517,1946,1117,0,NULL,NULL),(1518,1947,1117,0,NULL,NULL),(1519,1948,1118,0,NULL,NULL),(1520,1949,1118,0,NULL,NULL),(1521,1950,1118,0,NULL,NULL),(1522,1951,1119,0,NULL,NULL),(1523,1952,1119,0,NULL,NULL),(1524,1962,1120,0,NULL,NULL),(1525,1963,1120,0,NULL,NULL),(1526,1964,1121,0,NULL,NULL),(1527,1965,1121,0,NULL,NULL),(1528,1995,1122,0,NULL,NULL),(1529,1996,1122,0,NULL,NULL),(1530,1974,1123,0,NULL,NULL),(1531,1975,1123,0,NULL,NULL),(1532,1976,1123,0,NULL,NULL),(1533,1981,1124,0,NULL,NULL),(1534,1982,1124,0,NULL,NULL),(1535,1983,1125,0,NULL,NULL),(1536,1984,1125,0,NULL,NULL),(1537,1985,1126,0,NULL,NULL),(1538,1986,1126,0,NULL,NULL),(1539,1987,1127,0,NULL,NULL),(1540,1988,1127,0,NULL,NULL),(1541,1989,1128,0,NULL,NULL),(1542,1990,1128,0,NULL,NULL),(1543,1997,1129,0,NULL,NULL),(1544,1998,1129,0,NULL,NULL),(1545,1999,1130,0,NULL,NULL),(1546,2000,1130,0,NULL,NULL),(1547,2001,1131,0,NULL,NULL),(1548,1945,1132,0,NULL,NULL),(1549,1946,1132,0,NULL,NULL),(1550,1947,1132,0,NULL,NULL),(1551,1948,1133,0,NULL,NULL),(1552,1949,1133,0,NULL,NULL),(1553,1950,1133,0,NULL,NULL),(1554,1951,1134,0,NULL,NULL),(1555,1952,1134,0,NULL,NULL),(1556,1962,1135,0,NULL,NULL),(1557,1963,1135,0,NULL,NULL),(1558,1964,1136,0,NULL,NULL),(1559,1965,1136,0,NULL,NULL),(1560,2068,1137,0,NULL,NULL),(1561,2069,1137,0,NULL,NULL),(1562,2070,1138,0,NULL,NULL),(1563,2071,1138,0,NULL,NULL),(1564,1974,1139,0,NULL,NULL),(1565,1975,1139,0,NULL,NULL),(1566,1976,1139,0,NULL,NULL),(1567,1981,1140,0,NULL,NULL),(1568,1982,1140,0,NULL,NULL),(1569,1983,1141,0,NULL,NULL),(1570,1984,1141,0,NULL,NULL),(1571,1985,1142,0,NULL,NULL),(1572,1986,1142,0,NULL,NULL),(1573,1987,1143,0,NULL,NULL),(1574,1988,1143,0,NULL,NULL),(1575,1989,1144,0,NULL,NULL),(1576,1990,1144,0,NULL,NULL),(1577,2072,1145,0,NULL,NULL),(1578,2073,1145,0,NULL,NULL),(1579,2074,1146,0,NULL,NULL),(1580,1953,1147,0,NULL,NULL),(1581,1954,1147,0,NULL,NULL),(1582,1955,1147,0,NULL,NULL),(1583,1945,1148,0,NULL,NULL),(1584,1946,1148,0,NULL,NULL),(1585,1947,1148,0,NULL,NULL),(1586,1948,1149,0,NULL,NULL),(1587,1949,1149,0,NULL,NULL),(1588,1950,1149,0,NULL,NULL),(1589,1951,1150,0,NULL,NULL),(1590,1952,1150,0,NULL,NULL),(1591,1956,1151,0,NULL,NULL),(1592,1957,1151,0,NULL,NULL),(1593,1958,1152,0,NULL,NULL),(1594,1959,1152,0,NULL,NULL),(1595,1960,1153,0,NULL,NULL),(1596,1961,1153,0,NULL,NULL),(1597,1962,1154,0,NULL,NULL),(1598,1963,1154,0,NULL,NULL),(1599,1964,1155,0,NULL,NULL),(1600,1965,1155,0,NULL,NULL),(1601,1966,1156,0,NULL,NULL),(1602,1967,1156,0,NULL,NULL),(1603,1968,1157,0,NULL,NULL),(1604,1969,1157,0,NULL,NULL),(1605,1970,1158,0,NULL,NULL),(1606,1971,1158,0,NULL,NULL),(1607,1972,1159,0,NULL,NULL),(1608,1973,1159,0,NULL,NULL),(1609,1974,1160,0,NULL,NULL),(1610,1975,1160,0,NULL,NULL),(1611,1976,1160,0,NULL,NULL),(1612,1977,1161,0,NULL,NULL),(1613,1978,1161,0,NULL,NULL),(1614,1979,1162,0,NULL,NULL),(1615,1980,1162,0,NULL,NULL),(1616,1981,1163,0,NULL,NULL),(1617,1982,1163,0,NULL,NULL),(1618,1983,1164,0,NULL,NULL),(1619,1984,1164,0,NULL,NULL),(1620,1985,1165,0,NULL,NULL),(1621,1986,1165,0,NULL,NULL),(1622,1987,1166,0,NULL,NULL),(1623,1988,1166,0,NULL,NULL),(1624,1989,1167,0,NULL,NULL),(1625,1990,1167,0,NULL,NULL),(1626,1991,1168,0,NULL,NULL),(1627,1992,1168,0,NULL,NULL),(1628,1993,1169,0,NULL,NULL),(1629,1994,1169,0,NULL,NULL),(1630,1945,1170,0,NULL,NULL),(1631,1946,1170,0,NULL,NULL),(1632,1947,1170,0,NULL,NULL),(1633,1948,1171,0,NULL,NULL),(1634,1949,1171,0,NULL,NULL),(1635,1950,1171,0,NULL,NULL),(1636,1951,1172,0,NULL,NULL),(1637,1952,1172,0,NULL,NULL),(1638,2002,1173,0,NULL,NULL),(1639,2003,1173,0,NULL,NULL),(1640,1962,1174,0,NULL,NULL),(1641,1963,1174,0,NULL,NULL),(1642,1964,1175,0,NULL,NULL),(1643,1965,1175,0,NULL,NULL),(1644,2004,1176,0,NULL,NULL),(1645,2005,1176,0,NULL,NULL),(1646,1974,1177,0,NULL,NULL),(1647,1975,1177,0,NULL,NULL),(1648,1976,1177,0,NULL,NULL),(1649,1981,1178,0,NULL,NULL),(1650,1982,1178,0,NULL,NULL),(1651,1983,1179,0,NULL,NULL),(1652,1984,1179,0,NULL,NULL),(1653,1985,1180,0,NULL,NULL),(1654,1986,1180,0,NULL,NULL),(1655,1987,1181,0,NULL,NULL),(1656,1988,1181,0,NULL,NULL),(1657,1989,1182,0,NULL,NULL),(1658,1990,1182,0,NULL,NULL),(1659,2006,1183,0,NULL,NULL),(1660,2007,1183,0,NULL,NULL),(1661,2008,1184,0,NULL,NULL),(1662,2009,1184,0,NULL,NULL),(1663,1945,1185,0,NULL,NULL),(1664,1946,1185,0,NULL,NULL),(1665,1947,1185,0,NULL,NULL),(1666,1948,1186,0,NULL,NULL),(1667,1949,1186,0,NULL,NULL),(1668,1950,1186,0,NULL,NULL),(1669,1951,1187,0,NULL,NULL),(1670,1952,1187,0,NULL,NULL),(1671,1962,1188,0,NULL,NULL),(1672,1963,1188,0,NULL,NULL),(1673,1964,1189,0,NULL,NULL),(1674,1965,1189,0,NULL,NULL),(1675,1974,1190,0,NULL,NULL),(1676,1975,1190,0,NULL,NULL),(1677,1976,1190,0,NULL,NULL),(1678,1981,1191,0,NULL,NULL),(1679,1982,1191,0,NULL,NULL),(1680,1983,1192,0,NULL,NULL),(1681,1984,1192,0,NULL,NULL),(1682,1985,1193,0,NULL,NULL),(1683,1986,1193,0,NULL,NULL),(1684,1987,1194,0,NULL,NULL),(1685,1988,1194,0,NULL,NULL),(1686,1989,1195,0,NULL,NULL),(1687,1990,1195,0,NULL,NULL),(1688,1945,1196,0,NULL,NULL),(1689,1946,1196,0,NULL,NULL),(1690,1947,1196,0,NULL,NULL),(1691,1948,1197,0,NULL,NULL),(1692,1949,1197,0,NULL,NULL),(1693,1950,1197,0,NULL,NULL),(1694,1951,1198,0,NULL,NULL),(1695,1952,1198,0,NULL,NULL),(1696,1962,1199,0,NULL,NULL),(1697,1963,1199,0,NULL,NULL),(1698,1964,1200,0,NULL,NULL),(1699,1965,1200,0,NULL,NULL),(1700,1974,1201,0,NULL,NULL),(1701,1975,1201,0,NULL,NULL),(1702,1976,1201,0,NULL,NULL),(1703,1981,1202,0,NULL,NULL),(1704,1982,1202,0,NULL,NULL),(1705,1983,1203,0,NULL,NULL),(1706,1984,1203,0,NULL,NULL),(1707,1985,1204,0,NULL,NULL),(1708,1986,1204,0,NULL,NULL),(1709,1987,1205,0,NULL,NULL),(1710,1988,1205,0,NULL,NULL),(1711,1989,1206,0,NULL,NULL),(1712,1990,1206,0,NULL,NULL),(1713,1945,1207,0,NULL,NULL),(1714,1946,1207,0,NULL,NULL),(1715,1947,1207,0,NULL,NULL),(1716,1948,1208,0,NULL,NULL),(1717,1949,1208,0,NULL,NULL),(1718,1950,1208,0,NULL,NULL),(1719,1951,1209,0,NULL,NULL),(1720,1952,1209,0,NULL,NULL),(1721,1962,1210,0,NULL,NULL),(1722,1963,1210,0,NULL,NULL),(1723,1964,1211,0,NULL,NULL),(1724,1965,1211,0,NULL,NULL),(1725,1974,1212,0,NULL,NULL),(1726,1975,1212,0,NULL,NULL),(1727,1976,1212,0,NULL,NULL),(1728,1981,1213,0,NULL,NULL),(1729,1982,1213,0,NULL,NULL),(1730,1983,1214,0,NULL,NULL),(1731,1984,1214,0,NULL,NULL),(1732,1985,1215,0,NULL,NULL),(1733,1986,1215,0,NULL,NULL),(1734,1987,1216,0,NULL,NULL),(1735,1988,1216,0,NULL,NULL),(1736,1989,1217,0,NULL,NULL),(1737,1990,1217,0,NULL,NULL),(1738,2081,1218,0,NULL,NULL),(1739,2082,1218,0,NULL,NULL),(1740,2083,1218,0,NULL,NULL),(1741,1945,1219,0,NULL,NULL),(1742,1946,1219,0,NULL,NULL),(1743,1947,1219,0,NULL,NULL),(1744,1948,1220,0,NULL,NULL),(1745,1949,1220,0,NULL,NULL),(1746,1950,1220,0,NULL,NULL),(1747,1951,1221,0,NULL,NULL),(1748,1952,1221,0,NULL,NULL),(1749,1962,1222,0,NULL,NULL),(1750,1963,1222,0,NULL,NULL),(1751,1964,1223,0,NULL,NULL),(1752,1965,1223,0,NULL,NULL),(1753,1974,1224,0,NULL,NULL),(1754,1975,1224,0,NULL,NULL),(1755,1976,1224,0,NULL,NULL),(1756,1981,1225,0,NULL,NULL),(1757,1982,1225,0,NULL,NULL),(1758,1983,1226,0,NULL,NULL),(1759,1984,1226,0,NULL,NULL),(1760,1985,1227,0,NULL,NULL),(1761,1986,1227,0,NULL,NULL),(1762,1987,1228,0,NULL,NULL),(1763,1988,1228,0,NULL,NULL),(1764,1989,1229,0,NULL,NULL),(1765,1990,1229,0,NULL,NULL),(1766,1945,1230,0,NULL,NULL),(1767,1946,1230,0,NULL,NULL),(1768,1947,1230,0,NULL,NULL),(1769,1948,1231,0,NULL,NULL),(1770,1949,1231,0,NULL,NULL),(1771,1950,1231,0,NULL,NULL),(1772,1951,1232,0,NULL,NULL),(1773,1952,1232,0,NULL,NULL),(1774,1962,1233,0,NULL,NULL),(1775,1963,1233,0,NULL,NULL),(1776,1964,1234,0,NULL,NULL),(1777,1965,1234,0,NULL,NULL),(1778,1974,1235,0,NULL,NULL),(1779,1975,1235,0,NULL,NULL),(1780,1976,1235,0,NULL,NULL),(1781,1981,1236,0,NULL,NULL),(1782,1982,1236,0,NULL,NULL),(1783,1983,1237,0,NULL,NULL),(1784,1984,1237,0,NULL,NULL),(1785,1985,1238,0,NULL,NULL),(1786,1986,1238,0,NULL,NULL),(1787,1987,1239,0,NULL,NULL),(1788,1988,1239,0,NULL,NULL),(1789,1989,1240,0,NULL,NULL),(1790,1990,1240,0,NULL,NULL),(1791,1945,1241,0,NULL,NULL),(1792,1946,1241,0,NULL,NULL),(1793,1947,1241,0,NULL,NULL),(1794,1948,1242,0,NULL,NULL),(1795,1949,1242,0,NULL,NULL),(1796,1950,1242,0,NULL,NULL),(1797,1951,1243,0,NULL,NULL),(1798,1952,1243,0,NULL,NULL),(1799,1962,1244,0,NULL,NULL),(1800,1963,1244,0,NULL,NULL),(1801,1964,1245,0,NULL,NULL),(1802,1965,1245,0,NULL,NULL),(1803,1974,1246,0,NULL,NULL),(1804,1975,1246,0,NULL,NULL),(1805,1976,1246,0,NULL,NULL),(1806,1981,1247,0,NULL,NULL),(1807,1982,1247,0,NULL,NULL),(1808,1983,1248,0,NULL,NULL),(1809,1984,1248,0,NULL,NULL),(1810,1985,1249,0,NULL,NULL),(1811,1986,1249,0,NULL,NULL),(1812,1987,1250,0,NULL,NULL),(1813,1988,1250,0,NULL,NULL),(1814,1989,1251,0,NULL,NULL),(1815,1990,1251,0,NULL,NULL),(1816,1945,1252,0,NULL,NULL),(1817,1946,1252,0,NULL,NULL),(1818,1947,1252,0,NULL,NULL),(1819,1948,1253,0,NULL,NULL),(1820,1949,1253,0,NULL,NULL),(1821,1950,1253,0,NULL,NULL),(1822,1951,1254,0,NULL,NULL),(1823,1952,1254,0,NULL,NULL),(1824,1962,1255,0,NULL,NULL),(1825,1963,1255,0,NULL,NULL),(1826,1964,1256,0,NULL,NULL),(1827,1965,1256,0,NULL,NULL),(1828,2115,1257,0,NULL,NULL),(1829,2116,1257,0,NULL,NULL),(1830,2117,1258,0,NULL,NULL),(1831,2118,1258,0,NULL,NULL),(1832,2119,1259,0,NULL,NULL),(1833,1974,1260,0,NULL,NULL),(1834,1975,1260,0,NULL,NULL),(1835,1976,1260,0,NULL,NULL),(1836,1981,1261,0,NULL,NULL),(1837,1982,1261,0,NULL,NULL),(1838,1983,1262,0,NULL,NULL),(1839,1984,1262,0,NULL,NULL),(1840,1985,1263,0,NULL,NULL),(1841,1986,1263,0,NULL,NULL),(1842,1987,1264,0,NULL,NULL),(1843,1988,1264,0,NULL,NULL),(1844,1989,1265,0,NULL,NULL),(1845,1990,1265,0,NULL,NULL),(1846,2120,1266,0,NULL,NULL),(1847,2121,1266,0,NULL,NULL),(1848,1945,1267,0,NULL,NULL),(1849,1946,1267,0,NULL,NULL),(1850,1947,1267,0,NULL,NULL),(1851,1948,1268,0,NULL,NULL),(1852,1949,1268,0,NULL,NULL),(1853,1950,1268,0,NULL,NULL),(1854,1951,1269,0,NULL,NULL),(1855,1952,1269,0,NULL,NULL),(1856,1962,1270,0,NULL,NULL),(1857,1963,1270,0,NULL,NULL),(1858,1964,1271,0,NULL,NULL),(1859,1965,1271,0,NULL,NULL),(1860,1974,1272,0,NULL,NULL),(1861,1975,1272,0,NULL,NULL),(1862,1976,1272,0,NULL,NULL),(1863,1981,1273,0,NULL,NULL),(1864,1982,1273,0,NULL,NULL),(1865,1983,1274,0,NULL,NULL),(1866,1984,1274,0,NULL,NULL),(1867,1985,1275,0,NULL,NULL),(1868,1986,1275,0,NULL,NULL),(1869,1987,1276,0,NULL,NULL),(1870,1988,1276,0,NULL,NULL),(1871,1989,1277,0,NULL,NULL),(1872,1990,1277,0,NULL,NULL),(1873,1945,1278,0,NULL,NULL),(1874,1946,1278,0,NULL,NULL),(1875,1947,1278,0,NULL,NULL),(1876,1948,1279,0,NULL,NULL),(1877,1949,1279,0,NULL,NULL),(1878,1950,1279,0,NULL,NULL),(1879,1951,1280,0,NULL,NULL),(1880,1952,1280,0,NULL,NULL),(1881,2122,1281,0,NULL,NULL),(1882,2123,1281,0,NULL,NULL),(1883,2124,1282,0,NULL,NULL),(1884,2125,1282,0,NULL,NULL),(1885,2126,1283,0,NULL,NULL),(1886,2127,1283,0,NULL,NULL),(1887,2128,1284,0,NULL,NULL),(1888,2129,1284,0,NULL,NULL),(1889,1962,1285,0,NULL,NULL),(1890,1963,1285,0,NULL,NULL),(1891,1964,1286,0,NULL,NULL),(1892,1965,1286,0,NULL,NULL),(1893,2130,1287,0,NULL,NULL),(1894,2131,1287,0,NULL,NULL),(1895,2132,1288,0,NULL,NULL),(1896,2133,1289,0,NULL,NULL),(1897,2134,1289,0,NULL,NULL),(1898,2135,1289,0,NULL,NULL),(1899,1974,1290,0,NULL,NULL),(1900,1975,1290,0,NULL,NULL),(1901,1976,1290,0,NULL,NULL),(1902,2136,1291,0,NULL,NULL),(1903,2137,1291,0,NULL,NULL),(1904,2138,1292,0,NULL,NULL),(1905,2139,1292,0,NULL,NULL),(1906,1981,1293,0,NULL,NULL),(1907,1982,1293,0,NULL,NULL),(1908,1983,1294,0,NULL,NULL),(1909,1984,1294,0,NULL,NULL),(1910,1985,1295,0,NULL,NULL),(1911,1986,1295,0,NULL,NULL),(1912,1987,1296,0,NULL,NULL),(1913,1988,1296,0,NULL,NULL),(1914,1989,1297,0,NULL,NULL),(1915,1990,1297,0,NULL,NULL),(1916,2140,1298,0,NULL,NULL),(1917,2141,1298,0,NULL,NULL),(1918,2142,1299,0,NULL,NULL),(1919,2143,1299,0,NULL,NULL),(1920,2144,1300,0,NULL,NULL),(1921,2145,1300,0,NULL,NULL),(1922,1945,1301,0,NULL,NULL),(1923,1946,1301,0,NULL,NULL),(1924,1947,1301,0,NULL,NULL),(1925,1948,1302,0,NULL,NULL),(1926,1949,1302,0,NULL,NULL),(1927,1950,1302,0,NULL,NULL),(1928,1951,1303,0,NULL,NULL),(1929,1952,1303,0,NULL,NULL),(1930,1962,1304,0,NULL,NULL),(1931,1963,1304,0,NULL,NULL),(1932,1964,1305,0,NULL,NULL),(1933,1965,1305,0,NULL,NULL),(1934,1974,1306,0,NULL,NULL),(1935,1975,1306,0,NULL,NULL),(1936,1976,1306,0,NULL,NULL),(1937,1981,1307,0,NULL,NULL),(1938,1982,1307,0,NULL,NULL),(1939,1983,1308,0,NULL,NULL),(1940,1984,1308,0,NULL,NULL),(1941,1985,1309,0,NULL,NULL),(1942,1986,1309,0,NULL,NULL),(1943,1987,1310,0,NULL,NULL),(1944,1988,1310,0,NULL,NULL),(1945,1989,1311,0,NULL,NULL),(1946,1990,1311,0,NULL,NULL),(1947,2081,1312,0,NULL,NULL),(1948,2082,1312,0,NULL,NULL),(1949,2083,1312,0,NULL,NULL),(1950,2043,1313,0,NULL,NULL),(1951,2044,1313,0,NULL,NULL),(1952,2045,1313,0,NULL,NULL),(1953,2046,1314,0,NULL,NULL),(1954,2047,1314,0,NULL,NULL),(1955,2048,1315,0,NULL,NULL),(1956,2049,1315,0,NULL,NULL),(1957,2050,1316,0,NULL,NULL),(1958,2051,1316,0,NULL,NULL),(1959,2052,1317,0,NULL,NULL),(1960,2053,1317,0,NULL,NULL),(1961,2054,1318,0,NULL,NULL),(1962,2055,1318,0,NULL,NULL),(1963,2056,1319,0,NULL,NULL),(1964,2057,1319,0,NULL,NULL),(1965,2058,1320,0,NULL,NULL),(1966,2059,1320,0,NULL,NULL),(1967,2060,1321,0,NULL,NULL),(1968,2061,1321,0,NULL,NULL),(1969,2062,1322,0,NULL,NULL),(1970,2063,1322,0,NULL,NULL),(1971,2064,1323,0,NULL,NULL),(1972,2065,1323,0,NULL,NULL),(1973,2066,1324,0,NULL,NULL),(1974,2067,1324,0,NULL,NULL),(1975,2090,1325,0,NULL,NULL),(1976,2091,1325,0,NULL,NULL),(1977,2092,1325,0,NULL,NULL),(1978,2093,1326,0,NULL,NULL),(1979,2094,1326,0,NULL,NULL),(1980,2095,1327,0,NULL,NULL),(1981,2096,1327,0,NULL,NULL),(1982,2097,1328,0,NULL,NULL),(1983,2098,1328,0,NULL,NULL),(1984,2099,1329,0,NULL,NULL),(1985,2100,1329,0,NULL,NULL),(1986,2101,1330,0,NULL,NULL),(1987,2102,1330,0,NULL,NULL),(1988,2103,1331,0,NULL,NULL),(1989,2104,1331,0,NULL,NULL),(1990,2105,1332,0,NULL,NULL),(1991,2106,1332,0,NULL,NULL),(1992,2107,1333,0,NULL,NULL),(1993,2108,1333,0,NULL,NULL),(1994,2109,1334,0,NULL,NULL),(1995,2110,1334,0,NULL,NULL),(1996,2111,1335,0,NULL,NULL),(1997,2112,1335,0,NULL,NULL),(1998,2113,1336,0,NULL,NULL),(1999,2114,1336,0,NULL,NULL),(2000,2010,1337,0,NULL,NULL),(2001,2011,1337,0,NULL,NULL),(2002,2068,1338,0,NULL,NULL),(2003,2069,1338,0,NULL,NULL),(2004,2070,1339,0,NULL,NULL),(2005,2071,1339,0,NULL,NULL),(2006,2072,1340,0,NULL,NULL),(2007,2073,1340,0,NULL,NULL),(2008,2074,1341,0,NULL,NULL),(2009,2002,1342,0,NULL,NULL),(2010,2003,1342,0,NULL,NULL),(2011,2004,1343,0,NULL,NULL),(2012,2005,1343,0,NULL,NULL),(2013,2006,1344,0,NULL,NULL),(2014,2007,1344,0,NULL,NULL),(2015,2008,1345,0,NULL,NULL),(2016,2009,1345,0,NULL,NULL),(2017,2084,1346,0,NULL,NULL),(2018,2085,1346,0,NULL,NULL),(2019,2086,1347,0,NULL,NULL),(2020,2087,1347,0,NULL,NULL),(2021,2088,1348,0,NULL,NULL),(2022,2089,1348,0,NULL,NULL),(2023,1995,1349,0,NULL,NULL),(2024,1996,1349,0,NULL,NULL),(2025,1997,1350,0,NULL,NULL),(2026,1998,1350,0,NULL,NULL),(2027,1999,1351,0,NULL,NULL),(2028,2000,1351,0,NULL,NULL),(2029,2001,1352,0,NULL,NULL),(2030,2036,1353,0,NULL,NULL),(2031,2037,1354,0,NULL,NULL),(2032,2038,1354,0,NULL,NULL),(2033,2039,1355,0,NULL,NULL),(2034,2040,1355,0,NULL,NULL),(2035,2041,1356,0,NULL,NULL),(2036,2042,1356,0,NULL,NULL),(2037,2075,1357,0,NULL,NULL),(2038,2076,1357,0,NULL,NULL),(2039,2077,1358,0,NULL,NULL),(2040,2078,1358,0,NULL,NULL),(2041,2079,1359,0,NULL,NULL),(2042,2080,1359,0,NULL,NULL),(2043,2115,1360,0,NULL,NULL),(2044,2116,1360,0,NULL,NULL),(2045,2117,1361,0,NULL,NULL),(2046,2118,1361,0,NULL,NULL),(2047,2119,1362,0,NULL,NULL),(2048,2120,1363,0,NULL,NULL),(2049,2121,1363,0,NULL,NULL),(2050,2012,1364,0,NULL,NULL),(2051,2013,1364,0,NULL,NULL),(2052,2014,1364,0,NULL,NULL),(2053,2015,1365,0,NULL,NULL),(2054,2016,1365,0,NULL,NULL),(2055,2017,1366,0,NULL,NULL),(2056,2018,1366,0,NULL,NULL),(2057,2019,1367,0,NULL,NULL),(2058,2020,1367,0,NULL,NULL),(2059,2021,1368,0,NULL,NULL),(2060,2022,1368,0,NULL,NULL),(2061,2023,1369,0,NULL,NULL),(2062,2024,1369,0,NULL,NULL),(2063,2025,1370,0,NULL,NULL),(2064,2026,1370,0,NULL,NULL),(2065,2027,1371,0,NULL,NULL),(2066,2028,1372,0,NULL,NULL),(2067,2029,1372,0,NULL,NULL),(2068,2030,1373,0,NULL,NULL),(2069,2031,1373,0,NULL,NULL),(2070,2032,1374,0,NULL,NULL),(2071,2033,1374,0,NULL,NULL),(2072,2034,1375,0,NULL,NULL),(2073,2035,1375,0,NULL,NULL),(2074,2122,1376,0,NULL,NULL),(2075,2123,1376,0,NULL,NULL),(2076,2124,1377,0,NULL,NULL),(2077,2125,1377,0,NULL,NULL),(2078,2126,1378,0,NULL,NULL),(2079,2127,1378,0,NULL,NULL),(2080,2128,1379,0,NULL,NULL),(2081,2129,1379,0,NULL,NULL),(2082,2130,1380,0,NULL,NULL),(2083,2131,1380,0,NULL,NULL),(2084,2132,1381,0,NULL,NULL),(2085,2133,1382,0,NULL,NULL),(2086,2134,1382,0,NULL,NULL),(2087,2135,1382,0,NULL,NULL),(2088,2136,1383,0,NULL,NULL),(2089,2137,1383,0,NULL,NULL),(2090,2138,1384,0,NULL,NULL),(2091,2139,1384,0,NULL,NULL),(2092,2140,1385,0,NULL,NULL),(2093,2141,1385,0,NULL,NULL),(2094,2142,1386,0,NULL,NULL),(2095,2143,1386,0,NULL,NULL),(2096,2144,1387,0,NULL,NULL),(2097,2145,1387,0,NULL,NULL),(2098,2146,1388,0,NULL,NULL),(2099,2147,1388,0,NULL,NULL),(2100,2148,1388,0,NULL,NULL),(2101,1953,1389,0,NULL,NULL),(2102,1954,1389,0,NULL,NULL),(2103,1955,1389,0,NULL,NULL),(2104,1956,1390,0,NULL,NULL),(2105,1957,1390,0,NULL,NULL),(2106,1958,1391,0,NULL,NULL),(2107,1959,1391,0,NULL,NULL),(2108,1960,1392,0,NULL,NULL),(2109,1961,1392,0,NULL,NULL),(2110,1966,1393,0,NULL,NULL),(2111,1967,1393,0,NULL,NULL),(2112,1968,1394,0,NULL,NULL),(2113,1969,1394,0,NULL,NULL),(2114,1970,1395,0,NULL,NULL),(2115,1971,1395,0,NULL,NULL),(2116,1972,1396,0,NULL,NULL),(2117,1973,1396,0,NULL,NULL),(2118,1977,1397,0,NULL,NULL),(2119,1978,1397,0,NULL,NULL),(2120,1979,1398,0,NULL,NULL),(2121,1980,1398,0,NULL,NULL),(2122,1991,1399,0,NULL,NULL),(2123,1992,1399,0,NULL,NULL),(2124,1993,1400,0,NULL,NULL),(2125,1994,1400,0,NULL,NULL),(2126,1945,1401,0,NULL,NULL),(2127,1946,1401,0,NULL,NULL),(2128,1947,1401,0,NULL,NULL),(2129,1948,1402,0,NULL,NULL),(2130,1949,1402,0,NULL,NULL),(2131,1950,1402,0,NULL,NULL),(2132,1951,1403,0,NULL,NULL),(2133,1952,1403,0,NULL,NULL),(2134,1962,1404,0,NULL,NULL),(2135,1963,1404,0,NULL,NULL),(2136,1964,1405,0,NULL,NULL),(2137,1965,1405,0,NULL,NULL),(2138,2036,1406,0,NULL,NULL),(2139,1974,1407,0,NULL,NULL),(2140,1975,1407,0,NULL,NULL),(2141,1976,1407,0,NULL,NULL),(2142,1981,1408,0,NULL,NULL),(2143,1982,1408,0,NULL,NULL),(2144,1983,1409,0,NULL,NULL),(2145,1984,1409,0,NULL,NULL),(2146,1985,1410,0,NULL,NULL),(2147,1986,1410,0,NULL,NULL),(2148,1987,1411,0,NULL,NULL),(2149,1988,1411,0,NULL,NULL),(2150,2037,1412,0,NULL,NULL),(2151,2038,1412,0,NULL,NULL),(2152,1989,1413,0,NULL,NULL),(2153,1990,1413,0,NULL,NULL),(2154,2039,1414,0,NULL,NULL),(2155,2040,1414,0,NULL,NULL),(2156,2041,1415,0,NULL,NULL),(2157,2042,1415,0,NULL,NULL),(2158,1945,1416,0,NULL,NULL),(2159,1946,1416,0,NULL,NULL),(2160,1947,1416,0,NULL,NULL),(2161,1948,1417,0,NULL,NULL),(2162,1949,1417,0,NULL,NULL),(2163,1950,1417,0,NULL,NULL),(2164,1951,1418,0,NULL,NULL),(2165,1952,1418,0,NULL,NULL),(2166,1962,1419,0,NULL,NULL),(2167,1963,1419,0,NULL,NULL),(2168,1964,1420,0,NULL,NULL),(2169,1965,1420,0,NULL,NULL),(2170,1974,1421,0,NULL,NULL),(2171,1975,1421,0,NULL,NULL),(2172,1976,1421,0,NULL,NULL),(2173,1981,1422,0,NULL,NULL),(2174,1982,1422,0,NULL,NULL),(2175,1983,1423,0,NULL,NULL),(2176,1984,1423,0,NULL,NULL),(2177,1985,1424,0,NULL,NULL),(2178,1986,1424,0,NULL,NULL),(2179,1987,1425,0,NULL,NULL),(2180,1988,1425,0,NULL,NULL),(2181,1989,1426,0,NULL,NULL),(2182,1990,1426,0,NULL,NULL),(2183,1945,1427,0,NULL,NULL),(2184,1946,1427,0,NULL,NULL),(2185,1947,1427,0,NULL,NULL),(2186,1948,1428,0,NULL,NULL),(2187,1949,1428,0,NULL,NULL),(2188,1950,1428,0,NULL,NULL),(2189,1951,1429,0,NULL,NULL),(2190,1952,1429,0,NULL,NULL),(2191,1962,1430,0,NULL,NULL),(2192,1963,1430,0,NULL,NULL),(2193,1964,1431,0,NULL,NULL),(2194,1965,1431,0,NULL,NULL),(2195,2075,1432,0,NULL,NULL),(2196,2076,1432,0,NULL,NULL),(2197,2077,1433,0,NULL,NULL),(2198,2078,1433,0,NULL,NULL),(2199,1974,1434,0,NULL,NULL),(2200,1975,1434,0,NULL,NULL),(2201,1976,1434,0,NULL,NULL),(2202,1981,1435,0,NULL,NULL),(2203,1982,1435,0,NULL,NULL),(2204,1983,1436,0,NULL,NULL),(2205,1984,1436,0,NULL,NULL),(2206,1985,1437,0,NULL,NULL),(2207,1986,1437,0,NULL,NULL),(2208,1987,1438,0,NULL,NULL),(2209,1988,1438,0,NULL,NULL),(2210,1989,1439,0,NULL,NULL),(2211,1990,1439,0,NULL,NULL),(2212,2079,1440,0,NULL,NULL),(2213,2080,1440,0,NULL,NULL),(2214,1945,1441,0,NULL,NULL),(2215,1946,1441,0,NULL,NULL),(2216,1947,1441,0,NULL,NULL),(2217,1948,1442,0,NULL,NULL),(2218,1949,1442,0,NULL,NULL),(2219,1950,1442,0,NULL,NULL),(2220,1951,1443,0,NULL,NULL),(2221,1952,1443,0,NULL,NULL),(2222,1962,1444,0,NULL,NULL),(2223,1963,1444,0,NULL,NULL),(2224,1964,1445,0,NULL,NULL),(2225,1965,1445,0,NULL,NULL),(2226,1974,1446,0,NULL,NULL),(2227,1975,1446,0,NULL,NULL),(2228,1976,1446,0,NULL,NULL),(2229,1981,1447,0,NULL,NULL),(2230,1982,1447,0,NULL,NULL),(2231,1983,1448,0,NULL,NULL),(2232,1984,1448,0,NULL,NULL),(2233,1985,1449,0,NULL,NULL),(2234,1986,1449,0,NULL,NULL),(2235,1987,1450,0,NULL,NULL),(2236,1988,1450,0,NULL,NULL),(2237,1989,1451,0,NULL,NULL),(2238,1990,1451,0,NULL,NULL),(2239,2010,1452,0,NULL,NULL),(2240,2011,1452,0,NULL,NULL),(2241,1945,1453,0,NULL,NULL),(2242,1946,1453,0,NULL,NULL),(2243,1947,1453,0,NULL,NULL),(2244,1948,1454,0,NULL,NULL),(2245,1949,1454,0,NULL,NULL),(2246,1950,1454,0,NULL,NULL),(2247,2146,1455,0,NULL,NULL),(2248,2147,1455,0,NULL,NULL),(2249,2148,1455,0,NULL,NULL),(2250,1951,1456,0,NULL,NULL),(2251,1952,1456,0,NULL,NULL),(2252,1962,1457,0,NULL,NULL),(2253,1963,1457,0,NULL,NULL),(2254,1964,1458,0,NULL,NULL),(2255,1965,1458,0,NULL,NULL),(2256,1974,1459,0,NULL,NULL),(2257,1975,1459,0,NULL,NULL),(2258,1976,1459,0,NULL,NULL),(2259,1981,1460,0,NULL,NULL),(2260,1982,1460,0,NULL,NULL),(2261,1983,1461,0,NULL,NULL),(2262,1984,1461,0,NULL,NULL),(2263,1985,1462,0,NULL,NULL),(2264,1986,1462,0,NULL,NULL),(2265,1987,1463,0,NULL,NULL),(2266,1988,1463,0,NULL,NULL),(2267,1989,1464,0,NULL,NULL),(2268,1990,1464,0,NULL,NULL),(2269,1945,1465,0,NULL,NULL),(2270,1946,1465,0,NULL,NULL),(2271,1947,1465,0,NULL,NULL),(2272,1948,1466,0,NULL,NULL),(2273,1949,1466,0,NULL,NULL),(2274,1950,1466,0,NULL,NULL),(2275,1951,1467,0,NULL,NULL),(2276,1952,1467,0,NULL,NULL),(2277,1962,1468,0,NULL,NULL),(2278,1963,1468,0,NULL,NULL),(2279,1964,1469,0,NULL,NULL),(2280,1965,1469,0,NULL,NULL),(2281,1974,1470,0,NULL,NULL),(2282,1975,1470,0,NULL,NULL),(2283,1976,1470,0,NULL,NULL),(2284,1981,1471,0,NULL,NULL),(2285,1982,1471,0,NULL,NULL),(2286,1983,1472,0,NULL,NULL),(2287,1984,1472,0,NULL,NULL),(2288,1985,1473,0,NULL,NULL),(2289,1986,1473,0,NULL,NULL),(2290,1987,1474,0,NULL,NULL),(2291,1988,1474,0,NULL,NULL),(2292,1989,1475,0,NULL,NULL),(2293,1990,1475,0,NULL,NULL),(2294,1945,1476,0,NULL,NULL),(2295,1946,1476,0,NULL,NULL),(2296,1947,1476,0,NULL,NULL),(2297,1948,1477,0,NULL,NULL),(2298,1949,1477,0,NULL,NULL),(2299,1950,1477,0,NULL,NULL),(2300,1951,1478,0,NULL,NULL),(2301,1952,1478,0,NULL,NULL),(2302,1962,1479,0,NULL,NULL),(2303,1963,1479,0,NULL,NULL),(2304,1964,1480,0,NULL,NULL),(2305,1965,1480,0,NULL,NULL),(2306,1974,1481,0,NULL,NULL),(2307,1975,1481,0,NULL,NULL),(2308,1976,1481,0,NULL,NULL),(2309,1981,1482,0,NULL,NULL),(2310,1982,1482,0,NULL,NULL),(2311,1983,1483,0,NULL,NULL),(2312,1984,1483,0,NULL,NULL),(2313,1985,1484,0,NULL,NULL),(2314,1986,1484,0,NULL,NULL),(2315,1987,1485,0,NULL,NULL),(2316,1988,1485,0,NULL,NULL),(2317,1989,1486,0,NULL,NULL),(2318,1990,1486,0,NULL,NULL),(2319,1945,1487,0,NULL,NULL),(2320,1946,1487,0,NULL,NULL),(2321,1947,1487,0,NULL,NULL),(2322,1948,1488,0,NULL,NULL),(2323,1949,1488,0,NULL,NULL),(2324,1950,1488,0,NULL,NULL),(2325,1951,1489,0,NULL,NULL),(2326,1952,1489,0,NULL,NULL),(2327,1962,1490,0,NULL,NULL),(2328,1963,1490,0,NULL,NULL),(2329,1964,1491,0,NULL,NULL),(2330,1965,1491,0,NULL,NULL),(2331,1974,1492,0,NULL,NULL),(2332,1975,1492,0,NULL,NULL),(2333,1976,1492,0,NULL,NULL),(2334,1981,1493,0,NULL,NULL),(2335,1982,1493,0,NULL,NULL),(2336,1983,1494,0,NULL,NULL),(2337,1984,1494,0,NULL,NULL),(2338,1985,1495,0,NULL,NULL),(2339,1986,1495,0,NULL,NULL),(2340,1987,1496,0,NULL,NULL),(2341,1988,1496,0,NULL,NULL),(2342,1989,1497,0,NULL,NULL),(2343,1990,1497,0,NULL,NULL),(2344,1945,1498,0,NULL,NULL),(2345,1946,1498,0,NULL,NULL),(2346,1947,1498,0,NULL,NULL),(2347,1948,1499,0,NULL,NULL),(2348,1949,1499,0,NULL,NULL),(2349,1950,1499,0,NULL,NULL),(2350,2012,1500,0,NULL,NULL),(2351,2013,1500,0,NULL,NULL),(2352,2014,1500,0,NULL,NULL),(2353,1951,1501,0,NULL,NULL),(2354,1952,1501,0,NULL,NULL),(2355,2015,1502,0,NULL,NULL),(2356,2016,1502,0,NULL,NULL),(2357,2017,1503,0,NULL,NULL),(2358,2018,1503,0,NULL,NULL),(2359,1962,1504,0,NULL,NULL),(2360,1963,1504,0,NULL,NULL),(2361,1964,1505,0,NULL,NULL),(2362,1965,1505,0,NULL,NULL),(2363,1974,1506,0,NULL,NULL),(2364,1975,1506,0,NULL,NULL),(2365,1976,1506,0,NULL,NULL),(2366,2019,1507,0,NULL,NULL),(2367,2020,1507,0,NULL,NULL),(2368,2021,1508,0,NULL,NULL),(2369,2022,1508,0,NULL,NULL),(2370,2023,1509,0,NULL,NULL),(2371,2024,1509,0,NULL,NULL),(2372,2025,1510,0,NULL,NULL),(2373,2026,1510,0,NULL,NULL),(2374,1981,1511,0,NULL,NULL),(2375,1982,1511,0,NULL,NULL),(2376,1983,1512,0,NULL,NULL),(2377,1984,1512,0,NULL,NULL),(2378,1985,1513,0,NULL,NULL),(2379,1986,1513,0,NULL,NULL),(2380,1987,1514,0,NULL,NULL),(2381,1988,1514,0,NULL,NULL),(2382,1989,1515,0,NULL,NULL),(2383,1990,1515,0,NULL,NULL),(2384,2027,1516,0,NULL,NULL),(2385,2028,1517,0,NULL,NULL),(2386,2029,1517,0,NULL,NULL),(2387,2030,1518,0,NULL,NULL),(2388,2031,1518,0,NULL,NULL),(2389,2032,1519,0,NULL,NULL),(2390,2033,1519,0,NULL,NULL),(2391,2034,1520,0,NULL,NULL),(2392,2035,1520,0,NULL,NULL),(2393,1945,1521,0,NULL,NULL),(2394,1946,1521,0,NULL,NULL),(2395,1947,1521,0,NULL,NULL),(2396,1948,1522,0,NULL,NULL),(2397,1949,1522,0,NULL,NULL),(2398,1950,1522,0,NULL,NULL),(2399,2043,1523,0,NULL,NULL),(2400,2044,1523,0,NULL,NULL),(2401,2045,1523,0,NULL,NULL),(2402,1951,1524,0,NULL,NULL),(2403,1952,1524,0,NULL,NULL),(2404,2046,1525,0,NULL,NULL),(2405,2047,1525,0,NULL,NULL),(2406,2048,1526,0,NULL,NULL),(2407,2049,1526,0,NULL,NULL),(2408,2050,1527,0,NULL,NULL),(2409,2051,1527,0,NULL,NULL),(2410,1962,1528,0,NULL,NULL),(2411,1963,1528,0,NULL,NULL),(2412,1964,1529,0,NULL,NULL),(2413,1965,1529,0,NULL,NULL),(2414,2052,1530,0,NULL,NULL),(2415,2053,1530,0,NULL,NULL),(2416,2054,1531,0,NULL,NULL),(2417,2055,1531,0,NULL,NULL),(2418,1974,1532,0,NULL,NULL),(2419,1975,1532,0,NULL,NULL),(2420,1976,1532,0,NULL,NULL),(2421,2056,1533,0,NULL,NULL),(2422,2057,1533,0,NULL,NULL),(2423,2058,1534,0,NULL,NULL),(2424,2059,1534,0,NULL,NULL),(2425,2060,1535,0,NULL,NULL),(2426,2061,1535,0,NULL,NULL),(2427,1981,1536,0,NULL,NULL),(2428,1982,1536,0,NULL,NULL),(2429,1983,1537,0,NULL,NULL),(2430,1984,1537,0,NULL,NULL),(2431,1985,1538,0,NULL,NULL),(2432,1986,1538,0,NULL,NULL),(2433,1987,1539,0,NULL,NULL),(2434,1988,1539,0,NULL,NULL),(2435,1989,1540,0,NULL,NULL),(2436,1990,1540,0,NULL,NULL),(2437,2062,1541,0,NULL,NULL),(2438,2063,1541,0,NULL,NULL),(2439,2064,1542,0,NULL,NULL),(2440,2065,1542,0,NULL,NULL),(2441,2066,1543,0,NULL,NULL),(2442,2067,1543,0,NULL,NULL),(2443,1945,1544,0,NULL,NULL),(2444,1946,1544,0,NULL,NULL),(2445,1947,1544,0,NULL,NULL),(2446,1948,1545,0,NULL,NULL),(2447,1949,1545,0,NULL,NULL),(2448,1950,1545,0,NULL,NULL),(2449,1951,1546,0,NULL,NULL),(2450,1952,1546,0,NULL,NULL),(2451,1962,1547,0,NULL,NULL),(2452,1963,1547,0,NULL,NULL),(2453,1964,1548,0,NULL,NULL),(2454,1965,1548,0,NULL,NULL),(2455,1974,1549,0,NULL,NULL),(2456,1975,1549,0,NULL,NULL),(2457,1976,1549,0,NULL,NULL),(2458,1981,1550,0,NULL,NULL),(2459,1982,1550,0,NULL,NULL),(2460,1983,1551,0,NULL,NULL),(2461,1984,1551,0,NULL,NULL),(2462,1985,1552,0,NULL,NULL),(2463,1986,1552,0,NULL,NULL),(2464,1987,1553,0,NULL,NULL),(2465,1988,1553,0,NULL,NULL),(2466,1989,1554,0,NULL,NULL),(2467,1990,1554,0,NULL,NULL),(2468,1945,1555,0,NULL,NULL),(2469,1946,1555,0,NULL,NULL),(2470,1947,1555,0,NULL,NULL),(2471,1948,1556,0,NULL,NULL),(2472,1949,1556,0,NULL,NULL),(2473,1950,1556,0,NULL,NULL),(2474,1951,1557,0,NULL,NULL),(2475,1952,1557,0,NULL,NULL),(2476,1962,1558,0,NULL,NULL),(2477,1963,1558,0,NULL,NULL),(2478,1964,1559,0,NULL,NULL),(2479,1965,1559,0,NULL,NULL),(2480,1974,1560,0,NULL,NULL),(2481,1975,1560,0,NULL,NULL),(2482,1976,1560,0,NULL,NULL),(2483,1981,1561,0,NULL,NULL),(2484,1982,1561,0,NULL,NULL),(2485,1983,1562,0,NULL,NULL),(2486,1984,1562,0,NULL,NULL),(2487,1985,1563,0,NULL,NULL),(2488,1986,1563,0,NULL,NULL),(2489,1987,1564,0,NULL,NULL),(2490,1988,1564,0,NULL,NULL),(2491,1989,1565,0,NULL,NULL),(2492,1990,1565,0,NULL,NULL),(2493,1945,1566,0,NULL,NULL),(2494,1946,1566,0,NULL,NULL),(2495,1947,1566,0,NULL,NULL),(2496,1948,1567,0,NULL,NULL),(2497,1949,1567,0,NULL,NULL),(2498,1950,1567,0,NULL,NULL),(2499,1951,1568,0,NULL,NULL),(2500,1952,1568,0,NULL,NULL),(2501,2122,1569,0,NULL,NULL),(2502,2123,1569,0,NULL,NULL),(2503,2124,1570,0,NULL,NULL),(2504,2125,1570,0,NULL,NULL),(2505,2126,1571,0,NULL,NULL),(2506,2127,1571,0,NULL,NULL),(2507,2128,1572,0,NULL,NULL),(2508,2129,1572,0,NULL,NULL),(2509,1962,1573,0,NULL,NULL),(2510,1963,1573,0,NULL,NULL),(2511,1964,1574,0,NULL,NULL),(2512,1965,1574,0,NULL,NULL),(2513,2130,1575,0,NULL,NULL),(2514,2131,1575,0,NULL,NULL),(2515,2132,1576,0,NULL,NULL),(2516,2133,1577,0,NULL,NULL),(2517,2134,1577,0,NULL,NULL),(2518,2135,1577,0,NULL,NULL),(2519,1974,1578,0,NULL,NULL),(2520,1975,1578,0,NULL,NULL),(2521,1976,1578,0,NULL,NULL),(2522,2136,1579,0,NULL,NULL),(2523,2137,1579,0,NULL,NULL),(2524,2138,1580,0,NULL,NULL),(2525,2139,1580,0,NULL,NULL),(2526,1981,1581,0,NULL,NULL),(2527,1982,1581,0,NULL,NULL),(2528,1983,1582,0,NULL,NULL),(2529,1984,1582,0,NULL,NULL),(2530,1985,1583,0,NULL,NULL),(2531,1986,1583,0,NULL,NULL),(2532,1987,1584,0,NULL,NULL),(2533,1988,1584,0,NULL,NULL),(2534,1989,1585,0,NULL,NULL),(2535,1990,1585,0,NULL,NULL),(2536,2140,1586,0,NULL,NULL),(2537,2141,1586,0,NULL,NULL),(2538,2142,1587,0,NULL,NULL),(2539,2143,1587,0,NULL,NULL),(2540,2144,1588,0,NULL,NULL),(2541,2145,1588,0,NULL,NULL),(2542,1945,1589,0,NULL,NULL),(2543,1946,1589,0,NULL,NULL),(2544,1947,1589,0,NULL,NULL),(2545,1948,1590,0,NULL,NULL),(2546,1949,1590,0,NULL,NULL),(2547,1950,1590,0,NULL,NULL),(2548,1951,1591,0,NULL,NULL),(2549,1952,1591,0,NULL,NULL),(2550,1962,1592,0,NULL,NULL),(2551,1963,1592,0,NULL,NULL),(2552,1964,1593,0,NULL,NULL),(2553,1965,1593,0,NULL,NULL),(2554,2075,1594,0,NULL,NULL),(2555,2076,1594,0,NULL,NULL),(2556,2077,1595,0,NULL,NULL),(2557,2078,1595,0,NULL,NULL),(2558,1974,1596,0,NULL,NULL),(2559,1975,1596,0,NULL,NULL),(2560,1976,1596,0,NULL,NULL),(2561,1981,1597,0,NULL,NULL),(2562,1982,1597,0,NULL,NULL),(2563,1983,1598,0,NULL,NULL),(2564,1984,1598,0,NULL,NULL),(2565,1985,1599,0,NULL,NULL),(2566,1986,1599,0,NULL,NULL),(2567,1987,1600,0,NULL,NULL),(2568,1988,1600,0,NULL,NULL),(2569,1989,1601,0,NULL,NULL),(2570,1990,1601,0,NULL,NULL),(2571,2079,1602,0,NULL,NULL),(2572,2080,1602,0,NULL,NULL),(2573,1945,1603,0,NULL,NULL),(2574,1946,1603,0,NULL,NULL),(2575,1947,1603,0,NULL,NULL),(2576,1948,1604,0,NULL,NULL),(2577,1949,1604,0,NULL,NULL),(2578,1950,1604,0,NULL,NULL),(2579,2012,1605,0,NULL,NULL),(2580,2013,1605,0,NULL,NULL),(2581,2014,1605,0,NULL,NULL),(2582,1951,1606,0,NULL,NULL),(2583,1952,1606,0,NULL,NULL),(2584,2015,1607,0,NULL,NULL),(2585,2016,1607,0,NULL,NULL),(2586,2017,1608,0,NULL,NULL),(2587,2018,1608,0,NULL,NULL),(2588,1962,1609,0,NULL,NULL),(2589,1963,1609,0,NULL,NULL),(2590,1964,1610,0,NULL,NULL),(2591,1965,1610,0,NULL,NULL),(2592,1974,1611,0,NULL,NULL),(2593,1975,1611,0,NULL,NULL),(2594,1976,1611,0,NULL,NULL),(2595,2019,1612,0,NULL,NULL),(2596,2020,1612,0,NULL,NULL),(2597,2021,1613,0,NULL,NULL),(2598,2022,1613,0,NULL,NULL),(2599,2023,1614,0,NULL,NULL),(2600,2024,1614,0,NULL,NULL),(2601,2025,1615,0,NULL,NULL),(2602,2026,1615,0,NULL,NULL),(2603,1981,1616,0,NULL,NULL),(2604,1982,1616,0,NULL,NULL),(2605,1983,1617,0,NULL,NULL),(2606,1984,1617,0,NULL,NULL),(2607,1985,1618,0,NULL,NULL),(2608,1986,1618,0,NULL,NULL),(2609,1987,1619,0,NULL,NULL),(2610,1988,1619,0,NULL,NULL),(2611,1989,1620,0,NULL,NULL),(2612,1990,1620,0,NULL,NULL),(2613,2027,1621,0,NULL,NULL),(2614,2028,1622,0,NULL,NULL),(2615,2029,1622,0,NULL,NULL),(2616,2030,1623,0,NULL,NULL),(2617,2031,1623,0,NULL,NULL),(2618,2032,1624,0,NULL,NULL),(2619,2033,1624,0,NULL,NULL),(2620,2034,1625,0,NULL,NULL),(2621,2035,1625,0,NULL,NULL),(2622,1945,1626,0,NULL,NULL),(2623,1946,1626,0,NULL,NULL),(2624,1947,1626,0,NULL,NULL),(2625,1948,1627,0,NULL,NULL),(2626,1949,1627,0,NULL,NULL),(2627,1950,1627,0,NULL,NULL),(2628,2146,1628,0,NULL,NULL),(2629,2147,1628,0,NULL,NULL),(2630,2148,1628,0,NULL,NULL),(2631,1951,1629,0,NULL,NULL),(2632,1952,1629,0,NULL,NULL),(2633,1962,1630,0,NULL,NULL),(2634,1963,1630,0,NULL,NULL),(2635,1964,1631,0,NULL,NULL),(2636,1965,1631,0,NULL,NULL),(2637,1974,1632,0,NULL,NULL),(2638,1975,1632,0,NULL,NULL),(2639,1976,1632,0,NULL,NULL),(2640,1981,1633,0,NULL,NULL),(2641,1982,1633,0,NULL,NULL),(2642,1983,1634,0,NULL,NULL),(2643,1984,1634,0,NULL,NULL),(2644,1985,1635,0,NULL,NULL),(2645,1986,1635,0,NULL,NULL),(2646,1987,1636,0,NULL,NULL),(2647,1988,1636,0,NULL,NULL),(2648,1989,1637,0,NULL,NULL),(2649,1990,1637,0,NULL,NULL),(2650,1945,1638,0,NULL,NULL),(2651,1946,1638,0,NULL,NULL),(2652,1947,1638,0,NULL,NULL),(2653,1948,1639,0,NULL,NULL),(2654,1949,1639,0,NULL,NULL),(2655,1950,1639,0,NULL,NULL),(2656,1951,1640,0,NULL,NULL),(2657,1952,1640,0,NULL,NULL),(2658,1962,1641,0,NULL,NULL),(2659,1963,1641,0,NULL,NULL),(2660,1964,1642,0,NULL,NULL),(2661,1965,1642,0,NULL,NULL),(2662,1974,1643,0,NULL,NULL),(2663,1975,1643,0,NULL,NULL),(2664,1976,1643,0,NULL,NULL),(2665,1981,1644,0,NULL,NULL),(2666,1982,1644,0,NULL,NULL),(2667,1983,1645,0,NULL,NULL),(2668,1984,1645,0,NULL,NULL),(2669,1985,1646,0,NULL,NULL),(2670,1986,1646,0,NULL,NULL),(2671,1987,1647,0,NULL,NULL),(2672,1988,1647,0,NULL,NULL),(2673,1989,1648,0,NULL,NULL),(2674,1990,1648,0,NULL,NULL),(2675,2081,1649,0,NULL,NULL),(2676,2082,1649,0,NULL,NULL),(2677,2083,1649,0,NULL,NULL),(2678,1945,1650,0,NULL,NULL),(2679,1946,1650,0,NULL,NULL),(2680,1947,1650,0,NULL,NULL),(2681,1948,1651,0,NULL,NULL),(2682,1949,1651,0,NULL,NULL),(2683,1950,1651,0,NULL,NULL),(2684,1951,1652,0,NULL,NULL),(2685,1952,1652,0,NULL,NULL),(2686,1962,1653,0,NULL,NULL),(2687,1963,1653,0,NULL,NULL),(2688,1964,1654,0,NULL,NULL),(2689,1965,1654,0,NULL,NULL),(2690,1974,1655,0,NULL,NULL),(2691,1975,1655,0,NULL,NULL),(2692,1976,1655,0,NULL,NULL),(2693,1981,1656,0,NULL,NULL),(2694,1982,1656,0,NULL,NULL),(2695,1983,1657,0,NULL,NULL),(2696,1984,1657,0,NULL,NULL),(2697,1985,1658,0,NULL,NULL),(2698,1986,1658,0,NULL,NULL),(2699,1987,1659,0,NULL,NULL),(2700,1988,1659,0,NULL,NULL),(2701,1989,1660,0,NULL,NULL),(2702,1990,1660,0,NULL,NULL),(2703,1945,1661,0,NULL,NULL),(2704,1946,1661,0,NULL,NULL),(2705,1947,1661,0,NULL,NULL),(2706,1948,1662,0,NULL,NULL),(2707,1949,1662,0,NULL,NULL),(2708,1950,1662,0,NULL,NULL),(2709,1951,1663,0,NULL,NULL),(2710,1952,1663,0,NULL,NULL),(2711,1962,1664,0,NULL,NULL),(2712,1963,1664,0,NULL,NULL),(2713,1964,1665,0,NULL,NULL),(2714,1965,1665,0,NULL,NULL),(2715,1974,1666,0,NULL,NULL),(2716,1975,1666,0,NULL,NULL),(2717,1976,1666,0,NULL,NULL),(2718,1981,1667,0,NULL,NULL),(2719,1982,1667,0,NULL,NULL),(2720,1983,1668,0,NULL,NULL),(2721,1984,1668,0,NULL,NULL),(2722,1985,1669,0,NULL,NULL),(2723,1986,1669,0,NULL,NULL),(2724,1987,1670,0,NULL,NULL),(2725,1988,1670,0,NULL,NULL),(2726,1989,1671,0,NULL,NULL),(2727,1990,1671,0,NULL,NULL),(2728,1953,1672,0,NULL,NULL),(2729,1954,1672,0,NULL,NULL),(2730,1955,1672,0,NULL,NULL),(2731,1945,1673,0,NULL,NULL),(2732,1946,1673,0,NULL,NULL),(2733,1947,1673,0,NULL,NULL),(2734,1948,1674,0,NULL,NULL),(2735,1949,1674,0,NULL,NULL),(2736,1950,1674,0,NULL,NULL),(2737,1951,1675,0,NULL,NULL),(2738,1952,1675,0,NULL,NULL),(2739,1956,1676,0,NULL,NULL),(2740,1957,1676,0,NULL,NULL),(2741,1958,1677,0,NULL,NULL),(2742,1959,1677,0,NULL,NULL),(2743,1960,1678,0,NULL,NULL),(2744,1961,1678,0,NULL,NULL),(2745,1962,1679,0,NULL,NULL),(2746,1963,1679,0,NULL,NULL),(2747,1964,1680,0,NULL,NULL),(2748,1965,1680,0,NULL,NULL),(2749,1966,1681,0,NULL,NULL),(2750,1967,1681,0,NULL,NULL),(2751,1968,1682,0,NULL,NULL),(2752,1969,1682,0,NULL,NULL),(2753,1970,1683,0,NULL,NULL),(2754,1971,1683,0,NULL,NULL),(2755,1972,1684,0,NULL,NULL),(2756,1973,1684,0,NULL,NULL),(2757,1974,1685,0,NULL,NULL),(2758,1975,1685,0,NULL,NULL),(2759,1976,1685,0,NULL,NULL),(2760,1977,1686,0,NULL,NULL),(2761,1978,1686,0,NULL,NULL),(2762,1979,1687,0,NULL,NULL),(2763,1980,1687,0,NULL,NULL),(2764,1981,1688,0,NULL,NULL),(2765,1982,1688,0,NULL,NULL),(2766,1983,1689,0,NULL,NULL),(2767,1984,1689,0,NULL,NULL),(2768,1985,1690,0,NULL,NULL),(2769,1986,1690,0,NULL,NULL),(2770,1987,1691,0,NULL,NULL),(2771,1988,1691,0,NULL,NULL),(2772,1989,1692,0,NULL,NULL),(2773,1990,1692,0,NULL,NULL),(2774,1991,1693,0,NULL,NULL),(2775,1992,1693,0,NULL,NULL),(2776,1993,1694,0,NULL,NULL),(2777,1994,1694,0,NULL,NULL),(2778,1945,1695,0,NULL,NULL),(2779,1946,1695,0,NULL,NULL),(2780,1947,1695,0,NULL,NULL),(2781,1948,1696,0,NULL,NULL),(2782,1949,1696,0,NULL,NULL),(2783,1950,1696,0,NULL,NULL),(2784,2090,1697,0,NULL,NULL),(2785,2091,1697,0,NULL,NULL),(2786,2092,1697,0,NULL,NULL),(2787,2093,1698,0,NULL,NULL),(2788,2094,1698,0,NULL,NULL),(2789,1951,1699,0,NULL,NULL),(2790,1952,1699,0,NULL,NULL),(2791,2095,1700,0,NULL,NULL),(2792,2096,1700,0,NULL,NULL),(2793,2097,1701,0,NULL,NULL),(2794,2098,1701,0,NULL,NULL),(2795,1962,1702,0,NULL,NULL),(2796,1963,1702,0,NULL,NULL),(2797,1964,1703,0,NULL,NULL),(2798,1965,1703,0,NULL,NULL),(2799,2099,1704,0,NULL,NULL),(2800,2100,1704,0,NULL,NULL),(2801,2101,1705,0,NULL,NULL),(2802,2102,1705,0,NULL,NULL),(2803,2103,1706,0,NULL,NULL),(2804,2104,1706,0,NULL,NULL),(2805,1974,1707,0,NULL,NULL),(2806,1975,1707,0,NULL,NULL),(2807,1976,1707,0,NULL,NULL),(2808,2105,1708,0,NULL,NULL),(2809,2106,1708,0,NULL,NULL),(2810,2107,1709,0,NULL,NULL),(2811,2108,1709,0,NULL,NULL),(2812,1981,1710,0,NULL,NULL),(2813,1982,1710,0,NULL,NULL),(2814,1983,1711,0,NULL,NULL),(2815,1984,1711,0,NULL,NULL),(2816,1985,1712,0,NULL,NULL),(2817,1986,1712,0,NULL,NULL),(2818,1987,1713,0,NULL,NULL),(2819,1988,1713,0,NULL,NULL),(2820,1989,1714,0,NULL,NULL),(2821,1990,1714,0,NULL,NULL),(2822,2109,1715,0,NULL,NULL),(2823,2110,1715,0,NULL,NULL),(2824,2111,1716,0,NULL,NULL),(2825,2112,1716,0,NULL,NULL),(2826,2113,1717,0,NULL,NULL),(2827,2114,1717,0,NULL,NULL),(2828,1945,1718,0,NULL,NULL),(2829,1946,1718,0,NULL,NULL),(2830,1947,1718,0,NULL,NULL),(2831,1948,1719,0,NULL,NULL),(2832,1949,1719,0,NULL,NULL),(2833,1950,1719,0,NULL,NULL),(2834,1951,1720,0,NULL,NULL),(2835,1952,1720,0,NULL,NULL),(2836,1962,1721,0,NULL,NULL),(2837,1963,1721,0,NULL,NULL),(2838,1964,1722,0,NULL,NULL),(2839,1965,1722,0,NULL,NULL),(2840,1974,1723,0,NULL,NULL),(2841,1975,1723,0,NULL,NULL),(2842,1976,1723,0,NULL,NULL),(2843,1981,1724,0,NULL,NULL),(2844,1982,1724,0,NULL,NULL),(2845,1983,1725,0,NULL,NULL),(2846,1984,1725,0,NULL,NULL),(2847,1985,1726,0,NULL,NULL),(2848,1986,1726,0,NULL,NULL),(2849,1987,1727,0,NULL,NULL),(2850,1988,1727,0,NULL,NULL),(2851,1989,1728,0,NULL,NULL),(2852,1990,1728,0,NULL,NULL),(2853,1945,1729,0,NULL,NULL),(2854,1946,1729,0,NULL,NULL),(2855,1947,1729,0,NULL,NULL),(2856,1948,1730,0,NULL,NULL),(2857,1949,1730,0,NULL,NULL),(2858,1950,1730,0,NULL,NULL),(2859,1951,1731,0,NULL,NULL),(2860,1952,1731,0,NULL,NULL),(2861,1962,1732,0,NULL,NULL),(2862,1963,1732,0,NULL,NULL),(2863,1964,1733,0,NULL,NULL),(2864,1965,1733,0,NULL,NULL),(2865,1974,1734,0,NULL,NULL),(2866,1975,1734,0,NULL,NULL),(2867,1976,1734,0,NULL,NULL),(2868,1981,1735,0,NULL,NULL),(2869,1982,1735,0,NULL,NULL),(2870,1983,1736,0,NULL,NULL),(2871,1984,1736,0,NULL,NULL),(2872,1985,1737,0,NULL,NULL),(2873,1986,1737,0,NULL,NULL),(2874,1987,1738,0,NULL,NULL),(2875,1988,1738,0,NULL,NULL),(2876,1989,1739,0,NULL,NULL),(2877,1990,1739,0,NULL,NULL),(2878,2010,1740,0,NULL,NULL),(2879,2011,1740,0,NULL,NULL),(2880,1945,1741,0,NULL,NULL),(2881,1946,1741,0,NULL,NULL),(2882,1947,1741,0,NULL,NULL),(2883,1948,1742,0,NULL,NULL),(2884,1949,1742,0,NULL,NULL),(2885,1950,1742,0,NULL,NULL),(2886,2043,1743,0,NULL,NULL),(2887,2044,1743,0,NULL,NULL),(2888,2045,1743,0,NULL,NULL),(2889,1951,1744,0,NULL,NULL),(2890,1952,1744,0,NULL,NULL),(2891,2046,1745,0,NULL,NULL),(2892,2047,1745,0,NULL,NULL),(2893,2048,1746,0,NULL,NULL),(2894,2049,1746,0,NULL,NULL),(2895,2050,1747,0,NULL,NULL),(2896,2051,1747,0,NULL,NULL),(2897,1962,1748,0,NULL,NULL),(2898,1963,1748,0,NULL,NULL),(2899,1964,1749,0,NULL,NULL),(2900,1965,1749,0,NULL,NULL),(2901,2052,1750,0,NULL,NULL),(2902,2053,1750,0,NULL,NULL),(2903,2054,1751,0,NULL,NULL),(2904,2055,1751,0,NULL,NULL),(2905,1974,1752,0,NULL,NULL),(2906,1975,1752,0,NULL,NULL),(2907,1976,1752,0,NULL,NULL),(2908,2056,1753,0,NULL,NULL),(2909,2057,1753,0,NULL,NULL),(2910,2058,1754,0,NULL,NULL),(2911,2059,1754,0,NULL,NULL),(2912,2060,1755,0,NULL,NULL),(2913,2061,1755,0,NULL,NULL),(2914,1981,1756,0,NULL,NULL),(2915,1982,1756,0,NULL,NULL),(2916,1983,1757,0,NULL,NULL),(2917,1984,1757,0,NULL,NULL),(2918,1985,1758,0,NULL,NULL),(2919,1986,1758,0,NULL,NULL),(2920,1987,1759,0,NULL,NULL),(2921,1988,1759,0,NULL,NULL),(2922,1989,1760,0,NULL,NULL),(2923,1990,1760,0,NULL,NULL),(2924,2062,1761,0,NULL,NULL),(2925,2063,1761,0,NULL,NULL),(2926,2064,1762,0,NULL,NULL),(2927,2065,1762,0,NULL,NULL),(2928,2066,1763,0,NULL,NULL),(2929,2067,1763,0,NULL,NULL),(2930,1945,1764,0,NULL,NULL),(2931,1946,1764,0,NULL,NULL),(2932,1947,1764,0,NULL,NULL),(2933,1948,1765,0,NULL,NULL),(2934,1949,1765,0,NULL,NULL),(2935,1950,1765,0,NULL,NULL),(2936,1951,1766,0,NULL,NULL),(2937,1952,1766,0,NULL,NULL),(2938,1962,1767,0,NULL,NULL),(2939,1963,1767,0,NULL,NULL),(2940,1964,1768,0,NULL,NULL),(2941,1965,1768,0,NULL,NULL),(2942,2068,1769,0,NULL,NULL),(2943,2069,1769,0,NULL,NULL),(2944,2070,1770,0,NULL,NULL),(2945,2071,1770,0,NULL,NULL),(2946,1974,1771,0,NULL,NULL),(2947,1975,1771,0,NULL,NULL),(2948,1976,1771,0,NULL,NULL),(2949,1981,1772,0,NULL,NULL),(2950,1982,1772,0,NULL,NULL),(2951,1983,1773,0,NULL,NULL),(2952,1984,1773,0,NULL,NULL),(2953,1985,1774,0,NULL,NULL),(2954,1986,1774,0,NULL,NULL),(2955,1987,1775,0,NULL,NULL),(2956,1988,1775,0,NULL,NULL),(2957,1989,1776,0,NULL,NULL),(2958,1990,1776,0,NULL,NULL),(2959,2072,1777,0,NULL,NULL),(2960,2073,1777,0,NULL,NULL),(2961,2074,1778,0,NULL,NULL),(2962,1945,1779,0,NULL,NULL),(2963,1946,1779,0,NULL,NULL),(2964,1947,1779,0,NULL,NULL),(2965,1948,1780,0,NULL,NULL),(2966,1949,1780,0,NULL,NULL),(2967,1950,1780,0,NULL,NULL),(2968,1951,1781,0,NULL,NULL),(2969,1952,1781,0,NULL,NULL),(2970,1962,1782,0,NULL,NULL),(2971,1963,1782,0,NULL,NULL),(2972,1964,1783,0,NULL,NULL),(2973,1965,1783,0,NULL,NULL),(2974,1995,1784,0,NULL,NULL),(2975,1996,1784,0,NULL,NULL),(2976,1974,1785,0,NULL,NULL),(2977,1975,1785,0,NULL,NULL),(2978,1976,1785,0,NULL,NULL),(2979,1981,1786,0,NULL,NULL),(2980,1982,1786,0,NULL,NULL),(2981,1983,1787,0,NULL,NULL),(2982,1984,1787,0,NULL,NULL),(2983,1985,1788,0,NULL,NULL),(2984,1986,1788,0,NULL,NULL),(2985,1987,1789,0,NULL,NULL),(2986,1988,1789,0,NULL,NULL),(2987,1989,1790,0,NULL,NULL),(2988,1990,1790,0,NULL,NULL),(2989,1997,1791,0,NULL,NULL),(2990,1998,1791,0,NULL,NULL),(2991,1999,1792,0,NULL,NULL),(2992,2000,1792,0,NULL,NULL),(2993,2001,1793,0,NULL,NULL),(2994,1945,1794,0,NULL,NULL),(2995,1946,1794,0,NULL,NULL),(2996,1947,1794,0,NULL,NULL),(2997,1948,1795,0,NULL,NULL),(2998,1949,1795,0,NULL,NULL),(2999,1950,1795,0,NULL,NULL),(3000,1951,1796,0,NULL,NULL),(3001,1952,1796,0,NULL,NULL),(3002,1962,1797,0,NULL,NULL),(3003,1963,1797,0,NULL,NULL),(3004,1964,1798,0,NULL,NULL),(3005,1965,1798,0,NULL,NULL),(3006,1974,1799,0,NULL,NULL),(3007,1975,1799,0,NULL,NULL),(3008,1976,1799,0,NULL,NULL),(3009,1981,1800,0,NULL,NULL),(3010,1982,1800,0,NULL,NULL),(3011,1983,1801,0,NULL,NULL),(3012,1984,1801,0,NULL,NULL),(3013,1985,1802,0,NULL,NULL),(3014,1986,1802,0,NULL,NULL),(3015,1987,1803,0,NULL,NULL),(3016,1988,1803,0,NULL,NULL),(3017,1989,1804,0,NULL,NULL),(3018,1990,1804,0,NULL,NULL),(3019,1945,1805,0,NULL,NULL),(3020,1946,1805,0,NULL,NULL),(3021,1947,1805,0,NULL,NULL),(3022,1948,1806,0,NULL,NULL),(3023,1949,1806,0,NULL,NULL),(3024,1950,1806,0,NULL,NULL),(3025,1951,1807,0,NULL,NULL),(3026,1952,1807,0,NULL,NULL),(3027,1962,1808,0,NULL,NULL),(3028,1963,1808,0,NULL,NULL),(3029,1964,1809,0,NULL,NULL),(3030,1965,1809,0,NULL,NULL),(3031,1974,1810,0,NULL,NULL),(3032,1975,1810,0,NULL,NULL),(3033,1976,1810,0,NULL,NULL),(3034,1981,1811,0,NULL,NULL),(3035,1982,1811,0,NULL,NULL),(3036,1983,1812,0,NULL,NULL),(3037,1984,1812,0,NULL,NULL),(3038,1985,1813,0,NULL,NULL),(3039,1986,1813,0,NULL,NULL),(3040,1987,1814,0,NULL,NULL),(3041,1988,1814,0,NULL,NULL),(3042,1989,1815,0,NULL,NULL),(3043,1990,1815,0,NULL,NULL),(3044,1945,1816,0,NULL,NULL),(3045,1946,1816,0,NULL,NULL),(3046,1947,1816,0,NULL,NULL),(3047,1948,1817,0,NULL,NULL),(3048,1949,1817,0,NULL,NULL),(3049,1950,1817,0,NULL,NULL),(3050,1951,1818,0,NULL,NULL),(3051,1952,1818,0,NULL,NULL),(3052,1962,1819,0,NULL,NULL),(3053,1963,1819,0,NULL,NULL),(3054,1964,1820,0,NULL,NULL),(3055,1965,1820,0,NULL,NULL),(3056,2036,1821,0,NULL,NULL),(3057,1974,1822,0,NULL,NULL),(3058,1975,1822,0,NULL,NULL),(3059,1976,1822,0,NULL,NULL),(3060,1981,1823,0,NULL,NULL),(3061,1982,1823,0,NULL,NULL),(3062,1983,1824,0,NULL,NULL),(3063,1984,1824,0,NULL,NULL),(3064,1985,1825,0,NULL,NULL),(3065,1986,1825,0,NULL,NULL),(3066,1987,1826,0,NULL,NULL),(3067,1988,1826,0,NULL,NULL),(3068,2037,1827,0,NULL,NULL),(3069,2038,1827,0,NULL,NULL),(3070,1989,1828,0,NULL,NULL),(3071,1990,1828,0,NULL,NULL),(3072,2039,1829,0,NULL,NULL),(3073,2040,1829,0,NULL,NULL),(3074,2041,1830,0,NULL,NULL),(3075,2042,1830,0,NULL,NULL),(3076,1945,1831,0,NULL,NULL),(3077,1946,1831,0,NULL,NULL),(3078,1947,1831,0,NULL,NULL),(3079,1948,1832,0,NULL,NULL),(3080,1949,1832,0,NULL,NULL),(3081,1950,1832,0,NULL,NULL),(3082,1951,1833,0,NULL,NULL),(3083,1952,1833,0,NULL,NULL),(3084,1962,1834,0,NULL,NULL),(3085,1963,1834,0,NULL,NULL),(3086,1964,1835,0,NULL,NULL),(3087,1965,1835,0,NULL,NULL),(3088,1974,1836,0,NULL,NULL),(3089,1975,1836,0,NULL,NULL),(3090,1976,1836,0,NULL,NULL),(3091,1981,1837,0,NULL,NULL),(3092,1982,1837,0,NULL,NULL),(3093,1983,1838,0,NULL,NULL),(3094,1984,1838,0,NULL,NULL),(3095,1985,1839,0,NULL,NULL),(3096,1986,1839,0,NULL,NULL),(3097,1987,1840,0,NULL,NULL),(3098,1988,1840,0,NULL,NULL),(3099,1989,1841,0,NULL,NULL),(3100,1990,1841,0,NULL,NULL),(3101,1945,1842,0,NULL,NULL),(3102,1946,1842,0,NULL,NULL),(3103,1947,1842,0,NULL,NULL),(3104,1948,1843,0,NULL,NULL),(3105,1949,1843,0,NULL,NULL),(3106,1950,1843,0,NULL,NULL),(3107,1951,1844,0,NULL,NULL),(3108,1952,1844,0,NULL,NULL),(3109,2002,1845,0,NULL,NULL),(3110,2003,1845,0,NULL,NULL),(3111,1962,1846,0,NULL,NULL),(3112,1963,1846,0,NULL,NULL),(3113,1964,1847,0,NULL,NULL),(3114,1965,1847,0,NULL,NULL),(3115,2004,1848,0,NULL,NULL),(3116,2005,1848,0,NULL,NULL),(3117,1974,1849,0,NULL,NULL),(3118,1975,1849,0,NULL,NULL),(3119,1976,1849,0,NULL,NULL),(3120,1981,1850,0,NULL,NULL),(3121,1982,1850,0,NULL,NULL),(3122,1983,1851,0,NULL,NULL),(3123,1984,1851,0,NULL,NULL),(3124,1985,1852,0,NULL,NULL),(3125,1986,1852,0,NULL,NULL),(3126,1987,1853,0,NULL,NULL),(3127,1988,1853,0,NULL,NULL),(3128,1989,1854,0,NULL,NULL),(3129,1990,1854,0,NULL,NULL),(3130,2006,1855,0,NULL,NULL),(3131,2007,1855,0,NULL,NULL),(3132,2008,1856,0,NULL,NULL),(3133,2009,1856,0,NULL,NULL),(3134,1945,1857,0,NULL,NULL),(3135,1946,1857,0,NULL,NULL),(3136,1947,1857,0,NULL,NULL),(3137,1948,1858,0,NULL,NULL),(3138,1949,1858,0,NULL,NULL),(3139,1950,1858,0,NULL,NULL),(3140,1951,1859,0,NULL,NULL),(3141,1952,1859,0,NULL,NULL),(3142,1962,1860,0,NULL,NULL),(3143,1963,1860,0,NULL,NULL),(3144,1964,1861,0,NULL,NULL),(3145,1965,1861,0,NULL,NULL),(3146,1974,1862,0,NULL,NULL),(3147,1975,1862,0,NULL,NULL),(3148,1976,1862,0,NULL,NULL),(3149,1981,1863,0,NULL,NULL),(3150,1982,1863,0,NULL,NULL),(3151,1983,1864,0,NULL,NULL),(3152,1984,1864,0,NULL,NULL),(3153,1985,1865,0,NULL,NULL),(3154,1986,1865,0,NULL,NULL),(3155,1987,1866,0,NULL,NULL),(3156,1988,1866,0,NULL,NULL),(3157,1989,1867,0,NULL,NULL),(3158,1990,1867,0,NULL,NULL),(3159,1945,1868,0,NULL,NULL),(3160,1946,1868,0,NULL,NULL),(3161,1947,1868,0,NULL,NULL),(3162,1948,1869,0,NULL,NULL),(3163,1949,1869,0,NULL,NULL),(3164,1950,1869,0,NULL,NULL),(3165,1951,1870,0,NULL,NULL),(3166,1952,1870,0,NULL,NULL),(3167,1962,1871,0,NULL,NULL),(3168,1963,1871,0,NULL,NULL),(3169,1964,1872,0,NULL,NULL),(3170,1965,1872,0,NULL,NULL),(3171,1974,1873,0,NULL,NULL),(3172,1975,1873,0,NULL,NULL),(3173,1976,1873,0,NULL,NULL),(3174,1981,1874,0,NULL,NULL),(3175,1982,1874,0,NULL,NULL),(3176,1983,1875,0,NULL,NULL),(3177,1984,1875,0,NULL,NULL),(3178,1985,1876,0,NULL,NULL),(3179,1986,1876,0,NULL,NULL),(3180,1987,1877,0,NULL,NULL),(3181,1988,1877,0,NULL,NULL),(3182,1989,1878,0,NULL,NULL),(3183,1990,1878,0,NULL,NULL),(3184,1945,1879,0,NULL,NULL),(3185,1946,1879,0,NULL,NULL),(3186,1947,1879,0,NULL,NULL),(3187,1948,1880,0,NULL,NULL),(3188,1949,1880,0,NULL,NULL),(3189,1950,1880,0,NULL,NULL),(3190,1951,1881,0,NULL,NULL),(3191,1952,1881,0,NULL,NULL),(3192,1962,1882,0,NULL,NULL),(3193,1963,1882,0,NULL,NULL),(3194,1964,1883,0,NULL,NULL),(3195,1965,1883,0,NULL,NULL),(3196,1974,1884,0,NULL,NULL),(3197,1975,1884,0,NULL,NULL),(3198,1976,1884,0,NULL,NULL),(3199,1981,1885,0,NULL,NULL),(3200,1982,1885,0,NULL,NULL),(3201,1983,1886,0,NULL,NULL),(3202,1984,1886,0,NULL,NULL),(3203,1985,1887,0,NULL,NULL),(3204,1986,1887,0,NULL,NULL),(3205,1987,1888,0,NULL,NULL),(3206,1988,1888,0,NULL,NULL),(3207,1989,1889,0,NULL,NULL),(3208,1990,1889,0,NULL,NULL),(3209,2081,1890,0,NULL,NULL),(3210,2082,1890,0,NULL,NULL),(3211,2083,1890,0,NULL,NULL),(3212,2043,1891,0,NULL,NULL),(3213,2044,1891,0,NULL,NULL),(3214,2045,1891,0,NULL,NULL),(3215,2046,1892,0,NULL,NULL),(3216,2047,1892,0,NULL,NULL),(3217,2048,1893,0,NULL,NULL),(3218,2049,1893,0,NULL,NULL),(3219,2050,1894,0,NULL,NULL),(3220,2051,1894,0,NULL,NULL),(3221,2052,1895,0,NULL,NULL),(3222,2053,1895,0,NULL,NULL),(3223,2054,1896,0,NULL,NULL),(3224,2055,1896,0,NULL,NULL),(3225,2056,1897,0,NULL,NULL),(3226,2057,1897,0,NULL,NULL),(3227,2058,1898,0,NULL,NULL),(3228,2059,1898,0,NULL,NULL),(3229,2060,1899,0,NULL,NULL),(3230,2061,1899,0,NULL,NULL),(3231,2062,1900,0,NULL,NULL),(3232,2063,1900,0,NULL,NULL),(3233,2064,1901,0,NULL,NULL),(3234,2065,1901,0,NULL,NULL),(3235,2066,1902,0,NULL,NULL),(3236,2067,1902,0,NULL,NULL),(3237,2090,1903,0,NULL,NULL),(3238,2091,1903,0,NULL,NULL),(3239,2092,1903,0,NULL,NULL),(3240,2093,1904,0,NULL,NULL),(3241,2094,1904,0,NULL,NULL),(3242,2095,1905,0,NULL,NULL),(3243,2096,1905,0,NULL,NULL),(3244,2097,1906,0,NULL,NULL),(3245,2098,1906,0,NULL,NULL),(3246,2099,1907,0,NULL,NULL),(3247,2100,1907,0,NULL,NULL),(3248,2101,1908,0,NULL,NULL),(3249,2102,1908,0,NULL,NULL),(3250,2103,1909,0,NULL,NULL),(3251,2104,1909,0,NULL,NULL),(3252,2105,1910,0,NULL,NULL),(3253,2106,1910,0,NULL,NULL),(3254,2107,1911,0,NULL,NULL),(3255,2108,1911,0,NULL,NULL),(3256,2109,1912,0,NULL,NULL),(3257,2110,1912,0,NULL,NULL),(3258,2111,1913,0,NULL,NULL),(3259,2112,1913,0,NULL,NULL),(3260,2113,1914,0,NULL,NULL),(3261,2114,1914,0,NULL,NULL),(3262,2010,1915,0,NULL,NULL),(3263,2011,1915,0,NULL,NULL),(3264,2068,1916,0,NULL,NULL),(3265,2069,1916,0,NULL,NULL),(3266,2070,1917,0,NULL,NULL),(3267,2071,1917,0,NULL,NULL),(3268,2072,1918,0,NULL,NULL),(3269,2073,1918,0,NULL,NULL),(3270,2074,1919,0,NULL,NULL),(3271,2002,1920,0,NULL,NULL),(3272,2003,1920,0,NULL,NULL),(3273,2004,1921,0,NULL,NULL),(3274,2005,1921,0,NULL,NULL),(3275,2006,1922,0,NULL,NULL),(3276,2007,1922,0,NULL,NULL),(3277,2008,1923,0,NULL,NULL),(3278,2009,1923,0,NULL,NULL),(3279,2084,1924,0,NULL,NULL),(3280,2085,1924,0,NULL,NULL),(3281,2086,1925,0,NULL,NULL),(3282,2087,1925,0,NULL,NULL),(3283,2088,1926,0,NULL,NULL),(3284,2089,1926,0,NULL,NULL),(3285,1995,1927,0,NULL,NULL),(3286,1996,1927,0,NULL,NULL),(3287,1997,1928,0,NULL,NULL),(3288,1998,1928,0,NULL,NULL),(3289,1999,1929,0,NULL,NULL),(3290,2000,1929,0,NULL,NULL),(3291,2001,1930,0,NULL,NULL),(3292,2036,1931,0,NULL,NULL),(3293,2037,1932,0,NULL,NULL),(3294,2038,1932,0,NULL,NULL),(3295,2039,1933,0,NULL,NULL),(3296,2040,1933,0,NULL,NULL),(3297,2041,1934,0,NULL,NULL),(3298,2042,1934,0,NULL,NULL),(3299,2075,1935,0,NULL,NULL),(3300,2076,1935,0,NULL,NULL),(3301,2077,1936,0,NULL,NULL),(3302,2078,1936,0,NULL,NULL),(3303,2079,1937,0,NULL,NULL),(3304,2080,1937,0,NULL,NULL),(3305,2115,1938,0,NULL,NULL),(3306,2116,1938,0,NULL,NULL),(3307,2117,1939,0,NULL,NULL),(3308,2118,1939,0,NULL,NULL),(3309,2119,1940,0,NULL,NULL),(3310,2120,1941,0,NULL,NULL),(3311,2121,1941,0,NULL,NULL),(3312,2012,1942,0,NULL,NULL),(3313,2013,1942,0,NULL,NULL),(3314,2014,1942,0,NULL,NULL),(3315,2015,1943,0,NULL,NULL),(3316,2016,1943,0,NULL,NULL),(3317,2017,1944,0,NULL,NULL),(3318,2018,1944,0,NULL,NULL),(3319,2019,1945,0,NULL,NULL),(3320,2020,1945,0,NULL,NULL),(3321,2021,1946,0,NULL,NULL),(3322,2022,1946,0,NULL,NULL),(3323,2023,1947,0,NULL,NULL),(3324,2024,1947,0,NULL,NULL),(3325,2025,1948,0,NULL,NULL),(3326,2026,1948,0,NULL,NULL),(3327,2027,1949,0,NULL,NULL),(3328,2028,1950,0,NULL,NULL),(3329,2029,1950,0,NULL,NULL),(3330,2030,1951,0,NULL,NULL),(3331,2031,1951,0,NULL,NULL),(3332,2032,1952,0,NULL,NULL),(3333,2033,1952,0,NULL,NULL),(3334,2034,1953,0,NULL,NULL),(3335,2035,1953,0,NULL,NULL),(3336,2122,1954,0,NULL,NULL),(3337,2123,1954,0,NULL,NULL),(3338,2124,1955,0,NULL,NULL),(3339,2125,1955,0,NULL,NULL),(3340,2126,1956,0,NULL,NULL),(3341,2127,1956,0,NULL,NULL),(3342,2128,1957,0,NULL,NULL),(3343,2129,1957,0,NULL,NULL),(3344,2130,1958,0,NULL,NULL),(3345,2131,1958,0,NULL,NULL),(3346,2132,1959,0,NULL,NULL),(3347,2133,1960,0,NULL,NULL),(3348,2134,1960,0,NULL,NULL),(3349,2135,1960,0,NULL,NULL),(3350,2136,1961,0,NULL,NULL),(3351,2137,1961,0,NULL,NULL),(3352,2138,1962,0,NULL,NULL),(3353,2139,1962,0,NULL,NULL),(3354,2140,1963,0,NULL,NULL),(3355,2141,1963,0,NULL,NULL),(3356,2142,1964,0,NULL,NULL),(3357,2143,1964,0,NULL,NULL),(3358,2144,1965,0,NULL,NULL),(3359,2145,1965,0,NULL,NULL),(3360,2146,1966,0,NULL,NULL),(3361,2147,1966,0,NULL,NULL),(3362,2148,1966,0,NULL,NULL),(3363,1953,1967,0,NULL,NULL),(3364,1954,1967,0,NULL,NULL),(3365,1955,1967,0,NULL,NULL),(3366,1956,1968,0,NULL,NULL),(3367,1957,1968,0,NULL,NULL),(3368,1958,1969,0,NULL,NULL),(3369,1959,1969,0,NULL,NULL),(3370,1960,1970,0,NULL,NULL),(3371,1961,1970,0,NULL,NULL),(3372,1966,1971,0,NULL,NULL),(3373,1967,1971,0,NULL,NULL),(3374,1968,1972,0,NULL,NULL),(3375,1969,1972,0,NULL,NULL),(3376,1970,1973,0,NULL,NULL),(3377,1971,1973,0,NULL,NULL),(3378,1972,1974,0,NULL,NULL),(3379,1973,1974,0,NULL,NULL),(3380,1977,1975,0,NULL,NULL),(3381,1978,1975,0,NULL,NULL),(3382,1979,1976,0,NULL,NULL),(3383,1980,1976,0,NULL,NULL),(3384,1991,1977,0,NULL,NULL),(3385,1992,1977,0,NULL,NULL),(3386,1993,1978,0,NULL,NULL),(3387,1994,1978,0,NULL,NULL),(3388,1945,1979,0,NULL,NULL),(3389,1946,1979,0,NULL,NULL),(3390,1947,1979,0,NULL,NULL),(3391,1948,1980,0,NULL,NULL),(3392,1949,1980,0,NULL,NULL),(3393,1950,1980,0,NULL,NULL),(3394,1951,1981,0,NULL,NULL),(3395,1952,1981,0,NULL,NULL),(3396,1962,1982,0,NULL,NULL),(3397,1963,1982,0,NULL,NULL),(3398,1964,1983,0,NULL,NULL),(3399,1965,1983,0,NULL,NULL),(3400,1974,1984,0,NULL,NULL),(3401,1975,1984,0,NULL,NULL),(3402,1976,1984,0,NULL,NULL),(3403,1981,1985,0,NULL,NULL),(3404,1982,1985,0,NULL,NULL),(3405,1983,1986,0,NULL,NULL),(3406,1984,1986,0,NULL,NULL),(3407,1985,1987,0,NULL,NULL),(3408,1986,1987,0,NULL,NULL),(3409,1987,1988,0,NULL,NULL),(3410,1988,1988,0,NULL,NULL),(3411,1989,1989,0,NULL,NULL),(3412,1990,1989,0,NULL,NULL),(3413,1945,1990,0,NULL,NULL),(3414,1946,1990,0,NULL,NULL),(3415,1947,1990,0,NULL,NULL),(3416,1948,1991,0,NULL,NULL),(3417,1949,1991,0,NULL,NULL),(3418,1950,1991,0,NULL,NULL),(3419,1951,1992,0,NULL,NULL),(3420,1952,1992,0,NULL,NULL),(3421,1962,1993,0,NULL,NULL),(3422,1963,1993,0,NULL,NULL),(3423,1964,1994,0,NULL,NULL),(3424,1965,1994,0,NULL,NULL),(3425,2115,1995,0,NULL,NULL),(3426,2116,1995,0,NULL,NULL),(3427,2117,1996,0,NULL,NULL),(3428,2118,1996,0,NULL,NULL),(3429,2119,1997,0,NULL,NULL),(3430,1974,1998,0,NULL,NULL),(3431,1975,1998,0,NULL,NULL),(3432,1976,1998,0,NULL,NULL),(3433,1981,1999,0,NULL,NULL),(3434,1982,1999,0,NULL,NULL),(3435,1983,2000,0,NULL,NULL),(3436,1984,2000,0,NULL,NULL),(3437,1985,2001,0,NULL,NULL),(3438,1986,2001,0,NULL,NULL),(3439,1987,2002,0,NULL,NULL),(3440,1988,2002,0,NULL,NULL),(3441,1989,2003,0,NULL,NULL),(3442,1990,2003,0,NULL,NULL),(3443,2120,2004,0,NULL,NULL),(3444,2121,2004,0,NULL,NULL),(3445,1945,2005,0,NULL,NULL),(3446,1946,2005,0,NULL,NULL),(3447,1947,2005,0,NULL,NULL),(3448,1948,2006,0,NULL,NULL),(3449,1949,2006,0,NULL,NULL),(3450,1950,2006,0,NULL,NULL),(3451,1951,2007,0,NULL,NULL),(3452,1952,2007,0,NULL,NULL),(3453,1962,2008,0,NULL,NULL),(3454,1963,2008,0,NULL,NULL),(3455,1964,2009,0,NULL,NULL),(3456,1965,2009,0,NULL,NULL),(3457,1974,2010,0,NULL,NULL),(3458,1975,2010,0,NULL,NULL),(3459,1976,2010,0,NULL,NULL),(3460,1981,2011,0,NULL,NULL),(3461,1982,2011,0,NULL,NULL),(3462,1983,2012,0,NULL,NULL),(3463,1984,2012,0,NULL,NULL),(3464,1985,2013,0,NULL,NULL),(3465,1986,2013,0,NULL,NULL),(3466,1987,2014,0,NULL,NULL),(3467,1988,2014,0,NULL,NULL),(3468,1989,2015,0,NULL,NULL),(3469,1990,2015,0,NULL,NULL),(3470,1945,2016,0,NULL,NULL),(3471,1946,2016,0,NULL,NULL),(3472,1947,2016,0,NULL,NULL),(3473,1948,2017,0,NULL,NULL),(3474,1949,2017,0,NULL,NULL),(3475,1950,2017,0,NULL,NULL),(3476,1951,2018,0,NULL,NULL),(3477,1952,2018,0,NULL,NULL),(3478,1962,2019,0,NULL,NULL),(3479,1963,2019,0,NULL,NULL),(3480,1964,2020,0,NULL,NULL),(3481,1965,2020,0,NULL,NULL),(3482,1974,2021,0,NULL,NULL),(3483,1975,2021,0,NULL,NULL),(3484,1976,2021,0,NULL,NULL),(3485,1981,2022,0,NULL,NULL),(3486,1982,2022,0,NULL,NULL),(3487,1983,2023,0,NULL,NULL),(3488,1984,2023,0,NULL,NULL),(3489,1985,2024,0,NULL,NULL),(3490,1986,2024,0,NULL,NULL),(3491,1987,2025,0,NULL,NULL),(3492,1988,2025,0,NULL,NULL),(3493,1989,2026,0,NULL,NULL),(3494,1990,2026,0,NULL,NULL),(3495,1945,2027,0,NULL,NULL),(3496,1946,2027,0,NULL,NULL),(3497,1947,2027,0,NULL,NULL),(3498,1948,2028,0,NULL,NULL),(3499,1949,2028,0,NULL,NULL),(3500,1950,2028,0,NULL,NULL),(3501,1951,2029,0,NULL,NULL),(3502,1952,2029,0,NULL,NULL),(3503,1962,2030,0,NULL,NULL),(3504,1963,2030,0,NULL,NULL),(3505,1964,2031,0,NULL,NULL),(3506,1965,2031,0,NULL,NULL),(3507,1974,2032,0,NULL,NULL),(3508,1975,2032,0,NULL,NULL),(3509,1976,2032,0,NULL,NULL),(3510,1981,2033,0,NULL,NULL),(3511,1982,2033,0,NULL,NULL),(3512,1983,2034,0,NULL,NULL),(3513,1984,2034,0,NULL,NULL),(3514,1985,2035,0,NULL,NULL),(3515,1986,2035,0,NULL,NULL),(3516,1987,2036,0,NULL,NULL),(3517,1988,2036,0,NULL,NULL),(3518,1989,2037,0,NULL,NULL),(3519,1990,2037,0,NULL,NULL),(3520,1945,2038,0,NULL,NULL),(3521,1946,2038,0,NULL,NULL),(3522,1947,2038,0,NULL,NULL),(3523,1948,2039,0,NULL,NULL),(3524,1949,2039,0,NULL,NULL),(3525,1950,2039,0,NULL,NULL),(3526,1951,2040,0,NULL,NULL),(3527,1952,2040,0,NULL,NULL),(3528,1962,2041,0,NULL,NULL),(3529,1963,2041,0,NULL,NULL),(3530,1964,2042,0,NULL,NULL),(3531,1965,2042,0,NULL,NULL),(3532,2084,2043,0,NULL,NULL),(3533,2085,2043,0,NULL,NULL),(3534,2086,2044,0,NULL,NULL),(3535,2087,2044,0,NULL,NULL),(3536,1974,2045,0,NULL,NULL),(3537,1975,2045,0,NULL,NULL),(3538,1976,2045,0,NULL,NULL),(3539,1981,2046,0,NULL,NULL),(3540,1982,2046,0,NULL,NULL),(3541,1983,2047,0,NULL,NULL),(3542,1984,2047,0,NULL,NULL),(3543,1985,2048,0,NULL,NULL),(3544,1986,2048,0,NULL,NULL),(3545,1987,2049,0,NULL,NULL),(3546,1988,2049,0,NULL,NULL),(3547,1989,2050,0,NULL,NULL),(3548,1990,2050,0,NULL,NULL),(3549,2088,2051,0,NULL,NULL),(3550,2089,2051,0,NULL,NULL),(3551,1945,2052,0,NULL,NULL),(3552,1946,2052,0,NULL,NULL),(3553,1947,2052,0,NULL,NULL),(3554,1948,2053,0,NULL,NULL),(3555,1949,2053,0,NULL,NULL),(3556,1950,2053,0,NULL,NULL),(3557,1951,2054,0,NULL,NULL),(3558,1952,2054,0,NULL,NULL),(3559,1962,2055,0,NULL,NULL),(3560,1963,2055,0,NULL,NULL),(3561,1964,2056,0,NULL,NULL),(3562,1965,2056,0,NULL,NULL),(3563,1974,2057,0,NULL,NULL),(3564,1975,2057,0,NULL,NULL),(3565,1976,2057,0,NULL,NULL),(3566,1981,2058,0,NULL,NULL),(3567,1982,2058,0,NULL,NULL),(3568,1983,2059,0,NULL,NULL),(3569,1984,2059,0,NULL,NULL),(3570,1985,2060,0,NULL,NULL),(3571,1986,2060,0,NULL,NULL),(3572,1987,2061,0,NULL,NULL),(3573,1988,2061,0,NULL,NULL),(3574,1989,2062,0,NULL,NULL),(3575,1990,2062,0,NULL,NULL),(3576,1945,2063,0,NULL,NULL),(3577,1946,2063,0,NULL,NULL),(3578,1947,2063,0,NULL,NULL),(3579,1948,2064,0,NULL,NULL),(3580,1949,2064,0,NULL,NULL),(3581,1950,2064,0,NULL,NULL),(3582,1951,2065,0,NULL,NULL),(3583,1952,2065,0,NULL,NULL),(3584,1962,2066,0,NULL,NULL),(3585,1963,2066,0,NULL,NULL),(3586,1964,2067,0,NULL,NULL),(3587,1965,2067,0,NULL,NULL),(3588,1974,2068,0,NULL,NULL),(3589,1975,2068,0,NULL,NULL),(3590,1976,2068,0,NULL,NULL),(3591,1981,2069,0,NULL,NULL),(3592,1982,2069,0,NULL,NULL),(3593,1983,2070,0,NULL,NULL),(3594,1984,2070,0,NULL,NULL),(3595,1985,2071,0,NULL,NULL),(3596,1986,2071,0,NULL,NULL),(3597,1987,2072,0,NULL,NULL),(3598,1988,2072,0,NULL,NULL),(3599,1989,2073,0,NULL,NULL),(3600,1990,2073,0,NULL,NULL),(3601,1945,2074,0,NULL,NULL),(3602,1946,2074,0,NULL,NULL),(3603,1947,2074,0,NULL,NULL),(3604,1948,2075,0,NULL,NULL),(3605,1949,2075,0,NULL,NULL),(3606,1950,2075,0,NULL,NULL),(3607,1951,2076,0,NULL,NULL),(3608,1952,2076,0,NULL,NULL),(3609,1962,2077,0,NULL,NULL),(3610,1963,2077,0,NULL,NULL),(3611,1964,2078,0,NULL,NULL),(3612,1965,2078,0,NULL,NULL),(3613,1974,2079,0,NULL,NULL),(3614,1975,2079,0,NULL,NULL),(3615,1976,2079,0,NULL,NULL),(3616,1981,2080,0,NULL,NULL),(3617,1982,2080,0,NULL,NULL),(3618,1983,2081,0,NULL,NULL),(3619,1984,2081,0,NULL,NULL),(3620,1985,2082,0,NULL,NULL),(3621,1986,2082,0,NULL,NULL),(3622,1987,2083,0,NULL,NULL),(3623,1988,2083,0,NULL,NULL),(3624,1989,2084,0,NULL,NULL),(3625,1990,2084,0,NULL,NULL),(3626,1945,2085,0,NULL,NULL),(3627,1946,2085,0,NULL,NULL),(3628,1947,2085,0,NULL,NULL),(3629,1948,2086,0,NULL,NULL),(3630,1949,2086,0,NULL,NULL),(3631,1950,2086,0,NULL,NULL),(3632,1951,2087,0,NULL,NULL),(3633,1952,2087,0,NULL,NULL),(3634,1962,2088,0,NULL,NULL),(3635,1963,2088,0,NULL,NULL),(3636,1964,2089,0,NULL,NULL),(3637,1965,2089,0,NULL,NULL),(3638,1974,2090,0,NULL,NULL),(3639,1975,2090,0,NULL,NULL),(3640,1976,2090,0,NULL,NULL),(3641,1981,2091,0,NULL,NULL),(3642,1982,2091,0,NULL,NULL),(3643,1983,2092,0,NULL,NULL),(3644,1984,2092,0,NULL,NULL),(3645,1985,2093,0,NULL,NULL),(3646,1986,2093,0,NULL,NULL),(3647,1987,2094,0,NULL,NULL),(3648,1988,2094,0,NULL,NULL),(3649,1989,2095,0,NULL,NULL),(3650,1990,2095,0,NULL,NULL),(3651,2010,2096,0,NULL,NULL),(3652,2011,2096,0,NULL,NULL),(3653,1945,2097,0,NULL,NULL),(3654,1946,2097,0,NULL,NULL),(3655,1947,2097,0,NULL,NULL),(3656,1948,2098,0,NULL,NULL),(3657,1949,2098,0,NULL,NULL),(3658,1950,2098,0,NULL,NULL),(3659,1951,2099,0,NULL,NULL),(3660,1952,2099,0,NULL,NULL),(3661,1962,2100,0,NULL,NULL),(3662,1963,2100,0,NULL,NULL),(3663,1964,2101,0,NULL,NULL),(3664,1965,2101,0,NULL,NULL),(3665,1995,2102,0,NULL,NULL),(3666,1996,2102,0,NULL,NULL),(3667,1974,2103,0,NULL,NULL),(3668,1975,2103,0,NULL,NULL),(3669,1976,2103,0,NULL,NULL),(3670,1981,2104,0,NULL,NULL),(3671,1982,2104,0,NULL,NULL),(3672,1983,2105,0,NULL,NULL),(3673,1984,2105,0,NULL,NULL),(3674,1985,2106,0,NULL,NULL),(3675,1986,2106,0,NULL,NULL),(3676,1987,2107,0,NULL,NULL),(3677,1988,2107,0,NULL,NULL),(3678,1989,2108,0,NULL,NULL),(3679,1990,2108,0,NULL,NULL),(3680,1997,2109,0,NULL,NULL),(3681,1998,2109,0,NULL,NULL),(3682,1999,2110,0,NULL,NULL),(3683,2000,2110,0,NULL,NULL),(3684,2001,2111,0,NULL,NULL),(3685,1945,2112,0,NULL,NULL),(3686,1946,2112,0,NULL,NULL),(3687,1947,2112,0,NULL,NULL),(3688,1948,2113,0,NULL,NULL),(3689,1949,2113,0,NULL,NULL),(3690,1950,2113,0,NULL,NULL),(3691,1951,2114,0,NULL,NULL),(3692,1952,2114,0,NULL,NULL),(3693,1962,2115,0,NULL,NULL),(3694,1963,2115,0,NULL,NULL),(3695,1964,2116,0,NULL,NULL),(3696,1965,2116,0,NULL,NULL),(3697,1974,2117,0,NULL,NULL),(3698,1975,2117,0,NULL,NULL),(3699,1976,2117,0,NULL,NULL),(3700,1981,2118,0,NULL,NULL),(3701,1982,2118,0,NULL,NULL),(3702,1983,2119,0,NULL,NULL),(3703,1984,2119,0,NULL,NULL),(3704,1985,2120,0,NULL,NULL),(3705,1986,2120,0,NULL,NULL),(3706,1987,2121,0,NULL,NULL),(3707,1988,2121,0,NULL,NULL),(3708,1989,2122,0,NULL,NULL),(3709,1990,2122,0,NULL,NULL),(3710,1945,2123,0,NULL,NULL),(3711,1946,2123,0,NULL,NULL),(3712,1947,2123,0,NULL,NULL),(3713,1948,2124,0,NULL,NULL),(3714,1949,2124,0,NULL,NULL),(3715,1950,2124,0,NULL,NULL),(3716,2146,2125,0,NULL,NULL),(3717,2147,2125,0,NULL,NULL),(3718,2148,2125,0,NULL,NULL),(3719,1951,2126,0,NULL,NULL),(3720,1952,2126,0,NULL,NULL),(3721,1962,2127,0,NULL,NULL),(3722,1963,2127,0,NULL,NULL),(3723,1964,2128,0,NULL,NULL),(3724,1965,2128,0,NULL,NULL),(3725,1974,2129,0,NULL,NULL),(3726,1975,2129,0,NULL,NULL),(3727,1976,2129,0,NULL,NULL),(3728,1981,2130,0,NULL,NULL),(3729,1982,2130,0,NULL,NULL),(3730,1983,2131,0,NULL,NULL),(3731,1984,2131,0,NULL,NULL),(3732,1985,2132,0,NULL,NULL),(3733,1986,2132,0,NULL,NULL),(3734,1987,2133,0,NULL,NULL),(3735,1988,2133,0,NULL,NULL),(3736,1989,2134,0,NULL,NULL),(3737,1990,2134,0,NULL,NULL),(3738,2081,2135,0,NULL,NULL),(3739,2082,2135,0,NULL,NULL),(3740,2083,2135,0,NULL,NULL),(3741,1945,2136,0,NULL,NULL),(3742,1946,2136,0,NULL,NULL),(3743,1947,2136,0,NULL,NULL),(3744,1948,2137,0,NULL,NULL),(3745,1949,2137,0,NULL,NULL),(3746,1950,2137,0,NULL,NULL),(3747,1951,2138,0,NULL,NULL),(3748,1952,2138,0,NULL,NULL),(3749,1962,2139,0,NULL,NULL),(3750,1963,2139,0,NULL,NULL),(3751,1964,2140,0,NULL,NULL),(3752,1965,2140,0,NULL,NULL),(3753,1974,2141,0,NULL,NULL),(3754,1975,2141,0,NULL,NULL),(3755,1976,2141,0,NULL,NULL),(3756,1981,2142,0,NULL,NULL),(3757,1982,2142,0,NULL,NULL),(3758,1983,2143,0,NULL,NULL),(3759,1984,2143,0,NULL,NULL),(3760,1985,2144,0,NULL,NULL),(3761,1986,2144,0,NULL,NULL),(3762,1987,2145,0,NULL,NULL),(3763,1988,2145,0,NULL,NULL),(3764,1989,2146,0,NULL,NULL),(3765,1990,2146,0,NULL,NULL),(3766,1945,2147,0,NULL,NULL),(3767,1946,2147,0,NULL,NULL),(3768,1947,2147,0,NULL,NULL),(3769,1948,2148,0,NULL,NULL),(3770,1949,2148,0,NULL,NULL),(3771,1950,2148,0,NULL,NULL),(3772,1951,2149,0,NULL,NULL),(3773,1952,2149,0,NULL,NULL),(3774,1962,2150,0,NULL,NULL),(3775,1963,2150,0,NULL,NULL),(3776,1964,2151,0,NULL,NULL),(3777,1965,2151,0,NULL,NULL),(3778,1974,2152,0,NULL,NULL),(3779,1975,2152,0,NULL,NULL),(3780,1976,2152,0,NULL,NULL),(3781,1981,2153,0,NULL,NULL),(3782,1982,2153,0,NULL,NULL),(3783,1983,2154,0,NULL,NULL),(3784,1984,2154,0,NULL,NULL),(3785,1985,2155,0,NULL,NULL),(3786,1986,2155,0,NULL,NULL),(3787,1987,2156,0,NULL,NULL),(3788,1988,2156,0,NULL,NULL),(3789,1989,2157,0,NULL,NULL),(3790,1990,2157,0,NULL,NULL),(3791,1945,2158,0,NULL,NULL),(3792,1946,2158,0,NULL,NULL),(3793,1947,2158,0,NULL,NULL),(3794,1948,2159,0,NULL,NULL),(3795,1949,2159,0,NULL,NULL),(3796,1950,2159,0,NULL,NULL),(3797,1951,2160,0,NULL,NULL),(3798,1952,2160,0,NULL,NULL),(3799,1962,2161,0,NULL,NULL),(3800,1963,2161,0,NULL,NULL),(3801,1964,2162,0,NULL,NULL),(3802,1965,2162,0,NULL,NULL),(3803,2075,2163,0,NULL,NULL),(3804,2076,2163,0,NULL,NULL),(3805,2077,2164,0,NULL,NULL),(3806,2078,2164,0,NULL,NULL),(3807,1974,2165,0,NULL,NULL),(3808,1975,2165,0,NULL,NULL),(3809,1976,2165,0,NULL,NULL),(3810,1981,2166,0,NULL,NULL),(3811,1982,2166,0,NULL,NULL),(3812,1983,2167,0,NULL,NULL),(3813,1984,2167,0,NULL,NULL),(3814,1985,2168,0,NULL,NULL),(3815,1986,2168,0,NULL,NULL),(3816,1987,2169,0,NULL,NULL),(3817,1988,2169,0,NULL,NULL),(3818,1989,2170,0,NULL,NULL),(3819,1990,2170,0,NULL,NULL),(3820,2079,2171,0,NULL,NULL),(3821,2080,2171,0,NULL,NULL),(3822,1945,2172,0,NULL,NULL),(3823,1946,2172,0,NULL,NULL),(3824,1947,2172,0,NULL,NULL),(3825,1948,2173,0,NULL,NULL),(3826,1949,2173,0,NULL,NULL),(3827,1950,2173,0,NULL,NULL),(3828,1951,2174,0,NULL,NULL),(3829,1952,2174,0,NULL,NULL),(3830,1962,2175,0,NULL,NULL),(3831,1963,2175,0,NULL,NULL),(3832,1964,2176,0,NULL,NULL),(3833,1965,2176,0,NULL,NULL),(3834,1974,2177,0,NULL,NULL),(3835,1975,2177,0,NULL,NULL),(3836,1976,2177,0,NULL,NULL),(3837,1981,2178,0,NULL,NULL),(3838,1982,2178,0,NULL,NULL),(3839,1983,2179,0,NULL,NULL),(3840,1984,2179,0,NULL,NULL),(3841,1985,2180,0,NULL,NULL),(3842,1986,2180,0,NULL,NULL),(3843,1987,2181,0,NULL,NULL),(3844,1988,2181,0,NULL,NULL),(3845,1989,2182,0,NULL,NULL),(3846,1990,2182,0,NULL,NULL),(3847,1945,2183,0,NULL,NULL),(3848,1946,2183,0,NULL,NULL),(3849,1947,2183,0,NULL,NULL),(3850,1948,2184,0,NULL,NULL),(3851,1949,2184,0,NULL,NULL),(3852,1950,2184,0,NULL,NULL),(3853,1951,2185,0,NULL,NULL),(3854,1952,2185,0,NULL,NULL),(3855,1962,2186,0,NULL,NULL),(3856,1963,2186,0,NULL,NULL),(3857,1964,2187,0,NULL,NULL),(3858,1965,2187,0,NULL,NULL),(3859,2084,2188,0,NULL,NULL),(3860,2085,2188,0,NULL,NULL),(3861,2086,2189,0,NULL,NULL),(3862,2087,2189,0,NULL,NULL),(3863,1974,2190,0,NULL,NULL),(3864,1975,2190,0,NULL,NULL),(3865,1976,2190,0,NULL,NULL),(3866,1981,2191,0,NULL,NULL),(3867,1982,2191,0,NULL,NULL),(3868,1983,2192,0,NULL,NULL),(3869,1984,2192,0,NULL,NULL),(3870,1985,2193,0,NULL,NULL),(3871,1986,2193,0,NULL,NULL),(3872,1987,2194,0,NULL,NULL),(3873,1988,2194,0,NULL,NULL),(3874,1989,2195,0,NULL,NULL),(3875,1990,2195,0,NULL,NULL),(3876,2088,2196,0,NULL,NULL),(3877,2089,2196,0,NULL,NULL),(3878,1945,2197,0,NULL,NULL),(3879,1946,2197,0,NULL,NULL),(3880,1947,2197,0,NULL,NULL),(3881,1948,2198,0,NULL,NULL),(3882,1949,2198,0,NULL,NULL),(3883,1950,2198,0,NULL,NULL),(3884,1951,2199,0,NULL,NULL),(3885,1952,2199,0,NULL,NULL),(3886,1962,2200,0,NULL,NULL),(3887,1963,2200,0,NULL,NULL),(3888,1964,2201,0,NULL,NULL),(3889,1965,2201,0,NULL,NULL),(3890,1974,2202,0,NULL,NULL),(3891,1975,2202,0,NULL,NULL),(3892,1976,2202,0,NULL,NULL),(3893,1981,2203,0,NULL,NULL),(3894,1982,2203,0,NULL,NULL),(3895,1983,2204,0,NULL,NULL),(3896,1984,2204,0,NULL,NULL),(3897,1985,2205,0,NULL,NULL),(3898,1986,2205,0,NULL,NULL),(3899,1987,2206,0,NULL,NULL),(3900,1988,2206,0,NULL,NULL),(3901,1989,2207,0,NULL,NULL),(3902,1990,2207,0,NULL,NULL),(3903,1945,2208,0,NULL,NULL),(3904,1946,2208,0,NULL,NULL),(3905,1947,2208,0,NULL,NULL),(3906,1948,2209,0,NULL,NULL),(3907,1949,2209,0,NULL,NULL),(3908,1950,2209,0,NULL,NULL),(3909,2090,2210,0,NULL,NULL),(3910,2091,2210,0,NULL,NULL),(3911,2092,2210,0,NULL,NULL),(3912,2093,2211,0,NULL,NULL),(3913,2094,2211,0,NULL,NULL),(3914,1951,2212,0,NULL,NULL),(3915,1952,2212,0,NULL,NULL),(3916,2095,2213,0,NULL,NULL),(3917,2096,2213,0,NULL,NULL),(3918,2097,2214,0,NULL,NULL),(3919,2098,2214,0,NULL,NULL),(3920,1962,2215,0,NULL,NULL),(3921,1963,2215,0,NULL,NULL),(3922,1964,2216,0,NULL,NULL),(3923,1965,2216,0,NULL,NULL),(3924,2099,2217,0,NULL,NULL),(3925,2100,2217,0,NULL,NULL),(3926,2101,2218,0,NULL,NULL),(3927,2102,2218,0,NULL,NULL),(3928,2103,2219,0,NULL,NULL),(3929,2104,2219,0,NULL,NULL),(3930,1974,2220,0,NULL,NULL),(3931,1975,2220,0,NULL,NULL),(3932,1976,2220,0,NULL,NULL),(3933,2105,2221,0,NULL,NULL),(3934,2106,2221,0,NULL,NULL),(3935,2107,2222,0,NULL,NULL),(3936,2108,2222,0,NULL,NULL),(3937,1981,2223,0,NULL,NULL),(3938,1982,2223,0,NULL,NULL),(3939,1983,2224,0,NULL,NULL),(3940,1984,2224,0,NULL,NULL),(3941,1985,2225,0,NULL,NULL),(3942,1986,2225,0,NULL,NULL),(3943,1987,2226,0,NULL,NULL),(3944,1988,2226,0,NULL,NULL),(3945,1989,2227,0,NULL,NULL),(3946,1990,2227,0,NULL,NULL),(3947,2109,2228,0,NULL,NULL),(3948,2110,2228,0,NULL,NULL),(3949,2111,2229,0,NULL,NULL),(3950,2112,2229,0,NULL,NULL),(3951,2113,2230,0,NULL,NULL),(3952,2114,2230,0,NULL,NULL),(3953,1945,2231,0,NULL,NULL),(3954,1946,2231,0,NULL,NULL),(3955,1947,2231,0,NULL,NULL),(3956,1948,2232,0,NULL,NULL),(3957,1949,2232,0,NULL,NULL),(3958,1950,2232,0,NULL,NULL),(3959,2043,2233,0,NULL,NULL),(3960,2044,2233,0,NULL,NULL),(3961,2045,2233,0,NULL,NULL),(3962,1951,2234,0,NULL,NULL),(3963,1952,2234,0,NULL,NULL),(3964,2046,2235,0,NULL,NULL),(3965,2047,2235,0,NULL,NULL),(3966,2048,2236,0,NULL,NULL),(3967,2049,2236,0,NULL,NULL),(3968,2050,2237,0,NULL,NULL),(3969,2051,2237,0,NULL,NULL),(3970,1962,2238,0,NULL,NULL),(3971,1963,2238,0,NULL,NULL),(3972,1964,2239,0,NULL,NULL),(3973,1965,2239,0,NULL,NULL),(3974,2052,2240,0,NULL,NULL),(3975,2053,2240,0,NULL,NULL),(3976,2054,2241,0,NULL,NULL),(3977,2055,2241,0,NULL,NULL),(3978,1974,2242,0,NULL,NULL),(3979,1975,2242,0,NULL,NULL),(3980,1976,2242,0,NULL,NULL),(3981,2056,2243,0,NULL,NULL),(3982,2057,2243,0,NULL,NULL),(3983,2058,2244,0,NULL,NULL),(3984,2059,2244,0,NULL,NULL),(3985,2060,2245,0,NULL,NULL),(3986,2061,2245,0,NULL,NULL),(3987,1981,2246,0,NULL,NULL),(3988,1982,2246,0,NULL,NULL),(3989,1983,2247,0,NULL,NULL),(3990,1984,2247,0,NULL,NULL),(3991,1985,2248,0,NULL,NULL),(3992,1986,2248,0,NULL,NULL),(3993,1987,2249,0,NULL,NULL),(3994,1988,2249,0,NULL,NULL),(3995,1989,2250,0,NULL,NULL),(3996,1990,2250,0,NULL,NULL),(3997,2062,2251,0,NULL,NULL),(3998,2063,2251,0,NULL,NULL),(3999,2064,2252,0,NULL,NULL),(4000,2065,2252,0,NULL,NULL),(4001,2066,2253,0,NULL,NULL),(4002,2067,2253,0,NULL,NULL),(4003,1945,2254,0,NULL,NULL),(4004,1946,2254,0,NULL,NULL),(4005,1947,2254,0,NULL,NULL),(4006,1948,2255,0,NULL,NULL),(4007,1949,2255,0,NULL,NULL),(4008,1950,2255,0,NULL,NULL),(4009,1951,2256,0,NULL,NULL),(4010,1952,2256,0,NULL,NULL),(4011,1962,2257,0,NULL,NULL),(4012,1963,2257,0,NULL,NULL),(4013,1964,2258,0,NULL,NULL),(4014,1965,2258,0,NULL,NULL),(4015,1974,2259,0,NULL,NULL),(4016,1975,2259,0,NULL,NULL),(4017,1976,2259,0,NULL,NULL),(4018,1981,2260,0,NULL,NULL),(4019,1982,2260,0,NULL,NULL),(4020,1983,2261,0,NULL,NULL),(4021,1984,2261,0,NULL,NULL),(4022,1985,2262,0,NULL,NULL),(4023,1986,2262,0,NULL,NULL),(4024,1987,2263,0,NULL,NULL),(4025,1988,2263,0,NULL,NULL),(4026,1989,2264,0,NULL,NULL),(4027,1990,2264,0,NULL,NULL),(4028,1945,2265,0,NULL,NULL),(4029,1946,2265,0,NULL,NULL),(4030,1947,2265,0,NULL,NULL),(4031,1948,2266,0,NULL,NULL),(4032,1949,2266,0,NULL,NULL),(4033,1950,2266,0,NULL,NULL),(4034,1951,2267,0,NULL,NULL),(4035,1952,2267,0,NULL,NULL),(4036,1962,2268,0,NULL,NULL),(4037,1963,2268,0,NULL,NULL),(4038,1964,2269,0,NULL,NULL),(4039,1965,2269,0,NULL,NULL),(4040,2115,2270,0,NULL,NULL),(4041,2116,2270,0,NULL,NULL),(4042,2117,2271,0,NULL,NULL),(4043,2118,2271,0,NULL,NULL),(4044,2119,2272,0,NULL,NULL),(4045,1974,2273,0,NULL,NULL),(4046,1975,2273,0,NULL,NULL),(4047,1976,2273,0,NULL,NULL),(4048,1981,2274,0,NULL,NULL),(4049,1982,2274,0,NULL,NULL),(4050,1983,2275,0,NULL,NULL),(4051,1984,2275,0,NULL,NULL),(4052,1985,2276,0,NULL,NULL),(4053,1986,2276,0,NULL,NULL),(4054,1987,2277,0,NULL,NULL),(4055,1988,2277,0,NULL,NULL),(4056,1989,2278,0,NULL,NULL),(4057,1990,2278,0,NULL,NULL),(4058,2120,2279,0,NULL,NULL),(4059,2121,2279,0,NULL,NULL),(4060,1945,2280,0,NULL,NULL),(4061,1946,2280,0,NULL,NULL),(4062,1947,2280,0,NULL,NULL),(4063,1948,2281,0,NULL,NULL),(4064,1949,2281,0,NULL,NULL),(4065,1950,2281,0,NULL,NULL),(4066,1951,2282,0,NULL,NULL),(4067,1952,2282,0,NULL,NULL),(4068,1962,2283,0,NULL,NULL),(4069,1963,2283,0,NULL,NULL),(4070,1964,2284,0,NULL,NULL),(4071,1965,2284,0,NULL,NULL),(4072,1974,2285,0,NULL,NULL),(4073,1975,2285,0,NULL,NULL),(4074,1976,2285,0,NULL,NULL),(4075,1981,2286,0,NULL,NULL),(4076,1982,2286,0,NULL,NULL),(4077,1983,2287,0,NULL,NULL),(4078,1984,2287,0,NULL,NULL),(4079,1985,2288,0,NULL,NULL),(4080,1986,2288,0,NULL,NULL),(4081,1987,2289,0,NULL,NULL),(4082,1988,2289,0,NULL,NULL),(4083,1989,2290,0,NULL,NULL),(4084,1990,2290,0,NULL,NULL),(4085,1953,2291,0,NULL,NULL),(4086,1954,2291,0,NULL,NULL),(4087,1955,2291,0,NULL,NULL),(4088,1945,2292,0,NULL,NULL),(4089,1946,2292,0,NULL,NULL),(4090,1947,2292,0,NULL,NULL),(4091,1948,2293,0,NULL,NULL),(4092,1949,2293,0,NULL,NULL),(4093,1950,2293,0,NULL,NULL),(4094,1951,2294,0,NULL,NULL),(4095,1952,2294,0,NULL,NULL),(4096,1956,2295,0,NULL,NULL),(4097,1957,2295,0,NULL,NULL),(4098,1958,2296,0,NULL,NULL),(4099,1959,2296,0,NULL,NULL),(4100,1960,2297,0,NULL,NULL),(4101,1961,2297,0,NULL,NULL),(4102,1962,2298,0,NULL,NULL),(4103,1963,2298,0,NULL,NULL),(4104,1964,2299,0,NULL,NULL),(4105,1965,2299,0,NULL,NULL),(4106,1966,2300,0,NULL,NULL),(4107,1967,2300,0,NULL,NULL),(4108,1968,2301,0,NULL,NULL),(4109,1969,2301,0,NULL,NULL),(4110,1970,2302,0,NULL,NULL),(4111,1971,2302,0,NULL,NULL),(4112,1972,2303,0,NULL,NULL),(4113,1973,2303,0,NULL,NULL),(4114,1974,2304,0,NULL,NULL),(4115,1975,2304,0,NULL,NULL),(4116,1976,2304,0,NULL,NULL),(4117,1977,2305,0,NULL,NULL),(4118,1978,2305,0,NULL,NULL),(4119,1979,2306,0,NULL,NULL),(4120,1980,2306,0,NULL,NULL),(4121,1981,2307,0,NULL,NULL),(4122,1982,2307,0,NULL,NULL),(4123,1983,2308,0,NULL,NULL),(4124,1984,2308,0,NULL,NULL),(4125,1985,2309,0,NULL,NULL),(4126,1986,2309,0,NULL,NULL),(4127,1987,2310,0,NULL,NULL),(4128,1988,2310,0,NULL,NULL),(4129,1989,2311,0,NULL,NULL),(4130,1990,2311,0,NULL,NULL),(4131,1991,2312,0,NULL,NULL),(4132,1992,2312,0,NULL,NULL),(4133,1993,2313,0,NULL,NULL),(4134,1994,2313,0,NULL,NULL),(4135,1945,2314,0,NULL,NULL),(4136,1946,2314,0,NULL,NULL),(4137,1947,2314,0,NULL,NULL),(4138,1948,2315,0,NULL,NULL),(4139,1949,2315,0,NULL,NULL),(4140,1950,2315,0,NULL,NULL),(4141,1951,2316,0,NULL,NULL),(4142,1952,2316,0,NULL,NULL),(4143,1962,2317,0,NULL,NULL),(4144,1963,2317,0,NULL,NULL),(4145,1964,2318,0,NULL,NULL),(4146,1965,2318,0,NULL,NULL),(4147,2036,2319,0,NULL,NULL),(4148,1974,2320,0,NULL,NULL),(4149,1975,2320,0,NULL,NULL),(4150,1976,2320,0,NULL,NULL),(4151,1981,2321,0,NULL,NULL),(4152,1982,2321,0,NULL,NULL),(4153,1983,2322,0,NULL,NULL),(4154,1984,2322,0,NULL,NULL),(4155,1985,2323,0,NULL,NULL),(4156,1986,2323,0,NULL,NULL),(4157,1987,2324,0,NULL,NULL),(4158,1988,2324,0,NULL,NULL),(4159,2037,2325,0,NULL,NULL),(4160,2038,2325,0,NULL,NULL),(4161,1989,2326,0,NULL,NULL),(4162,1990,2326,0,NULL,NULL),(4163,2039,2327,0,NULL,NULL),(4164,2040,2327,0,NULL,NULL),(4165,2041,2328,0,NULL,NULL),(4166,2042,2328,0,NULL,NULL),(4167,1945,2329,0,NULL,NULL),(4168,1946,2329,0,NULL,NULL),(4169,1947,2329,0,NULL,NULL),(4170,1948,2330,0,NULL,NULL),(4171,1949,2330,0,NULL,NULL),(4172,1950,2330,0,NULL,NULL),(4173,1951,2331,0,NULL,NULL),(4174,1952,2331,0,NULL,NULL),(4175,1962,2332,0,NULL,NULL),(4176,1963,2332,0,NULL,NULL),(4177,1964,2333,0,NULL,NULL),(4178,1965,2333,0,NULL,NULL),(4179,1974,2334,0,NULL,NULL),(4180,1975,2334,0,NULL,NULL),(4181,1976,2334,0,NULL,NULL),(4182,1981,2335,0,NULL,NULL),(4183,1982,2335,0,NULL,NULL),(4184,1983,2336,0,NULL,NULL),(4185,1984,2336,0,NULL,NULL),(4186,1985,2337,0,NULL,NULL),(4187,1986,2337,0,NULL,NULL),(4188,1987,2338,0,NULL,NULL),(4189,1988,2338,0,NULL,NULL),(4190,1989,2339,0,NULL,NULL),(4191,1990,2339,0,NULL,NULL),(4192,1945,2340,0,NULL,NULL),(4193,1946,2340,0,NULL,NULL),(4194,1947,2340,0,NULL,NULL),(4195,1948,2341,0,NULL,NULL),(4196,1949,2341,0,NULL,NULL),(4197,1950,2341,0,NULL,NULL),(4198,1951,2342,0,NULL,NULL),(4199,1952,2342,0,NULL,NULL),(4200,1962,2343,0,NULL,NULL),(4201,1963,2343,0,NULL,NULL),(4202,1964,2344,0,NULL,NULL),(4203,1965,2344,0,NULL,NULL),(4204,2068,2345,0,NULL,NULL),(4205,2069,2345,0,NULL,NULL),(4206,2070,2346,0,NULL,NULL),(4207,2071,2346,0,NULL,NULL),(4208,1974,2347,0,NULL,NULL),(4209,1975,2347,0,NULL,NULL),(4210,1976,2347,0,NULL,NULL),(4211,1981,2348,0,NULL,NULL),(4212,1982,2348,0,NULL,NULL),(4213,1983,2349,0,NULL,NULL),(4214,1984,2349,0,NULL,NULL),(4215,1985,2350,0,NULL,NULL),(4216,1986,2350,0,NULL,NULL),(4217,1987,2351,0,NULL,NULL),(4218,1988,2351,0,NULL,NULL),(4219,1989,2352,0,NULL,NULL),(4220,1990,2352,0,NULL,NULL),(4221,2072,2353,0,NULL,NULL),(4222,2073,2353,0,NULL,NULL),(4223,2074,2354,0,NULL,NULL),(4224,1945,2355,0,NULL,NULL),(4225,1946,2355,0,NULL,NULL),(4226,1947,2355,0,NULL,NULL),(4227,1948,2356,0,NULL,NULL),(4228,1949,2356,0,NULL,NULL),(4229,1950,2356,0,NULL,NULL),(4230,1951,2357,0,NULL,NULL),(4231,1952,2357,0,NULL,NULL),(4232,1962,2358,0,NULL,NULL),(4233,1963,2358,0,NULL,NULL),(4234,1964,2359,0,NULL,NULL),(4235,1965,2359,0,NULL,NULL),(4236,1974,2360,0,NULL,NULL),(4237,1975,2360,0,NULL,NULL),(4238,1976,2360,0,NULL,NULL),(4239,1981,2361,0,NULL,NULL),(4240,1982,2361,0,NULL,NULL),(4241,1983,2362,0,NULL,NULL),(4242,1984,2362,0,NULL,NULL),(4243,1985,2363,0,NULL,NULL),(4244,1986,2363,0,NULL,NULL),(4245,1987,2364,0,NULL,NULL),(4246,1988,2364,0,NULL,NULL),(4247,1989,2365,0,NULL,NULL),(4248,1990,2365,0,NULL,NULL),(4249,1945,2366,0,NULL,NULL),(4250,1946,2366,0,NULL,NULL),(4251,1947,2366,0,NULL,NULL),(4252,1948,2367,0,NULL,NULL),(4253,1949,2367,0,NULL,NULL),(4254,1950,2367,0,NULL,NULL),(4255,1951,2368,0,NULL,NULL),(4256,1952,2368,0,NULL,NULL),(4257,1962,2369,0,NULL,NULL),(4258,1963,2369,0,NULL,NULL),(4259,1964,2370,0,NULL,NULL),(4260,1965,2370,0,NULL,NULL),(4261,1974,2371,0,NULL,NULL),(4262,1975,2371,0,NULL,NULL),(4263,1976,2371,0,NULL,NULL),(4264,1981,2372,0,NULL,NULL),(4265,1982,2372,0,NULL,NULL),(4266,1983,2373,0,NULL,NULL),(4267,1984,2373,0,NULL,NULL),(4268,1985,2374,0,NULL,NULL),(4269,1986,2374,0,NULL,NULL),(4270,1987,2375,0,NULL,NULL),(4271,1988,2375,0,NULL,NULL),(4272,1989,2376,0,NULL,NULL),(4273,1990,2376,0,NULL,NULL),(4274,1945,2377,0,NULL,NULL),(4275,1946,2377,0,NULL,NULL),(4276,1947,2377,0,NULL,NULL),(4277,1948,2378,0,NULL,NULL),(4278,1949,2378,0,NULL,NULL),(4279,1950,2378,0,NULL,NULL),(4280,1951,2379,0,NULL,NULL),(4281,1952,2379,0,NULL,NULL),(4282,1962,2380,0,NULL,NULL),(4283,1963,2380,0,NULL,NULL),(4284,1964,2381,0,NULL,NULL),(4285,1965,2381,0,NULL,NULL),(4286,1974,2382,0,NULL,NULL),(4287,1975,2382,0,NULL,NULL),(4288,1976,2382,0,NULL,NULL),(4289,1981,2383,0,NULL,NULL),(4290,1982,2383,0,NULL,NULL),(4291,1983,2384,0,NULL,NULL),(4292,1984,2384,0,NULL,NULL),(4293,1985,2385,0,NULL,NULL),(4294,1986,2385,0,NULL,NULL),(4295,1987,2386,0,NULL,NULL),(4296,1988,2386,0,NULL,NULL),(4297,1989,2387,0,NULL,NULL),(4298,1990,2387,0,NULL,NULL),(4299,1945,2388,0,NULL,NULL),(4300,1946,2388,0,NULL,NULL),(4301,1947,2388,0,NULL,NULL),(4302,1948,2389,0,NULL,NULL),(4303,1949,2389,0,NULL,NULL),(4304,1950,2389,0,NULL,NULL),(4305,1951,2390,0,NULL,NULL),(4306,1952,2390,0,NULL,NULL),(4307,1962,2391,0,NULL,NULL),(4308,1963,2391,0,NULL,NULL),(4309,1964,2392,0,NULL,NULL),(4310,1965,2392,0,NULL,NULL),(4311,1974,2393,0,NULL,NULL),(4312,1975,2393,0,NULL,NULL),(4313,1976,2393,0,NULL,NULL),(4314,1981,2394,0,NULL,NULL),(4315,1982,2394,0,NULL,NULL),(4316,1983,2395,0,NULL,NULL),(4317,1984,2395,0,NULL,NULL),(4318,1985,2396,0,NULL,NULL),(4319,1986,2396,0,NULL,NULL),(4320,1987,2397,0,NULL,NULL),(4321,1988,2397,0,NULL,NULL),(4322,1989,2398,0,NULL,NULL),(4323,1990,2398,0,NULL,NULL),(4324,1945,2399,0,NULL,NULL),(4325,1946,2399,0,NULL,NULL),(4326,1947,2399,0,NULL,NULL),(4327,1948,2400,0,NULL,NULL),(4328,1949,2400,0,NULL,NULL),(4329,1950,2400,0,NULL,NULL),(4330,1951,2401,0,NULL,NULL),(4331,1952,2401,0,NULL,NULL),(4332,1962,2402,0,NULL,NULL),(4333,1963,2402,0,NULL,NULL),(4334,1964,2403,0,NULL,NULL),(4335,1965,2403,0,NULL,NULL),(4336,1974,2404,0,NULL,NULL),(4337,1975,2404,0,NULL,NULL),(4338,1976,2404,0,NULL,NULL),(4339,1981,2405,0,NULL,NULL),(4340,1982,2405,0,NULL,NULL),(4341,1983,2406,0,NULL,NULL),(4342,1984,2406,0,NULL,NULL),(4343,1985,2407,0,NULL,NULL),(4344,1986,2407,0,NULL,NULL),(4345,1987,2408,0,NULL,NULL),(4346,1988,2408,0,NULL,NULL),(4347,1989,2409,0,NULL,NULL),(4348,1990,2409,0,NULL,NULL),(4349,1945,2410,0,NULL,NULL),(4350,1946,2410,0,NULL,NULL),(4351,1947,2410,0,NULL,NULL),(4352,1948,2411,0,NULL,NULL),(4353,1949,2411,0,NULL,NULL),(4354,1950,2411,0,NULL,NULL),(4355,1951,2412,0,NULL,NULL),(4356,1952,2412,0,NULL,NULL),(4357,1962,2413,0,NULL,NULL),(4358,1963,2413,0,NULL,NULL),(4359,1964,2414,0,NULL,NULL),(4360,1965,2414,0,NULL,NULL),(4361,1974,2415,0,NULL,NULL),(4362,1975,2415,0,NULL,NULL),(4363,1976,2415,0,NULL,NULL),(4364,1981,2416,0,NULL,NULL),(4365,1982,2416,0,NULL,NULL),(4366,1983,2417,0,NULL,NULL),(4367,1984,2417,0,NULL,NULL),(4368,1985,2418,0,NULL,NULL),(4369,1986,2418,0,NULL,NULL),(4370,1987,2419,0,NULL,NULL),(4371,1988,2419,0,NULL,NULL),(4372,1989,2420,0,NULL,NULL),(4373,1990,2420,0,NULL,NULL),(4374,1945,2421,0,NULL,NULL),(4375,1946,2421,0,NULL,NULL),(4376,1947,2421,0,NULL,NULL),(4377,1948,2422,0,NULL,NULL),(4378,1949,2422,0,NULL,NULL),(4379,1950,2422,0,NULL,NULL),(4380,1951,2423,0,NULL,NULL),(4381,1952,2423,0,NULL,NULL),(4382,1962,2424,0,NULL,NULL),(4383,1963,2424,0,NULL,NULL),(4384,1964,2425,0,NULL,NULL),(4385,1965,2425,0,NULL,NULL),(4386,1974,2426,0,NULL,NULL),(4387,1975,2426,0,NULL,NULL),(4388,1976,2426,0,NULL,NULL),(4389,1981,2427,0,NULL,NULL),(4390,1982,2427,0,NULL,NULL),(4391,1983,2428,0,NULL,NULL),(4392,1984,2428,0,NULL,NULL),(4393,1985,2429,0,NULL,NULL),(4394,1986,2429,0,NULL,NULL),(4395,1987,2430,0,NULL,NULL),(4396,1988,2430,0,NULL,NULL),(4397,1989,2431,0,NULL,NULL),(4398,1990,2431,0,NULL,NULL),(4399,1945,2432,0,NULL,NULL),(4400,1946,2432,0,NULL,NULL),(4401,1947,2432,0,NULL,NULL),(4402,1948,2433,0,NULL,NULL),(4403,1949,2433,0,NULL,NULL),(4404,1950,2433,0,NULL,NULL),(4405,1951,2434,0,NULL,NULL),(4406,1952,2434,0,NULL,NULL),(4407,2002,2435,0,NULL,NULL),(4408,2003,2435,0,NULL,NULL),(4409,1962,2436,0,NULL,NULL),(4410,1963,2436,0,NULL,NULL),(4411,1964,2437,0,NULL,NULL),(4412,1965,2437,0,NULL,NULL),(4413,2004,2438,0,NULL,NULL),(4414,2005,2438,0,NULL,NULL),(4415,1974,2439,0,NULL,NULL),(4416,1975,2439,0,NULL,NULL),(4417,1976,2439,0,NULL,NULL),(4418,1981,2440,0,NULL,NULL),(4419,1982,2440,0,NULL,NULL),(4420,1983,2441,0,NULL,NULL),(4421,1984,2441,0,NULL,NULL),(4422,1985,2442,0,NULL,NULL),(4423,1986,2442,0,NULL,NULL),(4424,1987,2443,0,NULL,NULL),(4425,1988,2443,0,NULL,NULL),(4426,1989,2444,0,NULL,NULL),(4427,1990,2444,0,NULL,NULL),(4428,2006,2445,0,NULL,NULL),(4429,2007,2445,0,NULL,NULL),(4430,2008,2446,0,NULL,NULL),(4431,2009,2446,0,NULL,NULL),(4432,1945,2447,0,NULL,NULL),(4433,1946,2447,0,NULL,NULL),(4434,1947,2447,0,NULL,NULL),(4435,1948,2448,0,NULL,NULL),(4436,1949,2448,0,NULL,NULL),(4437,1950,2448,0,NULL,NULL),(4438,2012,2449,0,NULL,NULL),(4439,2013,2449,0,NULL,NULL),(4440,2014,2449,0,NULL,NULL),(4441,1951,2450,0,NULL,NULL),(4442,1952,2450,0,NULL,NULL),(4443,2015,2451,0,NULL,NULL),(4444,2016,2451,0,NULL,NULL),(4445,2017,2452,0,NULL,NULL),(4446,2018,2452,0,NULL,NULL),(4447,1962,2453,0,NULL,NULL),(4448,1963,2453,0,NULL,NULL),(4449,1964,2454,0,NULL,NULL),(4450,1965,2454,0,NULL,NULL),(4451,1974,2455,0,NULL,NULL),(4452,1975,2455,0,NULL,NULL),(4453,1976,2455,0,NULL,NULL),(4454,2019,2456,0,NULL,NULL),(4455,2020,2456,0,NULL,NULL),(4456,2021,2457,0,NULL,NULL),(4457,2022,2457,0,NULL,NULL),(4458,2023,2458,0,NULL,NULL),(4459,2024,2458,0,NULL,NULL),(4460,2025,2459,0,NULL,NULL),(4461,2026,2459,0,NULL,NULL),(4462,1981,2460,0,NULL,NULL),(4463,1982,2460,0,NULL,NULL),(4464,1983,2461,0,NULL,NULL),(4465,1984,2461,0,NULL,NULL),(4466,1985,2462,0,NULL,NULL),(4467,1986,2462,0,NULL,NULL),(4468,1987,2463,0,NULL,NULL),(4469,1988,2463,0,NULL,NULL),(4470,1989,2464,0,NULL,NULL),(4471,1990,2464,0,NULL,NULL),(4472,2027,2465,0,NULL,NULL),(4473,2028,2466,0,NULL,NULL),(4474,2029,2466,0,NULL,NULL),(4475,2030,2467,0,NULL,NULL),(4476,2031,2467,0,NULL,NULL),(4477,2032,2468,0,NULL,NULL),(4478,2033,2468,0,NULL,NULL),(4479,2034,2469,0,NULL,NULL),(4480,2035,2469,0,NULL,NULL),(4481,1945,2470,0,NULL,NULL),(4482,1946,2470,0,NULL,NULL),(4483,1947,2470,0,NULL,NULL),(4484,1948,2471,0,NULL,NULL),(4485,1949,2471,0,NULL,NULL),(4486,1950,2471,0,NULL,NULL),(4487,1951,2472,0,NULL,NULL),(4488,1952,2472,0,NULL,NULL),(4489,2122,2473,0,NULL,NULL),(4490,2123,2473,0,NULL,NULL),(4491,2124,2474,0,NULL,NULL),(4492,2125,2474,0,NULL,NULL),(4493,2126,2475,0,NULL,NULL),(4494,2127,2475,0,NULL,NULL),(4495,2128,2476,0,NULL,NULL),(4496,2129,2476,0,NULL,NULL),(4497,1962,2477,0,NULL,NULL),(4498,1963,2477,0,NULL,NULL),(4499,1964,2478,0,NULL,NULL),(4500,1965,2478,0,NULL,NULL),(4501,2130,2479,0,NULL,NULL),(4502,2131,2479,0,NULL,NULL),(4503,2132,2480,0,NULL,NULL),(4504,2133,2481,0,NULL,NULL),(4505,2134,2481,0,NULL,NULL),(4506,2135,2481,0,NULL,NULL),(4507,1974,2482,0,NULL,NULL),(4508,1975,2482,0,NULL,NULL),(4509,1976,2482,0,NULL,NULL),(4510,2136,2483,0,NULL,NULL),(4511,2137,2483,0,NULL,NULL),(4512,2138,2484,0,NULL,NULL),(4513,2139,2484,0,NULL,NULL),(4514,1981,2485,0,NULL,NULL),(4515,1982,2485,0,NULL,NULL),(4516,1983,2486,0,NULL,NULL),(4517,1984,2486,0,NULL,NULL),(4518,1985,2487,0,NULL,NULL),(4519,1986,2487,0,NULL,NULL),(4520,1987,2488,0,NULL,NULL),(4521,1988,2488,0,NULL,NULL),(4522,1989,2489,0,NULL,NULL),(4523,1990,2489,0,NULL,NULL),(4524,2140,2490,0,NULL,NULL),(4525,2141,2490,0,NULL,NULL),(4526,2142,2491,0,NULL,NULL),(4527,2143,2491,0,NULL,NULL),(4528,2144,2492,0,NULL,NULL),(4529,2145,2492,0,NULL,NULL),(4530,1945,2493,0,NULL,NULL),(4531,1946,2493,0,NULL,NULL),(4532,1947,2493,0,NULL,NULL),(4533,1948,2494,0,NULL,NULL),(4534,1949,2494,0,NULL,NULL),(4535,1950,2494,0,NULL,NULL),(4536,1951,2495,0,NULL,NULL),(4537,1952,2495,0,NULL,NULL),(4538,1962,2496,0,NULL,NULL),(4539,1963,2496,0,NULL,NULL),(4540,1964,2497,0,NULL,NULL),(4541,1965,2497,0,NULL,NULL),(4542,1974,2498,0,NULL,NULL),(4543,1975,2498,0,NULL,NULL),(4544,1976,2498,0,NULL,NULL),(4545,1981,2499,0,NULL,NULL),(4546,1982,2499,0,NULL,NULL),(4547,1983,2500,0,NULL,NULL),(4548,1984,2500,0,NULL,NULL),(4549,1985,2501,0,NULL,NULL),(4550,1986,2501,0,NULL,NULL),(4551,1987,2502,0,NULL,NULL),(4552,1988,2502,0,NULL,NULL),(4553,1989,2503,0,NULL,NULL),(4554,1990,2503,0,NULL,NULL),(4555,2081,2504,0,NULL,NULL),(4556,2082,2504,0,NULL,NULL),(4557,2083,2504,0,NULL,NULL),(4558,2043,2505,0,NULL,NULL),(4559,2044,2505,0,NULL,NULL),(4560,2045,2505,0,NULL,NULL),(4561,2046,2506,0,NULL,NULL),(4562,2047,2506,0,NULL,NULL),(4563,2048,2507,0,NULL,NULL),(4564,2049,2507,0,NULL,NULL),(4565,2050,2508,0,NULL,NULL),(4566,2051,2508,0,NULL,NULL),(4567,2052,2509,0,NULL,NULL),(4568,2053,2509,0,NULL,NULL),(4569,2054,2510,0,NULL,NULL),(4570,2055,2510,0,NULL,NULL),(4571,2056,2511,0,NULL,NULL),(4572,2057,2511,0,NULL,NULL),(4573,2058,2512,0,NULL,NULL),(4574,2059,2512,0,NULL,NULL),(4575,2060,2513,0,NULL,NULL),(4576,2061,2513,0,NULL,NULL),(4577,2062,2514,0,NULL,NULL),(4578,2063,2514,0,NULL,NULL),(4579,2064,2515,0,NULL,NULL),(4580,2065,2515,0,NULL,NULL),(4581,2066,2516,0,NULL,NULL),(4582,2067,2516,0,NULL,NULL),(4583,2090,2517,0,NULL,NULL),(4584,2091,2517,0,NULL,NULL),(4585,2092,2517,0,NULL,NULL),(4586,2093,2518,0,NULL,NULL),(4587,2094,2518,0,NULL,NULL),(4588,2095,2519,0,NULL,NULL),(4589,2096,2519,0,NULL,NULL),(4590,2097,2520,0,NULL,NULL),(4591,2098,2520,0,NULL,NULL),(4592,2099,2521,0,NULL,NULL),(4593,2100,2521,0,NULL,NULL),(4594,2101,2522,0,NULL,NULL),(4595,2102,2522,0,NULL,NULL),(4596,2103,2523,0,NULL,NULL),(4597,2104,2523,0,NULL,NULL),(4598,2105,2524,0,NULL,NULL),(4599,2106,2524,0,NULL,NULL),(4600,2107,2525,0,NULL,NULL),(4601,2108,2525,0,NULL,NULL),(4602,2109,2526,0,NULL,NULL),(4603,2110,2526,0,NULL,NULL),(4604,2111,2527,0,NULL,NULL),(4605,2112,2527,0,NULL,NULL),(4606,2113,2528,0,NULL,NULL),(4607,2114,2528,0,NULL,NULL),(4608,2010,2529,0,NULL,NULL),(4609,2011,2529,0,NULL,NULL),(4610,2068,2530,0,NULL,NULL),(4611,2069,2530,0,NULL,NULL),(4612,2070,2531,0,NULL,NULL),(4613,2071,2531,0,NULL,NULL),(4614,2072,2532,0,NULL,NULL),(4615,2073,2532,0,NULL,NULL),(4616,2074,2533,0,NULL,NULL),(4617,2002,2534,0,NULL,NULL),(4618,2003,2534,0,NULL,NULL),(4619,2004,2535,0,NULL,NULL),(4620,2005,2535,0,NULL,NULL),(4621,2006,2536,0,NULL,NULL),(4622,2007,2536,0,NULL,NULL),(4623,2008,2537,0,NULL,NULL),(4624,2009,2537,0,NULL,NULL),(4625,2084,2538,0,NULL,NULL),(4626,2085,2538,0,NULL,NULL),(4627,2086,2539,0,NULL,NULL),(4628,2087,2539,0,NULL,NULL),(4629,2088,2540,0,NULL,NULL),(4630,2089,2540,0,NULL,NULL),(4631,1995,2541,0,NULL,NULL),(4632,1996,2541,0,NULL,NULL),(4633,1997,2542,0,NULL,NULL),(4634,1998,2542,0,NULL,NULL),(4635,1999,2543,0,NULL,NULL),(4636,2000,2543,0,NULL,NULL),(4637,2001,2544,0,NULL,NULL),(4638,2036,2545,0,NULL,NULL),(4639,2037,2546,0,NULL,NULL),(4640,2038,2546,0,NULL,NULL),(4641,2039,2547,0,NULL,NULL),(4642,2040,2547,0,NULL,NULL),(4643,2041,2548,0,NULL,NULL),(4644,2042,2548,0,NULL,NULL),(4645,2075,2549,0,NULL,NULL),(4646,2076,2549,0,NULL,NULL),(4647,2077,2550,0,NULL,NULL),(4648,2078,2550,0,NULL,NULL),(4649,2079,2551,0,NULL,NULL),(4650,2080,2551,0,NULL,NULL),(4651,2115,2552,0,NULL,NULL),(4652,2116,2552,0,NULL,NULL),(4653,2117,2553,0,NULL,NULL),(4654,2118,2553,0,NULL,NULL),(4655,2119,2554,0,NULL,NULL),(4656,2120,2555,0,NULL,NULL),(4657,2121,2555,0,NULL,NULL),(4658,2012,2556,0,NULL,NULL),(4659,2013,2556,0,NULL,NULL),(4660,2014,2556,0,NULL,NULL),(4661,2015,2557,0,NULL,NULL),(4662,2016,2557,0,NULL,NULL),(4663,2017,2558,0,NULL,NULL),(4664,2018,2558,0,NULL,NULL),(4665,2019,2559,0,NULL,NULL),(4666,2020,2559,0,NULL,NULL),(4667,2021,2560,0,NULL,NULL),(4668,2022,2560,0,NULL,NULL),(4669,2023,2561,0,NULL,NULL),(4670,2024,2561,0,NULL,NULL),(4671,2025,2562,0,NULL,NULL),(4672,2026,2562,0,NULL,NULL),(4673,2027,2563,0,NULL,NULL),(4674,2028,2564,0,NULL,NULL),(4675,2029,2564,0,NULL,NULL),(4676,2030,2565,0,NULL,NULL),(4677,2031,2565,0,NULL,NULL),(4678,2032,2566,0,NULL,NULL),(4679,2033,2566,0,NULL,NULL),(4680,2034,2567,0,NULL,NULL),(4681,2035,2567,0,NULL,NULL),(4682,2122,2568,0,NULL,NULL),(4683,2123,2568,0,NULL,NULL),(4684,2124,2569,0,NULL,NULL),(4685,2125,2569,0,NULL,NULL),(4686,2126,2570,0,NULL,NULL),(4687,2127,2570,0,NULL,NULL),(4688,2128,2571,0,NULL,NULL),(4689,2129,2571,0,NULL,NULL),(4690,2130,2572,0,NULL,NULL),(4691,2131,2572,0,NULL,NULL),(4692,2132,2573,0,NULL,NULL),(4693,2133,2574,0,NULL,NULL),(4694,2134,2574,0,NULL,NULL),(4695,2135,2574,0,NULL,NULL),(4696,2136,2575,0,NULL,NULL),(4697,2137,2575,0,NULL,NULL),(4698,2138,2576,0,NULL,NULL),(4699,2139,2576,0,NULL,NULL),(4700,2140,2577,0,NULL,NULL),(4701,2141,2577,0,NULL,NULL),(4702,2142,2578,0,NULL,NULL),(4703,2143,2578,0,NULL,NULL),(4704,2144,2579,0,NULL,NULL),(4705,2145,2579,0,NULL,NULL),(4706,2146,2580,0,NULL,NULL),(4707,2147,2580,0,NULL,NULL),(4708,2148,2580,0,NULL,NULL),(4709,1953,2581,0,NULL,NULL),(4712,1956,2582,0,NULL,NULL),(4713,1957,2582,0,NULL,NULL),(4714,1958,2583,0,NULL,NULL),(4715,1959,2583,0,NULL,NULL),(4716,1960,2584,0,NULL,NULL),(4717,1961,2584,0,NULL,NULL),(4718,1966,2585,0,NULL,NULL),(4719,1967,2585,0,NULL,NULL),(4720,1968,2586,0,NULL,NULL),(4721,1969,2586,0,NULL,NULL),(4722,1970,2587,0,NULL,NULL),(4723,1971,2587,0,NULL,NULL),(4724,1972,2588,0,NULL,NULL),(4725,1973,2588,0,NULL,NULL),(4726,1977,2589,0,NULL,NULL),(4727,1978,2589,0,NULL,NULL),(4728,1979,2590,0,NULL,NULL),(4729,1980,2590,0,NULL,NULL),(4730,1991,2591,0,NULL,NULL),(4731,1992,2591,0,NULL,NULL),(4732,1993,2592,0,NULL,NULL),(4733,1994,2592,0,NULL,NULL),(4734,2151,2291,0,NULL,NULL),(4735,2152,2291,0,NULL,NULL),(4736,1788,157,0,NULL,NULL),(4737,1787,158,0,NULL,NULL),(4738,1789,159,0,NULL,NULL),(4739,1790,160,0,NULL,NULL),(4740,1791,161,0,NULL,NULL),(4741,1792,162,0,NULL,NULL),(4742,1793,163,0,NULL,NULL),(4743,1794,164,0,NULL,NULL),(4744,1795,165,0,NULL,NULL),(4745,1796,166,0,NULL,NULL),(4746,1797,167,0,NULL,NULL),(4747,1798,168,0,NULL,NULL),(4748,1799,169,0,NULL,NULL),(4749,1800,170,0,NULL,NULL),(4750,1801,171,0,NULL,NULL),(4751,1802,172,0,NULL,NULL),(4752,1803,173,0,NULL,NULL),(4753,1804,174,0,NULL,NULL),(4754,1805,175,0,NULL,NULL),(4755,1806,176,0,NULL,NULL),(4756,1807,177,0,NULL,NULL),(4757,1808,178,0,NULL,NULL),(4758,1809,179,0,NULL,NULL),(4759,1810,180,0,NULL,NULL),(4760,1811,181,0,NULL,NULL),(4761,1812,182,0,NULL,NULL),(4762,1813,183,0,NULL,NULL),(4763,1814,184,0,NULL,NULL),(4764,1815,185,0,NULL,NULL),(4765,1816,186,0,NULL,NULL),(4766,1817,187,0,NULL,NULL),(4767,1818,188,0,NULL,NULL),(4768,1819,189,0,NULL,NULL),(4769,1820,190,0,NULL,NULL),(4770,1821,191,0,NULL,NULL),(4771,1822,192,0,NULL,NULL),(4772,1823,193,0,NULL,NULL),(4773,1824,194,0,NULL,NULL),(4774,1825,195,0,NULL,NULL),(4775,1826,196,0,NULL,NULL),(4776,1827,197,0,NULL,NULL),(4777,1828,198,0,NULL,NULL),(4778,1829,199,0,NULL,NULL),(4779,1830,200,0,NULL,NULL),(4780,1831,201,0,NULL,NULL),(4781,1832,202,0,NULL,NULL),(4782,1833,203,0,NULL,NULL),(4783,1834,204,0,NULL,NULL),(4784,1835,205,0,NULL,NULL),(4785,1836,206,0,NULL,NULL),(4786,1837,207,0,NULL,NULL),(4787,1838,208,0,NULL,NULL),(4788,1839,209,0,NULL,NULL),(4789,1840,210,0,NULL,NULL),(4790,1841,211,0,NULL,NULL),(4791,1842,212,0,NULL,NULL),(4792,1843,213,0,NULL,NULL),(4793,1844,214,0,NULL,NULL),(4794,1845,215,0,NULL,NULL),(4795,1846,216,0,NULL,NULL),(4796,1847,217,0,NULL,NULL),(4797,1848,218,0,NULL,NULL),(4798,1849,219,0,NULL,NULL),(4799,1850,220,0,NULL,NULL),(4800,1851,221,0,NULL,NULL),(4801,1852,222,0,NULL,NULL),(4802,1853,223,0,NULL,NULL),(4803,1854,224,0,NULL,NULL),(4804,1855,225,0,NULL,NULL),(4805,1856,226,0,NULL,NULL),(4806,1857,227,0,NULL,NULL),(4807,1858,228,0,NULL,NULL),(4808,1859,229,0,NULL,NULL),(4809,1860,230,0,NULL,NULL),(4810,1861,231,0,NULL,NULL),(4811,1862,232,0,NULL,NULL),(4812,1863,233,0,NULL,NULL),(4813,1864,234,0,NULL,NULL),(4814,1865,235,0,NULL,NULL),(4815,1866,236,0,NULL,NULL),(4816,1867,237,0,NULL,NULL),(4817,1868,238,0,NULL,NULL),(4818,1869,239,0,NULL,NULL),(4819,1870,240,0,NULL,NULL),(4820,1871,241,0,NULL,NULL),(4821,1872,242,0,NULL,NULL),(4822,1873,243,0,NULL,NULL),(4823,1874,244,0,NULL,NULL),(4824,1875,245,0,NULL,NULL),(4825,1876,246,0,NULL,NULL),(4826,1877,247,0,NULL,NULL),(4827,1878,248,0,NULL,NULL),(4828,1879,249,0,NULL,NULL),(4829,1880,250,0,NULL,NULL),(4830,1881,251,0,NULL,NULL),(4831,1882,252,0,NULL,NULL),(4832,1883,253,0,NULL,NULL),(4833,1884,254,0,NULL,NULL),(4834,1885,255,0,NULL,NULL),(4835,1886,256,0,NULL,NULL),(4836,1887,257,0,NULL,NULL),(4837,1888,258,0,NULL,NULL),(4838,1889,259,0,NULL,NULL),(4839,1890,260,0,NULL,NULL),(4840,1891,261,0,NULL,NULL),(4841,1892,262,0,NULL,NULL),(4842,1893,263,0,NULL,NULL),(4843,1894,264,0,NULL,NULL),(4844,1895,265,0,NULL,NULL),(4845,1896,266,0,NULL,NULL),(4846,1897,267,0,NULL,NULL),(4847,1898,268,0,NULL,NULL),(4848,1899,269,0,NULL,NULL),(4849,1900,270,0,NULL,NULL),(4850,1901,271,0,NULL,NULL),(4851,1902,272,0,NULL,NULL),(4852,1903,273,0,NULL,NULL),(4853,1904,274,0,NULL,NULL),(4854,1905,275,0,NULL,NULL),(4855,1906,276,0,NULL,NULL),(4856,1907,277,0,NULL,NULL),(4857,1908,278,0,NULL,NULL),(4858,1909,279,0,NULL,NULL),(4859,1910,280,0,NULL,NULL),(4860,1911,281,0,NULL,NULL),(4861,1912,282,0,NULL,NULL),(4862,1913,283,0,NULL,NULL),(4863,1914,284,0,NULL,NULL),(4864,1915,285,0,NULL,NULL),(4865,1842,355,0,NULL,NULL),(4866,1843,356,0,NULL,NULL),(4867,1844,357,0,NULL,NULL),(4868,1845,358,0,NULL,NULL),(4869,1846,359,0,NULL,NULL),(4870,1847,360,0,NULL,NULL),(4871,1848,361,0,NULL,NULL),(4872,1849,362,0,NULL,NULL),(4873,1850,363,0,NULL,NULL),(4874,1851,364,0,NULL,NULL),(4875,1852,365,0,NULL,NULL),(4876,1853,366,0,NULL,NULL),(4877,1854,367,0,NULL,NULL),(4878,1855,368,0,NULL,NULL),(4879,1922,369,0,NULL,NULL),(4880,1923,370,0,NULL,NULL),(4881,1924,371,0,NULL,NULL),(4882,1859,372,0,NULL,NULL),(4883,1860,373,0,NULL,NULL),(4884,1861,374,0,NULL,NULL),(4885,1862,375,0,NULL,NULL),(4886,1863,376,0,NULL,NULL),(4887,1864,377,0,NULL,NULL),(4888,1865,378,0,NULL,NULL),(4889,1867,380,0,NULL,NULL),(4890,1868,381,0,NULL,NULL),(4891,1869,382,0,NULL,NULL),(4892,1870,383,0,NULL,NULL),(4893,1871,384,0,NULL,NULL),(4894,1872,385,0,NULL,NULL),(4895,1873,386,0,NULL,NULL),(4896,1874,387,0,NULL,NULL),(4897,1875,388,0,NULL,NULL),(4898,1876,389,0,NULL,NULL),(4899,1877,390,0,NULL,NULL),(4900,1878,391,0,NULL,NULL),(4901,1879,392,0,NULL,NULL),(4902,1880,393,0,NULL,NULL),(4903,2151,2581,0,NULL,NULL),(4904,2152,2581,0,NULL,NULL),(4906,2155,146,0,NULL,NULL),(4907,2157,147,0,NULL,NULL),(4908,2161,148,0,NULL,NULL),(4909,2162,149,0,NULL,NULL),(4910,2158,150,0,NULL,NULL),(4911,2154,288,0,NULL,NULL),(4912,2156,289,0,NULL,NULL),(4913,2165,2593,0,NULL,NULL),(4914,2166,2593,0,NULL,NULL),(4915,2167,2594,0,NULL,NULL),(4916,2168,2595,0,NULL,NULL),(4917,2169,2595,0,NULL,NULL),(4918,2170,2596,0,NULL,NULL),(4919,2171,2596,0,NULL,NULL),(4920,2172,2597,0,NULL,NULL),(4921,2173,2597,0,NULL,NULL),(4922,2174,2598,0,NULL,NULL),(4923,2175,2598,0,NULL,NULL),(4924,2176,2599,0,NULL,NULL),(4925,2177,2599,0,NULL,NULL),(4926,2178,2600,0,NULL,NULL),(4927,2179,2600,0,NULL,NULL),(4928,2182,2601,0,NULL,NULL),(4929,2183,2601,0,NULL,NULL),(4930,2180,2602,0,NULL,NULL),(4931,2181,2602,0,NULL,NULL),(4932,2184,2603,0,NULL,NULL),(4933,2185,2603,0,NULL,NULL),(4934,2186,2604,0,NULL,NULL),(4935,2187,2604,0,NULL,NULL),(4936,2188,2605,0,NULL,NULL),(4937,2189,2605,0,NULL,NULL),(4938,2190,2606,0,NULL,NULL),(4939,2191,2606,0,NULL,NULL),(4940,2193,2607,0,NULL,NULL),(4941,2192,2607,0,NULL,NULL),(4942,2194,2608,0,NULL,NULL),(4943,2195,2608,0,NULL,NULL),(4944,2196,2609,0,NULL,NULL),(4945,2197,2609,0,NULL,NULL),(4946,2198,2610,0,NULL,NULL),(4947,2199,2610,0,NULL,NULL),(4948,2200,2611,0,NULL,NULL),(4949,2201,2611,0,NULL,NULL),(4950,2269,2593,0,NULL,NULL),(4951,2202,2612,0,NULL,NULL),(4952,2203,2612,0,NULL,NULL),(4955,2272,2615,0,NULL,NULL),(4957,2271,2614,0,NULL,NULL),(4958,2276,2616,0,NULL,NULL),(4959,2277,2616,0,NULL,NULL),(4960,2274,2617,0,NULL,NULL),(4961,2275,2617,0,NULL,NULL),(4962,2278,2618,0,NULL,NULL),(4963,2279,2619,0,NULL,NULL),(4964,2280,2620,0,NULL,NULL),(4965,2282,2621,0,NULL,NULL),(4966,2281,2622,0,NULL,NULL),(4967,2283,2623,0,NULL,NULL),(4968,2284,2624,0,NULL,NULL),(4969,2285,2625,0,NULL,NULL),(4971,2287,2626,0,NULL,NULL),(4972,2288,2628,0,NULL,NULL),(4973,2290,2629,0,NULL,NULL),(4975,2292,2630,0,NULL,NULL),(4976,2293,2631,0,NULL,NULL),(4977,2294,2631,0,NULL,NULL),(4978,2270,145,0,NULL,NULL),(4979,2295,146,0,NULL,NULL),(4980,2296,152,0,NULL,NULL),(4982,2297,145,0,NULL,NULL),(4984,2300,2632,0,NULL,NULL),(4993,2308,2641,0,NULL,NULL),(4994,2317,2641,0,NULL,NULL),(4995,2309,2642,0,NULL,NULL),(4996,2318,2642,0,NULL,NULL),(4997,2311,2643,0,NULL,NULL),(4998,2320,2643,0,NULL,NULL),(4999,2312,2644,0,NULL,NULL),(5000,2321,2644,0,NULL,NULL),(5001,2313,2645,0,NULL,NULL),(5002,2322,2645,0,NULL,NULL),(5003,2324,2646,0,NULL,NULL),(5004,2315,2646,0,NULL,NULL),(5005,2316,2647,0,NULL,NULL),(5006,2325,2647,0,NULL,NULL),(5007,2314,2648,0,NULL,NULL),(5008,2323,2648,0,NULL,NULL),(5009,2310,2649,0,NULL,NULL),(5010,2319,2649,0,NULL,NULL),(5011,2326,2632,0,NULL,NULL),(5012,1760,2651,0,NULL,NULL),(5013,1765,2652,0,NULL,NULL),(5014,1764,2652,0,NULL,NULL),(5015,1763,2652,0,NULL,NULL),(5017,2328,2654,0,NULL,NULL),(5018,2329,2655,0,NULL,NULL),(5019,2299,2632,0,NULL,NULL),(5022,2304,2635,0,NULL,NULL),(5023,2305,2636,0,NULL,NULL),(5024,2306,2637,0,NULL,NULL),(5025,2307,2638,0,NULL,NULL),(5026,2301,2639,0,NULL,NULL),(5027,2330,2640,0,NULL,NULL),(5028,2331,2640,0,NULL,NULL),(5029,2332,2656,0,NULL,NULL),(5030,2333,2656,0,NULL,NULL),(5031,2334,2655,0,NULL,NULL),(5032,2335,2655,0,NULL,NULL),(5033,2336,2655,0,NULL,NULL),(5034,2337,2655,0,NULL,NULL),(5037,2302,2633,0,NULL,NULL),(5038,2338,2634,0,NULL,NULL),(5039,2339,2634,0,NULL,NULL),(5040,2303,2634,0,NULL,NULL),(5041,2340,2634,0,NULL,NULL),(5042,2341,2656,0,NULL,NULL),(5043,2342,2656,0,NULL,NULL),(5044,2343,2657,0,NULL,NULL),(5045,2344,2658,0,NULL,NULL),(5046,2345,2659,0,NULL,NULL),(5047,2346,2660,0,NULL,NULL),(5048,2348,2662,0,NULL,NULL),(5049,2349,2663,0,NULL,NULL),(5050,2350,2664,0,NULL,NULL),(5051,2351,2665,0,NULL,NULL),(5052,2352,2666,0,NULL,NULL),(5053,2353,2667,0,NULL,NULL),(5054,2354,2668,0,NULL,NULL),(5055,2355,2669,0,NULL,NULL),(5056,2354,2670,0,NULL,NULL),(5057,2488,2671,0,NULL,NULL),(5058,2498,2671,0,NULL,NULL),(5059,2474,2672,0,NULL,NULL),(5060,2497,2672,0,NULL,NULL),(5061,2475,2673,0,NULL,NULL),(5062,2500,2673,0,NULL,NULL),(5063,2490,2674,0,NULL,NULL),(5064,2501,2674,0,NULL,NULL),(5065,2483,2675,0,NULL,NULL),(5066,2503,2675,0,NULL,NULL),(5067,2491,2676,0,NULL,NULL),(5068,2504,2676,0,NULL,NULL),(5069,2492,2677,0,NULL,NULL),(5070,2506,2677,0,NULL,NULL),(5071,2495,2678,0,NULL,NULL),(5072,2507,2678,0,NULL,NULL),(5073,2477,2679,0,NULL,NULL),(5074,2508,2679,0,NULL,NULL),(5075,2482,2680,0,NULL,NULL),(5076,2509,2680,0,NULL,NULL),(5077,2480,2681,0,NULL,NULL),(5078,2510,2681,0,NULL,NULL),(5079,2489,2682,0,NULL,NULL),(5080,2511,2682,0,NULL,NULL),(5081,2481,2683,0,NULL,NULL),(5082,2512,2683,0,NULL,NULL),(5083,2473,2684,0,NULL,NULL),(5084,2496,2684,0,NULL,NULL),(5085,2487,2685,0,NULL,NULL),(5086,2515,2685,0,NULL,NULL),(5087,2476,2686,0,NULL,NULL),(5088,2516,2686,0,NULL,NULL),(5089,2485,2687,0,NULL,NULL),(5090,2517,2687,0,NULL,NULL),(5091,2478,2688,0,NULL,NULL),(5092,2518,2688,0,NULL,NULL),(5093,2493,2689,0,NULL,NULL),(5094,2519,2689,0,NULL,NULL),(5095,2494,2690,0,NULL,NULL),(5096,2521,2690,0,NULL,NULL),(5097,2479,2691,0,NULL,NULL),(5098,2523,2691,0,NULL,NULL),(5099,2486,2692,0,NULL,NULL),(5100,2524,2692,0,NULL,NULL),(5101,2484,2693,0,NULL,NULL),(5102,2525,2693,0,NULL,NULL),(5103,2356,2694,0,NULL,NULL),(5104,2433,2694,0,NULL,NULL),(5105,2434,2694,0,NULL,NULL),(5106,2526,2694,0,NULL,NULL),(5107,2357,2695,0,NULL,NULL),(5108,2435,2695,0,NULL,NULL),(5109,2436,2695,0,NULL,NULL),(5110,2527,2695,0,NULL,NULL),(5111,2358,2696,0,NULL,NULL),(5112,2437,2696,0,NULL,NULL),(5113,2438,2696,0,NULL,NULL),(5114,2528,2696,0,NULL,NULL),(5115,2359,2697,0,NULL,NULL),(5116,2360,2698,0,NULL,NULL),(5117,2439,2698,0,NULL,NULL),(5118,2361,2699,0,NULL,NULL),(5119,2441,2699,0,NULL,NULL),(5120,2362,2700,0,NULL,NULL),(5121,2363,2701,0,NULL,NULL),(5122,2442,2701,0,NULL,NULL),(5123,2364,2702,0,NULL,NULL),(5124,2443,2702,0,NULL,NULL),(5125,2365,2703,0,NULL,NULL),(5126,2444,2703,0,NULL,NULL),(5127,2366,2704,0,NULL,NULL),(5128,2445,2704,0,NULL,NULL),(5129,2367,2705,0,NULL,NULL),(5130,2446,2705,0,NULL,NULL),(5131,2368,2706,0,NULL,NULL),(5132,2447,2706,0,NULL,NULL),(5133,2369,2707,0,NULL,NULL),(5134,2370,2708,0,NULL,NULL),(5135,2371,2709,0,NULL,NULL),(5136,2448,2709,0,NULL,NULL),(5137,2529,2709,0,NULL,NULL),(5138,2530,2709,0,NULL,NULL),(5139,2372,2710,0,NULL,NULL),(5140,2449,2710,0,NULL,NULL),(5141,2531,2710,0,NULL,NULL),(5142,2532,2710,0,NULL,NULL),(5143,2373,2711,0,NULL,NULL),(5144,2450,2711,0,NULL,NULL),(5145,2374,2712,0,NULL,NULL),(5146,2451,2712,0,NULL,NULL),(5147,2375,2713,0,NULL,NULL),(5148,2452,2713,0,NULL,NULL),(5149,2375,2714,0,NULL,NULL),(5150,2452,2714,0,NULL,NULL),(5151,2377,2715,0,NULL,NULL),(5152,2378,2716,0,NULL,NULL),(5153,2379,2717,0,NULL,NULL),(5154,2454,2717,0,NULL,NULL),(5155,2533,2717,0,NULL,NULL),(5156,2380,2718,0,NULL,NULL),(5157,2382,2720,0,NULL,NULL),(5158,2456,2720,0,NULL,NULL),(5159,2383,2721,0,NULL,NULL),(5160,2457,2721,0,NULL,NULL),(5161,2384,2722,0,NULL,NULL),(5162,2385,2723,0,NULL,NULL),(5163,2458,2723,0,NULL,NULL),(5164,2386,2724,0,NULL,NULL),(5165,2387,2725,0,NULL,NULL),(5166,2388,2726,0,NULL,NULL),(5167,2389,2727,0,NULL,NULL),(5168,2459,2727,0,NULL,NULL),(5169,2390,2728,0,NULL,NULL),(5170,2391,2729,0,NULL,NULL),(5171,2460,2729,0,NULL,NULL),(5172,2392,2730,0,NULL,NULL),(5173,2393,2731,0,NULL,NULL),(5174,2394,2732,0,NULL,NULL),(5175,2395,2733,0,NULL,NULL),(5176,2461,2733,0,NULL,NULL),(5177,2396,2734,0,NULL,NULL),(5178,2462,2734,0,NULL,NULL),(5179,2397,2735,0,NULL,NULL),(5180,2463,2735,0,NULL,NULL),(5181,2398,2736,0,NULL,NULL),(5182,2464,2736,0,NULL,NULL),(5183,2465,2736,0,NULL,NULL),(5184,2399,2737,0,NULL,NULL),(5185,2466,2737,0,NULL,NULL),(5186,2467,2737,0,NULL,NULL),(5187,2534,2738,0,NULL,NULL),(5188,2535,2739,0,NULL,NULL),(5189,2536,2740,0,NULL,NULL),(5190,2537,2741,0,NULL,NULL),(5191,2402,2657,0,NULL,NULL),(5192,2407,2657,0,NULL,NULL),(5193,2408,2657,0,NULL,NULL),(5194,2403,2658,0,NULL,NULL),(5195,2409,2658,0,NULL,NULL),(5196,2410,2658,0,NULL,NULL),(5197,2405,2660,0,NULL,NULL),(5198,2413,2660,0,NULL,NULL),(5199,2414,2660,0,NULL,NULL),(5200,2347,2661,0,NULL,NULL),(5201,2415,2661,0,NULL,NULL),(5202,2416,2661,0,NULL,NULL),(5203,2417,2662,0,NULL,NULL),(5204,2418,2662,0,NULL,NULL),(5205,2406,2663,0,NULL,NULL),(5206,2419,2663,0,NULL,NULL),(5207,2420,2663,0,NULL,NULL),(5208,2421,2664,0,NULL,NULL),(5209,2422,2664,0,NULL,NULL),(5210,2423,2665,0,NULL,NULL),(5211,2424,2665,0,NULL,NULL),(5212,2425,2666,0,NULL,NULL),(5213,2426,2666,0,NULL,NULL),(5214,2427,2667,0,NULL,NULL),(5215,2428,2667,0,NULL,NULL),(5216,2538,2741,0,NULL,NULL),(5217,2540,2742,0,NULL,NULL),(5218,2541,2743,0,NULL,NULL),(5219,2542,2695,0,NULL,NULL),(5220,2545,2711,0,NULL,NULL),(5221,2546,2712,0,NULL,NULL),(5222,2539,2744,0,NULL,NULL),(5223,2543,2696,0,NULL,NULL),(5224,2551,2745,0,NULL,NULL),(5225,2552,147,0,NULL,NULL),(5226,2553,2746,0,NULL,NULL),(5227,2333,2746,0,NULL,NULL),(5228,2555,2746,0,NULL,NULL),(5229,2556,2747,0,NULL,NULL),(5230,2557,2747,0,NULL,NULL),(5231,2558,2747,0,NULL,NULL),(5232,2559,2747,0,NULL,NULL),(5233,2608,2749,0,NULL,NULL),(5234,2609,2750,0,NULL,NULL),(5235,2610,2750,0,NULL,NULL),(5236,2611,2751,0,NULL,NULL),(5237,2612,2751,0,NULL,NULL),(5238,2613,2752,0,NULL,NULL),(5239,2614,2752,0,NULL,NULL),(5240,2615,2753,0,NULL,NULL),(5241,2616,2753,0,NULL,NULL),(5242,2617,2754,0,NULL,NULL),(5243,2618,2754,0,NULL,NULL),(5244,2619,2755,0,NULL,NULL),(5245,2620,2755,0,NULL,NULL),(5246,2621,2756,0,NULL,NULL),(5247,2622,2756,0,NULL,NULL),(5248,2623,2757,0,NULL,NULL),(5249,2624,2757,0,NULL,NULL),(5250,2625,2758,0,NULL,NULL),(5251,2626,2758,0,NULL,NULL),(5252,2627,2759,0,NULL,NULL),(5253,2628,2759,0,NULL,NULL),(5254,2629,2760,0,NULL,NULL),(5255,2630,2761,0,NULL,NULL),(5256,2631,2761,0,NULL,NULL),(5257,2632,2762,0,NULL,NULL),(5258,2633,2762,0,NULL,NULL),(5259,2634,2763,0,NULL,NULL),(5260,2635,2763,0,NULL,NULL),(5261,2636,2764,0,NULL,NULL),(5262,2637,2764,0,NULL,NULL),(5263,2638,2765,0,NULL,NULL),(5264,2639,2765,0,NULL,NULL),(5265,2640,2766,0,NULL,NULL),(5266,2641,2766,0,NULL,NULL),(5267,2642,2767,0,NULL,NULL),(5268,2643,2767,0,NULL,NULL),(5269,2644,2768,0,NULL,NULL),(5270,2645,2768,0,NULL,NULL),(5271,2646,2769,0,NULL,NULL),(5272,2647,2769,0,NULL,NULL),(5273,2648,2770,0,NULL,NULL),(5274,2649,2771,0,NULL,NULL),(5275,2650,2771,0,NULL,NULL),(5276,2606,2772,0,NULL,NULL),(5277,2607,2772,0,NULL,NULL),(5278,2655,2773,0,NULL,NULL),(5279,2656,2773,0,NULL,NULL),(5280,2657,2773,0,NULL,NULL),(5281,2658,2773,0,NULL,NULL),(5282,2652,2774,0,NULL,NULL),(5283,2653,2774,0,NULL,NULL),(5284,2654,2774,0,NULL,NULL),(5285,2651,2774,0,NULL,NULL),(5286,2661,2775,0,NULL,NULL),(5287,2662,2775,0,NULL,NULL),(5288,2659,2775,0,NULL,NULL),(5289,2660,2775,0,NULL,NULL),(5290,2666,2776,0,NULL,NULL),(5291,2663,2776,0,NULL,NULL),(5292,2664,2776,0,NULL,NULL),(5293,2665,2776,0,NULL,NULL),(5294,2655,2777,0,NULL,NULL),(5295,2656,2777,0,NULL,NULL),(5297,2658,2777,0,NULL,NULL),(5298,2652,2778,0,NULL,NULL),(5300,2654,2778,0,NULL,NULL),(5301,2651,2778,0,NULL,NULL),(5303,2662,2779,0,NULL,NULL),(5304,2659,2779,0,NULL,NULL),(5305,2660,2779,0,NULL,NULL),(5306,2666,2780,0,NULL,NULL),(5307,2663,2780,0,NULL,NULL),(5308,2664,2780,0,NULL,NULL),(5309,2665,2780,0,NULL,NULL),(5310,2670,2781,0,NULL,NULL),(5311,2673,2781,0,NULL,NULL),(5312,2677,2782,0,NULL,NULL),(5313,2674,2782,0,NULL,NULL),(5320,2686,2785,0,NULL,NULL),(5321,2687,2785,0,NULL,NULL),(5335,2702,2790,0,NULL,NULL),(5339,2712,2792,0,NULL,NULL),(5341,2715,2793,0,NULL,NULL),(5342,2717,2794,0,NULL,NULL),(5343,2718,2794,0,NULL,NULL),(5346,2721,2795,0,NULL,NULL),(5347,2722,2795,0,NULL,NULL),(5350,2726,2796,0,NULL,NULL),(5351,2729,2796,0,NULL,NULL),(5352,2725,2797,0,NULL,NULL),(5353,2730,2797,0,NULL,NULL),(5354,2655,2808,0,NULL,NULL),(5355,2656,2808,0,NULL,NULL),(5356,2657,2808,0,NULL,NULL),(5357,2658,2808,0,NULL,NULL),(5358,2651,2807,0,NULL,NULL),(5359,2652,2807,0,NULL,NULL),(5360,2653,2807,0,NULL,NULL),(5361,2654,2807,0,NULL,NULL),(5362,2661,2806,0,NULL,NULL),(5363,2662,2806,0,NULL,NULL),(5364,2659,2806,0,NULL,NULL),(5365,2660,2806,0,NULL,NULL),(5366,2735,2789,0,NULL,NULL),(5367,2736,2789,0,NULL,NULL),(5368,2737,2789,0,NULL,NULL),(5369,2738,2789,0,NULL,NULL),(5370,2739,2789,0,NULL,NULL),(5371,2740,2777,0,NULL,NULL),(5372,2741,2809,0,NULL,NULL),(5373,2742,2810,0,NULL,NULL),(5374,2743,2811,0,NULL,NULL),(5375,2744,2812,0,NULL,NULL),(5376,2745,2813,0,NULL,NULL),(5377,2746,2813,0,NULL,NULL),(5379,2748,2814,0,NULL,NULL),(5380,2286,145,0,NULL,NULL),(5381,1774,145,0,NULL,NULL),(5382,2153,145,0,NULL,NULL),(5383,2753,2816,0,NULL,NULL),(5385,2755,2817,0,NULL,NULL),(5386,2756,2817,0,NULL,NULL),(5387,2754,2816,0,NULL,NULL),(5388,2758,2818,0,NULL,NULL),(5389,2759,2819,0,NULL,NULL),(5390,2298,145,0,NULL,NULL),(5391,2270,2820,0,NULL,NULL),(5393,2298,2820,0,NULL,NULL),(5394,2153,2820,0,NULL,NULL),(5395,1774,2820,0,NULL,NULL),(5396,2295,2821,0,NULL,NULL),(5397,1775,2821,0,NULL,NULL),(5398,2155,2821,0,NULL,NULL),(5399,2296,2822,0,NULL,NULL),(5400,2163,2822,0,NULL,NULL),(5401,1781,2822,0,NULL,NULL),(5402,2667,2822,0,NULL,NULL),(5403,2760,2821,0,NULL,NULL),(5404,2749,2814,0,NULL,NULL),(5405,2747,2824,0,NULL,NULL),(5406,2751,2824,0,NULL,NULL),(5407,2752,2824,0,NULL,NULL),(5408,2762,2800,0,NULL,NULL),(5409,2761,2800,0,NULL,NULL),(5410,2763,2800,0,NULL,NULL),(5411,2764,2789,0,NULL,NULL),(5412,2701,2790,0,NULL,NULL),(5413,2711,2792,0,NULL,NULL),(5414,2714,2793,0,NULL,NULL),(5415,2765,2791,0,NULL,NULL),(5416,2766,2791,0,NULL,NULL),(5418,2769,2787,0,NULL,NULL),(5419,2770,2788,0,NULL,NULL),(5420,2771,2823,0,NULL,NULL),(5422,2768,2784,0,NULL,NULL),(5423,2767,2783,0,NULL,NULL),(5424,2731,2798,0,NULL,NULL),(5425,2733,2799,0,NULL,NULL),(5426,2734,2799,0,NULL,NULL),(5427,2732,2798,0,NULL,NULL),(5428,2772,2825,0,NULL,NULL),(5429,2773,2826,0,NULL,NULL),(5430,2774,2827,0,NULL,NULL),(5431,2775,2828,0,NULL,NULL),(5432,2776,2829,0,NULL,NULL),(5433,2777,2830,0,NULL,NULL),(5434,2778,2831,0,NULL,NULL),(5435,2779,2832,0,NULL,NULL),(5436,2780,2833,0,NULL,NULL),(5437,2781,2834,0,NULL,NULL),(5438,2782,2835,0,NULL,NULL),(5439,2783,2836,0,NULL,NULL),(5440,2784,2837,0,NULL,NULL),(5441,2785,2838,0,NULL,NULL),(5442,2786,2839,0,NULL,NULL),(5443,2787,2840,0,NULL,NULL),(5444,2788,2841,0,NULL,NULL),(5445,2789,2842,0,NULL,NULL),(5446,2790,2843,0,NULL,NULL),(5447,2791,2844,0,NULL,NULL),(5448,2782,2845,0,NULL,NULL),(5449,2794,2845,0,NULL,NULL),(5450,2795,2846,0,NULL,NULL),(5451,2796,2846,0,NULL,NULL),(5452,2797,2847,0,NULL,NULL),(5453,2798,2847,0,NULL,NULL),(5454,2799,2848,0,NULL,NULL),(5455,2800,2848,0,NULL,NULL),(5456,2801,2849,0,NULL,NULL),(5457,2802,2849,0,NULL,NULL),(5458,2803,2850,0,NULL,NULL),(5459,2804,2850,0,NULL,NULL),(5460,2805,2851,0,NULL,NULL),(5461,2806,2851,0,NULL,NULL),(5462,2807,2852,0,NULL,NULL),(5463,2808,2852,0,NULL,NULL),(5464,2809,2853,0,NULL,NULL),(5465,2810,2853,0,NULL,NULL),(5466,2811,2854,0,NULL,NULL),(5467,2812,2854,0,NULL,NULL),(5468,2813,2855,0,NULL,NULL),(5469,2814,2855,0,NULL,NULL),(5470,2815,2856,0,NULL,NULL),(5471,2816,2856,0,NULL,NULL),(5472,2817,2857,0,NULL,NULL),(5473,2818,2857,0,NULL,NULL),(5474,2819,2858,0,NULL,NULL),(5475,2820,2858,0,NULL,NULL),(5476,2821,2859,0,NULL,NULL),(5477,2822,2859,0,NULL,NULL),(5478,2823,2860,0,NULL,NULL),(5479,2824,2860,0,NULL,NULL),(5480,2825,2861,0,NULL,NULL),(5481,2826,2861,0,NULL,NULL),(5482,2827,2862,0,NULL,NULL),(5483,2828,2862,0,NULL,NULL),(5484,2829,2863,0,NULL,NULL),(5485,2830,2863,0,NULL,NULL),(5486,2831,2864,0,NULL,NULL),(5487,2832,2864,0,NULL,NULL),(5490,2834,2865,0,NULL,NULL),(5843,3988,3807,0,NULL,NULL),(5844,3989,3807,0,NULL,NULL),(5845,3996,3808,0,NULL,NULL),(5846,3990,3809,0,NULL,NULL),(5847,3991,3809,0,NULL,NULL),(5848,3997,3813,0,NULL,NULL),(5849,3998,3813,0,NULL,NULL),(5850,4000,3814,0,NULL,NULL),(5851,4002,3815,0,NULL,NULL),(5852,4004,3816,0,NULL,NULL),(5853,4005,3817,0,NULL,NULL),(5854,4006,3817,0,NULL,NULL),(5855,4007,3818,0,NULL,NULL),(5856,4008,3818,0,NULL,NULL),(5858,4010,3819,0,NULL,NULL),(5859,4011,3820,0,NULL,NULL),(5860,4012,3820,0,NULL,NULL),(5861,4013,3821,0,NULL,NULL),(5862,4014,3821,0,NULL,NULL),(5863,4016,3822,0,NULL,NULL),(5864,4018,3823,0,NULL,NULL),(5865,4019,2783,0,NULL,NULL),(5866,4020,2784,0,NULL,NULL),(5867,4021,2787,0,NULL,NULL),(5868,4022,2788,0,NULL,NULL),(5869,4023,2823,0,NULL,NULL),(5874,4028,2800,0,NULL,NULL),(5875,3993,3811,0,NULL,NULL),(5876,3992,3811,0,NULL,NULL),(5877,3994,3812,0,NULL,NULL),(5878,3995,3812,0,NULL,NULL),(5880,4009,3819,0,NULL,NULL),(5881,2673,3824,0,NULL,NULL),(5882,2652,3824,0,NULL,NULL),(5884,2654,3824,0,NULL,NULL),(5885,2651,3824,0,NULL,NULL),(5886,2666,3825,0,NULL,NULL),(5887,2653,3824,0,NULL,NULL),(5888,2655,3826,0,NULL,NULL),(5889,2656,3826,0,NULL,NULL),(5890,2657,3826,0,NULL,NULL),(5891,2658,3826,0,NULL,NULL),(5892,2661,3827,0,NULL,NULL),(5893,2662,3827,0,NULL,NULL),(5894,2659,3827,0,NULL,NULL),(5895,2660,3827,0,NULL,NULL),(5896,2663,3825,0,NULL,NULL),(5897,2664,3825,0,NULL,NULL),(5898,2665,3825,0,NULL,NULL),(5899,2690,2786,0,NULL,NULL),(5900,2691,2786,0,NULL,NULL),(5901,2686,3828,0,NULL,NULL),(5904,2687,3828,0,NULL,NULL),(5907,2690,3829,0,NULL,NULL),(5908,2691,3829,0,NULL,NULL),(5911,2718,3830,0,NULL,NULL),(5912,2717,3830,0,NULL,NULL),(5915,2721,3831,0,NULL,NULL),(5916,2722,3831,0,NULL,NULL),(5917,2729,3832,0,NULL,NULL),(5918,2726,3832,0,NULL,NULL),(5919,2725,3833,0,NULL,NULL),(5920,2730,3833,0,NULL,NULL),(5921,2731,3834,0,NULL,NULL),(5922,2732,3834,0,NULL,NULL),(5923,2733,3835,0,NULL,NULL),(5924,2734,3835,0,NULL,NULL),(5925,4032,2825,0,NULL,NULL),(5926,4033,2826,0,NULL,NULL),(5927,4034,2827,0,NULL,NULL),(5928,4035,2828,0,NULL,NULL),(5929,4036,2829,0,NULL,NULL),(5930,4037,2830,0,NULL,NULL),(5931,4038,2831,0,NULL,NULL),(5932,4039,2832,0,NULL,NULL),(5933,4040,2833,0,NULL,NULL),(5934,4041,2834,0,NULL,NULL),(5935,2833,2835,0,NULL,NULL),(5936,2783,2835,0,NULL,NULL),(5937,2833,2836,0,NULL,NULL),(5938,2785,2837,0,NULL,NULL),(5939,2784,2838,0,NULL,NULL),(5940,2784,2839,0,NULL,NULL),(5941,2785,2839,0,NULL,NULL),(5942,2784,2840,0,NULL,NULL),(5943,2785,2840,0,NULL,NULL),(5944,2784,2841,0,NULL,NULL),(5945,2785,2841,0,NULL,NULL),(5946,4049,2842,0,NULL,NULL),(5947,2789,2843,0,NULL,NULL),(5948,4049,2843,0,NULL,NULL),(5949,2789,2844,0,NULL,NULL),(5950,4049,2844,0,NULL,NULL),(5951,4053,3836,0,NULL,NULL),(5952,4056,3836,0,NULL,NULL),(5953,4052,3837,0,NULL,NULL),(5954,4057,3837,0,NULL,NULL),(5955,4054,3838,0,NULL,NULL),(5956,4058,3838,0,NULL,NULL),(5957,4055,3839,0,NULL,NULL),(5958,4059,3839,0,NULL,NULL),(5959,4060,3840,0,NULL,NULL),(5960,4061,3840,0,NULL,NULL),(5961,4062,3841,0,NULL,NULL),(5962,4063,3841,0,NULL,NULL),(5963,4062,3842,0,NULL,NULL),(5964,4063,3842,0,NULL,NULL),(5965,4064,3843,0,NULL,NULL),(5966,4065,3843,0,NULL,NULL),(5967,4064,3844,0,NULL,NULL),(5968,4065,3844,0,NULL,NULL),(5969,4066,3845,0,NULL,NULL),(5970,4067,3845,0,NULL,NULL),(5971,4068,3846,0,NULL,NULL),(5972,4069,3846,0,NULL,NULL),(5973,4070,3847,0,NULL,NULL),(5974,4071,3847,0,NULL,NULL),(5975,4072,3848,0,NULL,NULL),(5976,4073,3848,0,NULL,NULL),(5977,4074,3849,0,NULL,NULL),(5978,4075,3849,0,NULL,NULL),(5979,4077,3850,0,NULL,NULL),(5980,4078,3851,0,NULL,NULL),(5981,4079,3852,0,NULL,NULL),(5982,4080,3853,0,NULL,NULL),(5983,2681,3854,0,NULL,NULL),(5984,2678,3854,0,NULL,NULL),(5985,2699,3855,0,NULL,NULL),(5986,2700,3855,0,NULL,NULL),(5987,2655,3856,0,NULL,NULL),(5988,2656,3856,0,NULL,NULL),(5989,2657,3856,0,NULL,NULL),(5990,2658,3856,0,NULL,NULL),(5991,2652,3857,0,NULL,NULL),(5993,2653,3857,0,NULL,NULL),(5994,2654,3857,0,NULL,NULL),(5995,2651,3857,0,NULL,NULL),(5996,2661,3858,0,NULL,NULL),(5997,2662,3858,0,NULL,NULL),(5998,2659,3858,0,NULL,NULL),(5999,2660,3858,0,NULL,NULL),(6000,2666,3859,0,NULL,NULL),(6001,2663,3859,0,NULL,NULL),(6002,2664,3859,0,NULL,NULL),(6003,2665,3859,0,NULL,NULL),(6004,4081,3860,0,NULL,NULL),(6005,4082,3860,0,NULL,NULL),(6006,4083,3860,0,NULL,NULL),(6007,4084,3860,0,NULL,NULL),(6008,4086,3861,0,NULL,NULL),(6009,4087,3861,0,NULL,NULL),(6010,4088,3861,0,NULL,NULL),(6011,4089,3861,0,NULL,NULL),(6013,2652,3862,0,NULL,NULL),(6014,2686,3862,0,NULL,NULL),(6015,4091,3862,0,NULL,NULL),(6016,4092,3862,0,NULL,NULL),(6017,4093,3862,0,NULL,NULL),(6018,4094,3862,0,NULL,NULL),(6019,4096,3863,0,NULL,NULL),(6020,4097,3863,0,NULL,NULL),(6021,4098,3863,0,NULL,NULL),(6022,4099,3863,0,NULL,NULL),(6023,4101,3864,0,NULL,NULL),(6024,4102,3864,0,NULL,NULL),(6025,4103,3865,0,NULL,NULL),(6026,4104,3865,0,NULL,NULL),(6027,4105,3866,0,NULL,NULL),(6028,4106,3866,0,NULL,NULL),(6029,4109,3867,0,NULL,NULL),(6030,4110,3867,0,NULL,NULL),(6031,4107,3868,0,NULL,NULL),(6032,4108,3868,0,NULL,NULL),(6033,4113,3869,0,NULL,NULL),(6034,4114,3869,0,NULL,NULL),(6035,4111,3870,0,NULL,NULL),(6036,4112,3870,0,NULL,NULL),(6037,4115,3871,0,NULL,NULL),(6038,4116,3871,0,NULL,NULL),(6039,4117,3872,0,NULL,NULL),(6040,4118,3872,0,NULL,NULL),(6041,4119,3873,0,NULL,NULL),(6042,4120,3873,0,NULL,NULL),(6043,4123,3874,0,NULL,NULL),(6044,4124,3874,0,NULL,NULL),(6045,4125,3875,0,NULL,NULL),(6046,4126,3875,0,NULL,NULL),(6047,4127,3876,0,NULL,NULL),(6048,4128,3876,0,NULL,NULL),(6049,4129,3877,0,NULL,NULL),(6050,4130,3877,0,NULL,NULL),(6051,4131,3878,0,NULL,NULL),(6052,4132,3878,0,NULL,NULL),(6053,4133,3879,0,NULL,NULL),(6054,4134,3879,0,NULL,NULL),(6055,4135,3880,0,NULL,NULL),(6056,4136,3880,0,NULL,NULL),(6057,4137,3881,0,NULL,NULL),(6058,4138,3881,0,NULL,NULL),(6059,4139,3882,0,NULL,NULL),(6060,4140,3882,0,NULL,NULL),(6061,4141,3883,0,NULL,NULL),(6062,4142,3883,0,NULL,NULL),(6063,4143,3884,0,NULL,NULL),(6064,4144,3884,0,NULL,NULL),(6065,4145,3885,0,NULL,NULL),(6066,4146,3885,0,NULL,NULL),(6067,4147,3886,0,NULL,NULL),(6068,4148,3886,0,NULL,NULL),(6069,4149,3887,0,NULL,NULL),(6070,4150,3887,0,NULL,NULL),(6071,4151,3888,0,NULL,NULL),(6072,4152,3888,0,NULL,NULL),(6073,4153,3889,0,NULL,NULL),(6074,4154,3889,0,NULL,NULL),(6075,4155,3890,0,NULL,NULL),(6076,4156,3890,0,NULL,NULL),(6077,4157,3891,0,NULL,NULL),(6078,4158,3891,0,NULL,NULL),(6079,4159,3892,0,NULL,NULL),(6080,4160,3892,0,NULL,NULL),(6081,4161,3893,0,NULL,NULL),(6082,4162,3893,0,NULL,NULL),(6083,4168,3895,0,NULL,NULL),(6084,4169,3895,0,NULL,NULL),(6085,4174,3898,0,NULL,NULL),(6086,4175,3898,0,NULL,NULL),(6087,4167,3874,0,NULL,NULL),(6088,4166,3874,0,NULL,NULL),(6089,4121,3894,0,NULL,NULL),(6090,4122,3894,0,NULL,NULL),(6091,4164,3894,0,NULL,NULL),(6092,4165,3894,0,NULL,NULL),(6093,4176,3899,0,NULL,NULL),(6094,4180,3900,0,NULL,NULL),(6095,4181,3901,0,NULL,NULL),(6096,4182,3902,0,NULL,NULL),(6097,4183,3902,0,NULL,NULL),(6098,4187,3904,0,NULL,NULL),(6099,4188,3905,0,NULL,NULL),(6103,4191,2779,0,NULL,NULL),(6104,4189,2777,0,NULL,NULL),(6105,4190,2778,0,NULL,NULL),(6106,4193,3906,0,NULL,NULL),(6107,4194,3906,0,NULL,NULL),(6108,4195,3907,0,NULL,NULL),(6109,4199,3907,0,NULL,NULL),(6110,4196,3907,0,NULL,NULL),(6111,4198,3907,0,NULL,NULL),(6112,4197,3907,0,NULL,NULL),(6114,4199,3908,0,NULL,NULL),(6116,4198,3908,0,NULL,NULL),(6117,4200,3909,0,NULL,NULL),(6118,2719,2794,0,NULL,NULL),(6119,2720,2794,0,NULL,NULL),(6120,2668,2785,0,NULL,NULL),(6121,2669,2785,0,NULL,NULL),(6122,4201,3911,0,NULL,NULL),(6123,4202,3911,0,NULL,NULL),(6125,4205,3911,0,NULL,NULL),(6126,4204,3911,0,NULL,NULL),(6127,4207,3912,0,NULL,NULL),(6129,4209,3912,0,NULL,NULL),(6130,4210,3912,0,NULL,NULL),(6131,4211,3912,0,NULL,NULL),(6132,4214,3913,0,NULL,NULL),(6133,4215,3913,0,NULL,NULL),(6134,4216,3913,0,NULL,NULL),(6135,4217,3913,0,NULL,NULL),(6136,4219,3914,0,NULL,NULL),(6137,4220,3914,0,NULL,NULL),(6138,4221,3914,0,NULL,NULL),(6139,4223,3914,0,NULL,NULL);




--
