





--
-- Dumping data for table `__userGroups`
--

INSERT INTO `__userGroups` (`id`, `name`, `title`, `application`, `order`, `__groupID`, `__ownerID`) VALUES (1,'onScreenPublishing','OnScreen Publishing','',7,NULL,NULL),(2,'vroomMedia','Vroom Media','',6,NULL,NULL),(3,'developer','Developer','',5,NULL,NULL),(4,'client1','Client 1','',8,NULL,NULL),(5,'client2','Client 2','',9,NULL,NULL),(6,'client3','Client 3','',10,NULL,NULL),(7,'dtgTesting','DTG Testing','',11,NULL,NULL),(8,'allClients','All clients','',15,NULL,NULL),(9,'TPVision','TP Vision','',13,NULL,NULL),(40,'metadataTest1','Metadata test 1','',20,NULL,NULL),(20,'examplecompanyname','Example Company name','',8,NULL,NULL),(17,'Company1','Company1','',14,NULL,NULL),(22,'Company2','Company2','',17,NULL,NULL),(39,'SKDTransportName','SKDTransportTitle','',19,NULL,NULL),(38,'Company3','Company3','',18,NULL,NULL),(41,'','','',21,NULL,NULL);




--
-- Dumping data for table `__usersInGroups`
--

INSERT INTO `__usersInGroups` (`id`, `userID`, `groupID`, `__groupID`, `__ownerID`) VALUES (1,66,3,NULL,NULL),(2,66,1,NULL,NULL),(5,66,2,NULL,NULL),(6,68,2,NULL,NULL),(7,68,3,NULL,NULL),(8,65,4,NULL,NULL),(9,65,5,NULL,NULL),(10,65,6,NULL,NULL),(11,94,4,NULL,NULL),(12,95,4,NULL,NULL),(13,96,4,NULL,NULL),(14,100,6,NULL,NULL),(15,105,6,NULL,NULL),(16,106,6,NULL,NULL),(17,66,4,NULL,NULL),(18,71,4,NULL,NULL),(21,97,5,NULL,NULL),(22,106,8,NULL,NULL),(23,94,8,NULL,NULL),(24,95,8,NULL,NULL),(25,96,8,NULL,NULL),(26,97,8,NULL,NULL),(27,98,8,NULL,NULL),(28,99,8,NULL,NULL),(29,99,5,NULL,NULL),(30,98,5,NULL,NULL),(31,100,8,NULL,NULL),(32,105,8,NULL,NULL),(33,107,7,NULL,NULL),(34,94,9,NULL,NULL),(35,94,10,NULL,NULL),(36,111,9,NULL,NULL),(37,108,7,NULL,NULL),(38,109,7,NULL,NULL),(39,110,7,NULL,NULL),(40,108,12,NULL,NULL),(41,108,13,NULL,NULL),(42,108,14,NULL,NULL),(44,114,13,NULL,NULL),(45,115,9,NULL,NULL),(46,115,16,NULL,NULL),(49,116,12,NULL,NULL),(51,116,17,NULL,NULL),(52,117,17,NULL,NULL),(53,117,8,NULL,NULL),(54,118,18,NULL,NULL),(55,118,19,NULL,NULL),(56,118,20,NULL,NULL),(57,116,8,NULL,NULL),(58,120,21,NULL,NULL),(59,120,22,NULL,NULL),(60,120,8,NULL,NULL),(64,119,24,NULL,NULL),(65,122,25,NULL,NULL),(66,119,26,NULL,NULL),(67,119,8,NULL,NULL),(70,66,7,NULL,NULL),(71,125,27,NULL,NULL),(72,126,28,NULL,NULL),(73,126,8,NULL,NULL),(74,128,30,NULL,NULL),(75,128,8,NULL,NULL),(77,119,17,NULL,NULL),(78,129,31,NULL,NULL),(79,130,32,NULL,NULL),(80,131,33,NULL,NULL),(81,132,34,NULL,NULL),(83,134,36,NULL,NULL),(84,134,8,NULL,NULL),(85,135,37,NULL,NULL),(86,135,8,NULL,NULL),(87,123,36,NULL,NULL),(88,123,37,NULL,NULL),(89,136,38,NULL,NULL),(90,137,38,NULL,NULL),(91,136,8,NULL,NULL),(92,138,39,NULL,NULL),(93,140,39,NULL,NULL),(94,140,8,NULL,NULL),(95,138,8,NULL,NULL),(96,141,39,NULL,NULL),(97,141,8,NULL,NULL),(98,71,40,NULL,NULL),(99,71,41,NULL,NULL),(103,142,41,NULL,NULL);




--
-- Dumping data for table `__usersInApplications`
--





--
-- Dumping data for table `__userTypes`
--

INSERT INTO `__userTypes` (`id`, `label`, `name`, `level`, `application`, `order`, `__groupID`, `__ownerID`) VALUES (4,'Super Admin','superAdmin',4,'',0,NULL,NULL),(3,'Admin','admin',3,'',0,NULL,NULL),(2,'Manager','manager',2,'',0,NULL,NULL),(1,'User','user',1,'',0,NULL,NULL),(5,'Visitor','visitor',0,'',0,NULL,NULL);



-- --------------------------------------------------------------------------------------------------------------------
-- ==============================================================================

